000
CXUS51 KPHI 010915
CF6MPO
PRELIMINARY LOCAL CLIMATOLOGICAL DATA (WS FORM: F-6)
STATION: MOUNT POCONO PA
MONTH: JANUARY
YEAR: 2022
LATITUDE: 41 8 N
LONGITUDE: 75 24 W
TEMPERATURE IN F: :PCPN: SNOW: WIND :SUNSHINE: SKY :PK WND
================================================================================
1 2 3 4 5 6A 6B 7 8 9 10 11 12 13 14 15 16 17 18
12Z AVG MX 2MIN
DY MAX MIN AVG DEP HDD CDD WTR SNW DPTH SPD SPD DIR MIN PSBL S-S WX SPD DR
================================================================================
1 49 43 46 22 19 0 0.34 M M 3.9 13 250 M M 10 12 16 210
2 48 23 36 12 29 0 0.01 M M 12.3 29 320 M M 10 12 38 310
3 23 9 16 -8 49 0 0.00 M M 13.2 24 330 M M 3 30 330
4 30 9 20 -4 45 0 T M M 7.0 16 290 M M 2 21 280
5 35 20 28 5 37 0 0.00 M M 8.3 20 210 M M 2 28 220
6 31 22 27 4 38 0 T M M 10.6 30 270 M M 4 1 39 270
7 23 13 18 -5 47 0 0.27 M M 14.8 29 300 M M 10 1 41 290
8 26 8 17 -6 48 0 0.00 M M 9.7 29 300 M M 1 40 300
9 33 18 26 3 39 0 0.18 M M 11.2 24 270 M M 10 16 31 280
10 30 11 21 -2 44 0 0.02 M M 15.6 28 300 M M 7 19 40 300
11 11 -1 5 -18 60 0 0.00 M M 11.4 25 310 M M 3 9 37 320
12 29 8 19 -3 46 0 0.00 M M 9.8 22 220 M M 2 30 210
13 40 24 32 10 33 0 0.00 M M 3.9 10 290 M M 5 14 280
14 34 6 20 -2 45 0 0.00 M M 17.5 33 320 M M 4 40 330
15 9 -3 3 -19 62 0 0.00 M M 13.7 25 310 M M 1 37 320
16 24 -7 9 -13 56 0 0.30 M M 8.2 18 70 M M 4 1 31 80
17 31 22 27 5 38 0 1.10 M M 17.3 32 280 M M 10 16 42 280
18 27 8 18 -4 47 0 0.01 M M 16.5 38 300 M M 5 19 49 290
19 38 13 26 4 39 0 0.00 M M 12.2 24 220 M M 3 30 230
20 37 6 22 0 43 0 0.02 M M 15.4 25 320 M M 5 1 34 310
21 17 -3 7 -15 58 0 0.00 M M 9.3 17 340 M M 0 22 330
22 20 -9 6 -16 59 0 0.00 M M 4.7 13 230 M M 1 16 230
23 24 12 18 -4 47 0 0.04 M M 7.0 21 270 M M 8 1 27 270
24 23 8 16 -6 49 0 T M M 7.1 18 320 M M 7 1 21 320
25 29 12 21 -1 44 0 T M M 9.3 18 260 M M 8 1 22 260
26 17 -6 6 -16 59 0 T M M 6.8 18 320 M M 3 24 320
27 21 -9 6 -16 59 0 0.00 M M 6.6 16 200 M M 2 20 190
28 26 16 21 -1 44 0 0.05 M M 6.8 20 340 M M 10 1 26 330
29 16 2 9 -13 56 0 0.15 M M 22.0 38 310 M M 8 19 49 310
30 17 0 9 -14 56 0 0.00 M M 9.2 22 290 M M 3 29 290
31 24 -3 11 -12 54 0 0.00 M M 3.2 9 120 M M 1 13 110
================================================================================
SM 842 272 1449 0 2.49 M 324.5 M 152
================================================================================
AV 27.2 8.8 10.5 FASTST M M 5 MAX(MPH)
MISC ----> # 38 300 # 49 290
================================================================================
NOTES:
# LAST OF SEVERAL OCCURRENCES
COLUMN 17 PEAK WIND IN M.P.H.
PRELIMINARY LOCAL CLIMATOLOGICAL DATA (WS FORM: F-6) , PAGE 2
STATION: MOUNT POCONO PA
MONTH: JANUARY
YEAR: 2022
LATITUDE: 41 8 N
LONGITUDE: 75 24 W
[TEMPERATURE DATA] [PRECIPITATION DATA] SYMBOLS USED IN COLUMN 16
AVERAGE MONTHLY: 18.0 TOTAL FOR MONTH: 2.49 1 = FOG OR MIST
DPTR FM NORMAL: -4.6 DPTR FM NORMAL: -0.49 2 = FOG REDUCING VISIBILITY
HIGHEST: 49 ON 1 GRTST 24HR 1.95 ON 16-17 TO 1/4 MILE OR LESS
LOWEST: -9 ON 27,22 3 = THUNDER
SNOW, ICE PELLETS, HAIL 4 = ICE PELLETS
TOTAL MONTH: M 5 = HAIL
GRTST 24HR M ON M 6 = FREEZING RAIN OR DRIZZLE
GRTST DEPTH: M ON M 7 = DUSTSTORM OR SANDSTORM:
VSBY 1/2 MILE OR LESS
8 = SMOKE OR HAZE
[NO. OF DAYS WITH] [WEATHER - DAYS WITH] 9 = BLOWING SNOW
X = TORNADO
MAX 32 OR BELOW: 23 0.01 INCH OR MORE: 12
MAX 90 OR ABOVE: 0 0.10 INCH OR MORE: 6
MIN 32 OR BELOW: 30 0.50 INCH OR MORE: 1
MIN 0 OR BELOW: 9 1.00 INCH OR MORE: 1
[HDD (BASE 65) ]
TOTAL THIS MO. 1449 CLEAR (SCALE 0-3) 12
DPTR FM NORMAL 136 PTCLDY (SCALE 4-7) 11
TOTAL FM JUL 1 3785 CLOUDY (SCALE 8-10) 8
DPTR FM NORMAL -297
[CDD (BASE 65) ]
TOTAL THIS MO. 0
DPTR FM NORMAL 0 [PRESSURE DATA]
TOTAL FM JAN 1 0 HIGHEST SLP 30.60 ON 8
DPTR FM NORMAL 0 LOWEST SLP 29.01 ON 17
[REMARKS]
#FINAL-01-22#