000
CXUS51 KPHI 010815
CF6MPO
PRELIMINARY LOCAL CLIMATOLOGICAL DATA (WS FORM: F-6)
STATION: MOUNT POCONO PA
MONTH: JULY
YEAR: 2021
LATITUDE: 41 8 N
LONGITUDE: 75 24 W
TEMPERATURE IN F: :PCPN: SNOW: WIND :SUNSHINE: SKY :PK WND
================================================================================
1 2 3 4 5 6A 6B 7 8 9 10 11 12 13 14 15 16 17 18
12Z AVG MX 2MIN
DY MAX MIN AVG DEP HDD CDD WTR SNW DPTH SPD SPD DIR MIN PSBL S-S WX SPD DR
================================================================================
1 71 63 67 0 0 2 0.24 M M 6.3 13 280 M M 8 16 270
2 73 54 64 -3 1 0 0.03 M M 8.1 22 270 M M 5 3 28 280
3 68 53 61 -6 4 0 0.99 M M 4.1 16 290 M M 9 13 20 290
4 74 53 64 -3 1 0 0.00 M M 6.9 14 300 M M 4 1 18 330
5 80 52 66 -2 0 1 0.00 M M 6.8 16 220 M M 2 1 23 220
6 86 65 76 8 0 11 0.34 M M 10.4 36 280 M M 2 138 48 290
7 85 63 74 6 0 9 0.22 M M 6.6 28 140 M M 2 13 36 130
8 77 63 70 2 0 5 1.29 M M 5.0 16 230 M M 6 13 21 230
9 79 64 72 4 0 7 0.45 M M 7.8 16 280 M M 8 13 19 280
10 74 57 66 -2 0 1 0.00 M M 7.4 15 330 M M 6 20 330
11 73 56 65 -3 0 0 0.49 M M 5.1 14 150 M M 5 123 18 150
12 83 65 74 6 0 9 0.53 M M 5.5 14 270 M M 8 123 20 270
13 69 64 67 -1 0 2 0.17 M M 6.9 16 320 M M 10 123 20 340
14 80 63 72 4 0 7 0.17 M M 6.6 18 250 M M 6 123 23 250
15 81 60 71 3 0 6 0.01 M M 5.7 14 230 M M 2 18 220
16 85 65 75 7 0 10 0.00 M M 7.5 16 240 M M 2 3 20 270
17 85 64 75 7 0 10 0.41 M M 5.0 20 140 M M 5 13 26 280
18 74 62 68 0 0 3 0.02 M M 9.9 17 310 M M 10 1 23 300
19 80 58 69 1 0 4 T M M 10.6 21 340 M M 4 27 340
20 79 60 70 2 0 5 0.00 M M 6.6 17 350 M M 10 13 22 360
21 74 58 66 -2 0 1 0.00 M M 9.7 20 310 M M 5 25 310
22 72 52 62 -6 3 0 0.00 M M 10.1 20 330 M M 2 26 330
23 75 49 62 -6 3 0 0.00 M M 5.7 16 310 M M 1 21 20
24 77 51 64 -4 1 0 0.00 M M 6.4 14 220 M M 3 19 180
25 82 64 73 5 0 8 0.01 M M 7.5 17 230 M M 7 22 240
26 81 61 71 3 0 6 0.00 M M 5.7 18 280 M M 6 23 330
27 83 58 71 3 0 6 0.89 M M 7.4 28 280 M M 6 13 37 350
28 75 54 65 -3 0 0 T M M 6.7 16 310 M M 3 1 20 310
29 69 53 61 -7 4 0 0.80 M M 6.2 17 330 M M 7 13 23 260
30 72 54 63 -5 2 0 T M M 14.2 24 320 M M 4 32 320
31 69 46 58 -10 7 0 0.00 M M 5.7 14 260 M M 1 18 330
================================================================================
SM 2385 1804 26 113 7.06 M 224.1 M 159
================================================================================
AV 76.9 58.2 7.2 FASTST M M 5 MAX(MPH)
MISC ----> 36 280 48 290
================================================================================
NOTES:
# LAST OF SEVERAL OCCURRENCES
COLUMN 17 PEAK WIND IN M.P.H.
PRELIMINARY LOCAL CLIMATOLOGICAL DATA (WS FORM: F-6) , PAGE 2
STATION: MOUNT POCONO PA
MONTH: JULY
YEAR: 2021
LATITUDE: 41 8 N
LONGITUDE: 75 24 W
[TEMPERATURE DATA] [PRECIPITATION DATA] SYMBOLS USED IN COLUMN 16
AVERAGE MONTHLY: 67.6 TOTAL FOR MONTH: 7.06 1 = FOG OR MIST
DPTR FM NORMAL: -0.3 DPTR FM NORMAL: 2.33 2 = FOG REDUCING VISIBILITY
HIGHEST: 86 ON 6 GRTST 24HR 1.67 ON 8- 9 TO 1/4 MILE OR LESS
LOWEST: 46 ON 31 3 = THUNDER
SNOW, ICE PELLETS, HAIL 4 = ICE PELLETS
TOTAL MONTH: M 5 = HAIL
GRTST 24HR M ON M 6 = FREEZING RAIN OR DRIZZLE
GRTST DEPTH: M ON M 7 = DUSTSTORM OR SANDSTORM:
VSBY 1/2 MILE OR LESS
8 = SMOKE OR HAZE
[NO. OF DAYS WITH] [WEATHER - DAYS WITH] 9 = BLOWING SNOW
X = TORNADO
MAX 32 OR BELOW: 0 0.01 INCH OR MORE: 17
MAX 90 OR ABOVE: 0 0.10 INCH OR MORE: 13
MIN 32 OR BELOW: 0 0.50 INCH OR MORE: 5
MIN 0 OR BELOW: 0 1.00 INCH OR MORE: 1
[HDD (BASE 65) ]
TOTAL THIS MO. 26 CLEAR (SCALE 0-3) 9
DPTR FM NORMAL -1 PTCLDY (SCALE 4-7) 15
TOTAL FM JUL 1 26 CLOUDY (SCALE 8-10) 7
DPTR FM NORMAL -5
[CDD (BASE 65) ]
TOTAL THIS MO. 113
DPTR FM NORMAL -4 [PRESSURE DATA]
TOTAL FM JAN 1 246 HIGHEST SLP 30.25 ON 13
DPTR FM NORMAL 61 LOWEST SLP 29.73 ON 2
[REMARKS]
#FINAL-07-21#