000
CXUS51 KBTV 010700
CF6MPV
PRELIMINARY LOCAL CLIMATOLOGICAL DATA (WS FORM: F-6)
STATION: MONTPELIER VT
MONTH: JULY
YEAR: 2021
LATITUDE: 44 12 N
LONGITUDE: 72 34 W
TEMPERATURE IN F: :PCPN: SNOW: WIND :SUNSHINE: SKY :PK WND
================================================================================
1 2 3 4 5 6A 6B 7 8 9 10 11 12 13 14 15 16 17 18
12Z AVG MX 2MIN
DY MAX MIN AVG DEP HDD CDD WTR SNW DPTH SPD SPD DIR MIN PSBL S-S WX SPD DR
================================================================================
1 75 63 69 3 0 4 0.03 M M 4.0 12 310 M M 5 16 310
2 65 57 61 -5 4 0 0.80 M M 4.7 9 50 M M 10 1 13 180
3 60 55 58 -8 7 0 0.48 M M 2.0 7 40 M M 10 1 10 20
4 70 55 63 -3 2 0 0.04 M M 2.6 12 310 M M 10 12 16 300
5 79 52 66 0 0 1 0.00 M M 4.2 12 180 M M 6 1 15 180
6 86 65 76 10 0 11 0.06 M M 5.9 16 330 M M 6 3 22 320
7 71 56 64 -2 1 0 0.01 M M 4.0 14 330 M M 6 12 20 320
8 67 57 62 -4 3 0 0.35 M M 7.1 22 170 M M 10 12 28 170
9 77 60 69 3 0 4 0.73 M M 6.0 20 180 M M 9 1 26 170
10 78 52 65 -2 0 0 T M M 3.6 10 350 M M 1 12 16 50
11 79 50 65 -2 0 0 0.00 M M 2.1 12 220 M M 3 12 14 310
12 79 63 71 4 0 6 T M M 4.3 12 180 M M 4 17 170
13 71 64 68 1 0 3 0.56 M M 7.7 17 170 M M 10 1 22 170
14 81 65 73 6 0 8 0.11 M M 7.3 18 180 M M 6 13 24 170
15 85 62 74 7 0 9 0.00 M M 4.3 14 170 M M 3 128 17 200
16 80 64 72 5 0 7 T M M 7.1 16 310 M M 3 24 250
17 71 61 66 -1 0 1 0.46 M M 1.2 8 100 M M 7 1 11 110
18 69 60 65 -2 0 0 1.19 M M 3.0 8 30 M M 10 18 11 50
19 73 61 67 0 0 2 0.19 M M 2.6 9 310 M M 7 1 12 360
20 81 59 70 3 0 5 0.30 M M 2.2 22 310 M M 4 1238 34 340
21 67 55 61 -6 4 0 T M M 5.4 15 310 M M 9 12 17 330
22 76 52 64 -3 1 0 0.00 M M 4.3 15 330 M M 4 128 20 310
23 77 55 66 -1 0 1 0.05 M M 3.4 14 360 M M 4 18 350
24 81 51 66 -1 0 1 0.00 M M 4.0 14 170 M M 3 12 19 170
25 82 61 72 5 0 7 0.52 M M 6.0 18 150 M M 5 13 24 170
26 82 60 71 4 0 6 M M M 3.7 13 260 M M 5 128 18 270
27 77 57 67 0 0 2 0.34 M M 3.3 13 330 M M 5 1 19 320
28 73 51 62 -5 3 0 0.00 M M 3.5 12 10 M M 5 1 15 360
29 72 50 61 -6 4 0 0.11 M M 1.8 14 160 M M 8 12 17 200
30 66 57 62 -4 3 0 0.36 M M 8.7 23 310 M M 8 12 31 290
31 70 54 62 -4 3 0 0.00 M M 7.3 17 310 M M 2 24 310
================================================================================
SM 2320 1784 35 78 6.69 M 137.3 M 188
================================================================================
AV 74.8 57.5 4.4 FASTST M M 6 MAX(MPH)
MISC ----> 23 310 34 340
================================================================================
NOTES:
# LAST OF SEVERAL OCCURRENCES
COLUMN 17 PEAK WIND IN M.P.H.
PRELIMINARY LOCAL CLIMATOLOGICAL DATA (WS FORM: F-6) , PAGE 2
STATION: MONTPELIER VT
MONTH: JULY
YEAR: 2021
LATITUDE: 44 12 N
LONGITUDE: 72 34 W
[TEMPERATURE DATA] [PRECIPITATION DATA] SYMBOLS USED IN COLUMN 16
AVERAGE MONTHLY: 66.2 TOTAL FOR MONTH: 6.69 1 = FOG OR MIST
DPTR FM NORMAL: -0.3 DPTR FM NORMAL: 2.42 2 = FOG REDUCING VISIBILITY
HIGHEST: 86 ON 6 GRTST 24HR 1.59 ON 17-18 TO 1/4 MILE OR LESS
LOWEST: 50 ON 29,11 3 = THUNDER
SNOW, ICE PELLETS, HAIL 4 = ICE PELLETS
TOTAL MONTH: M 5 = HAIL
GRTST 24HR M ON M 6 = FREEZING RAIN OR DRIZZLE
GRTST DEPTH: M ON M 7 = DUSTSTORM OR SANDSTORM:
VSBY 1/2 MILE OR LESS
8 = SMOKE OR HAZE
[NO. OF DAYS WITH] [WEATHER - DAYS WITH] 9 = BLOWING SNOW
X = TORNADO
MAX 32 OR BELOW: 0 0.01 INCH OR MORE: 19
MAX 90 OR ABOVE: 0 0.10 INCH OR MORE: 14
MIN 32 OR BELOW: 0 0.50 INCH OR MORE: 5
MIN 0 OR BELOW: 0 1.00 INCH OR MORE: 1
[HDD (BASE 65) ]
TOTAL THIS MO. 35 CLEAR (SCALE 0-3) 5
DPTR FM NORMAL -8 PTCLDY (SCALE 4-7) 16
TOTAL FM JUL 1 35 CLOUDY (SCALE 8-10) 10
DPTR FM NORMAL -4
[CDD (BASE 65) ]
TOTAL THIS MO. 78
DPTR FM NORMAL -13 [PRESSURE DATA]
TOTAL FM JAN 1 255 HIGHEST SLP M ON M
DPTR FM NORMAL 114 LOWEST SLP 29.73 ON 30
[REMARKS]
#FINAL-07-21#