000
CXUS53 KMPX 031743
CF6MPX
PRELIMINARY LOCAL CLIMATOLOGICAL DATA (WS FORM: F-6)
STATION: CHANHASSEN MN
MONTH: MARCH
YEAR: 2023
LATITUDE: 44 50 N
LONGITUDE: 93 34 W
TEMPERATURE IN F: :PCPN: SNOW: WIND :SUNSHINE: SKY :PK WND
================================================================================
1 2 3 4 5 6A 6B 7 8 9 10 11 12 13 14 15 16 17 18
12Z AVG MX 2MIN
DY MAX MIN AVG DEP HDD CDD WTR SNW DPTH SPD SPD DIR MIN PSBL S-S WX SPD DR
================================================================================
1 36 22 29 5 36 0 0.11 0.8 11 M M M M M M M M
2 26 12 19 -5 46 0 0.00 0.0 10 M M M M M M M M
3 39 22 31 6 34 0 0.00 0.0 10 M M M M M M M M
4 35 20 28 3 37 0 0.00 0.0 10 M M M M M M M M
5 39 12 26 0 39 0 0.48 6.6 10 M M M M M M M M
6 36 28 32 6 33 0 0.04 0.1 15 M M M M M M M M
7 38 24 31 4 34 0 0.00 0.0 13 M M M M M M M M
8 34 30 32 5 33 0 0.13 1.4 12 M M M M M M M M
9 32 28 30 2 35 0 0.30 3.4 13 M M M M M M M M
10 32 26 29 1 36 0 0.06 0.6 16 M M M M M M M M
11 31 27 29 1 36 0 0.18 1.9 14 M M M M M M M M
12 31 21 26 -3 39 0 0.05 0.9 17 M M M M M M M M
13 28 9 19 -11 46 0 T T 17 M M M M M M M M
14 31 2 17 -13 48 0 0.00 0.0 16 M M M M M M M M
15 44 28 36 6 29 0 0.00 0.0 15 M M M M M M M M
16 44 14 29 -2 36 0 0.25 0.9 12 M M M M M M M M
17 14 4 9 -23 56 0 T 0.2 12 M M M M M M M M
18 24 5 15 -17 50 0 T 0.1 11 M M M M M M M M
19 40 2 21 -11 44 0 0.00 0.0 11 M M M M M M M M
20 38 21 30 -3 35 0 0.00 0.0 11 M M M M M M M M
21 40 22 31 -2 34 0 0.17 0.0 11 M M M M M M M M
22 37 25 31 -3 34 0 0.02 0.0 9 M M M M M M M M
23 35 18 27 -7 38 0 0.00 0.0 9 M M M M M M M M
24 41 12 27 -8 38 0 0.00 0.0 9 M M M M M M M M
25 42 28 35 0 30 0 0.00 0.0 8 M M M M M M M M
26 39 21 30 -6 35 0 0.00 0.0 7 M M M M M M M M
27 36 19 28 -8 37 0 0.00 0.0 6 M M M M M M M M
28 32 11 22 -15 43 0 T T 6 M M M M M M M M
29 24 6 15 -22 50 0 0.00 0.0 5 M M M M M M M M
30 35 8 22 -16 43 0 0.04 T 5 M M M M M M M M
31 35 28 32 -6 33 0 1.49 4.0 4 M M M M M M M M
================================================================================
SM 1068 555 1197 0 3.32 20.9 M M M
================================================================================
AV 34.5 17.9 M FASTST M M M MAX(MPH)
MISC ----> M M M M
================================================================================
NOTES:
# LAST OF SEVERAL OCCURRENCES
COLUMN 17 PEAK WIND IN M.P.H.
PRELIMINARY LOCAL CLIMATOLOGICAL DATA (WS FORM: F-6) , PAGE 2
STATION: CHANHASSEN MN
MONTH: MARCH
YEAR: 2023
LATITUDE: 44 50 N
LONGITUDE: 93 34 W
[TEMPERATURE DATA] [PRECIPITATION DATA] SYMBOLS USED IN COLUMN 16
AVERAGE MONTHLY: 26.2 TOTAL FOR MONTH: 3.32 1 = FOG OR MIST
DPTR FM NORMAL: -4.8 DPTR FM NORMAL: 1.76 2 = FOG REDUCING VISIBILITY
HIGHEST: 44 ON 16,15 GRTST 24HR 1.49 ON 31-31 TO 1/4 MILE OR LESS
LOWEST: 2 ON 19,14 3 = THUNDER
SNOW, ICE PELLETS, HAIL 4 = ICE PELLETS
TOTAL MONTH: 21.0 INCHES 5 = HAIL
GRTST 24HR 6.6 ON 5- 5 6 = FREEZING RAIN OR DRIZZLE
GRTST DEPTH: 17 ON 13,12 7 = DUSTSTORM OR SANDSTORM:
VSBY 1/2 MILE OR LESS
8 = SMOKE OR HAZE
[NO. OF DAYS WITH] [WEATHER - DAYS WITH] 9 = BLOWING SNOW
X = TORNADO
MAX 32 OR BELOW: 11 0.01 INCH OR MORE: 13
MAX 90 OR ABOVE: 0 0.10 INCH OR MORE: 8
MIN 32 OR BELOW: 31 0.50 INCH OR MORE: 1
MIN 0 OR BELOW: 0 1.00 INCH OR MORE: 1
[HDD (BASE 65) ]
TOTAL THIS MO. 1197 CLEAR (SCALE 0-3) 0
DPTR FM NORMAL 141 PTCLDY (SCALE 4-7) 0
TOTAL FM JUL 1 7078 CLOUDY (SCALE 8-10) 31
DPTR FM NORMAL 14
[CDD (BASE 65) ]
TOTAL THIS MO. 0
DPTR FM NORMAL 0 [PRESSURE DATA]
TOTAL FM JAN 1 0 HIGHEST SLP M ON M
DPTR FM NORMAL 0 LOWEST SLP M ON M
[REMARKS]
#FINAL-03-23#
PRECIP ON MARCH 31ST WAS CALCULATED USING COCORAHS STATION
MN-CV-14.