000
CXUS53 KMQT 011000
CF6MQT
PRELIMINARY LOCAL CLIMATOLOGICAL DATA (WS FORM: F-6)
STATION: MARQUETTE MI
MONTH: JANUARY
YEAR: 2022
LATITUDE: 46 31 N
LONGITUDE: 87 33 W
TEMPERATURE IN F: :PCPN: SNOW: WIND :SUNSHINE: SKY :PK WND
================================================================================
1 2 3 4 5 6A 6B 7 8 9 10 11 12 13 14 15 16 17 18
12Z AVG MX 2MIN
DY MAX MIN AVG DEP HDD CDD WTR SNW DPTH SPD SPD DIR MIN PSBL S-S WX SPD DR
================================================================================
1 13 6 10 -6 55 0 0.01 0.6 9 M M M M M M 22 315
2 15 -6 5 -11 60 0 T 0.1 8 M M M M M M 16 315
3 22 -4 9 -7 56 0 T T 8 M M M M M M 22 180
4 25 16 21 5 44 0 0.03 0.3 8 M M M M M M 11 180
5 27 13 20 4 45 0 1.24 15.4 10 M M M M M M 9 30 0
6 13 11 12 -4 53 0 0.43 8.8 23 M M M M M M 26 45
7 14 4 9 -6 56 0 0.13 2.3 26 M M M M M M 21 225
8 20 8 14 -1 51 0 0.01 0.2 22 M M M M M M 9 40 180
9 23 -2 11 -4 54 0 0.02 0.6 19 M M M M M M 9 39 270
10 2 -8 -3 -18 68 0 0.02 0.4 17 M M M M M M 9 30 315
11 18 -2 8 -7 57 0 T T 16 M M M M M M 9 35 225
12 25 13 19 4 46 0 0.01 0.4 16 M M M M M M 26 315
13 28 11 20 6 45 0 0.05 1.8 16 M M M M M M 6 25 360
14 11 5 8 -6 57 0 0.14 3.3 16 M M M M M M 19 45
15 13 -2 6 -8 59 0 0.03 0.7 18 M M M M M M 21 225
16 18 7 13 -1 52 0 0.08 1.5 17 M M M M M M 30 225
17 22 18 20 6 45 0 0.02 0.4 17 M M M M M M 23 310
18 30 11 21 7 44 0 0.23 3.5 16 M M M M M M 6 23 270
19 30 3 17 3 48 0 0.08 1.6 19 M M M M M M 69 37 270
20 9 -9 0 -14 65 0 0.01 0.2 18 M M M M M M 19 315
21 17 -16 1 -13 64 0 0.01 0.1 18 M M M M M M 9 33 180
22 15 6 11 -3 54 0 0.04 0.7 17 M M M M M M 9 38 270
23 11 0 6 -7 59 0 T 0.2 17 M M M M M M 20 270
24 14 1 8 -5 57 0 0.01 0.5 16 M M M M M M 21 315
25 6 -10 -2 -15 67 0 T 0.1 17 M M M M M M 17 270
26 9 -17 -4 -17 69 0 T T 17 M M M M M M 34 180
27 20 7 14 1 51 0 0.11 2.2 16 M M M M M M 69 29 225
28 14 -5 5 -8 60 0 T T 18 M M M M M M 15 315
29 14 -14 0 -13 65 0 0.02 1.3 17 M M M M M M 15 180
30 20 0 10 -3 55 0 0.03 2.3 19 M M M M M M 16 45
31 29 0 15 2 50 0 T T 19 M M M M M M 35 180
================================================================================
SM 547 45 1711 0 2.76 49.5 M M M
================================================================================
AV 17.6 1.5 M FASTST M M M MAX(MPH)
MISC ----> M M 40 180
================================================================================
NOTES:
# LAST OF SEVERAL OCCURRENCES
COLUMN 17 PEAK WIND IN M.P.H.
PRELIMINARY LOCAL CLIMATOLOGICAL DATA (WS FORM: F-6) , PAGE 2
STATION: MARQUETTE MI
MONTH: JANUARY
YEAR: 2022
LATITUDE: 46 31 N
LONGITUDE: 87 33 W
[TEMPERATURE DATA] [PRECIPITATION DATA] SYMBOLS USED IN COLUMN 16
AVERAGE MONTHLY: 9.5 TOTAL FOR MONTH: 2.76 1 = FOG OR MIST
DPTR FM NORMAL: -4.8 DPTR FM NORMAL: 0.43 2 = FOG REDUCING VISIBILITY
HIGHEST: 30 ON 19,18 GRTST 24HR 1.24 ON 5- 5 TO 1/4 MILE OR LESS
LOWEST: -17 ON 26 3 = THUNDER
SNOW, ICE PELLETS, HAIL 4 = ICE PELLETS
TOTAL MONTH: 50.2 INCHES 5 = HAIL
GRTST 24HR 15.4 ON 5- 5 6 = FREEZING RAIN OR DRIZZLE
GRTST DEPTH: 26 ON 7 7 = DUSTSTORM OR SANDSTORM:
VSBY 1/2 MILE OR LESS
8 = SMOKE OR HAZE
[NO. OF DAYS WITH] [WEATHER - DAYS WITH] 9 = BLOWING SNOW
X = TORNADO
MAX 32 OR BELOW: 31 0.01 INCH OR MORE: 23
MAX 90 OR ABOVE: 0 0.10 INCH OR MORE: 6
MIN 32 OR BELOW: 31 0.50 INCH OR MORE: 1
MIN 0 OR BELOW: 15 1.00 INCH OR MORE: 1
[HDD (BASE 65) ]
TOTAL THIS MO. 1711 CLEAR (SCALE 0-3) 0
DPTR FM NORMAL 141 PTCLDY (SCALE 4-7) 0
TOTAL FM JUL 1 4738 CLOUDY (SCALE 8-10) 31
DPTR FM NORMAL -390
[CDD (BASE 65) ]
TOTAL THIS MO. 0
DPTR FM NORMAL 0 [PRESSURE DATA]
TOTAL FM JAN 1 0 HIGHEST SLP M ON M
DPTR FM NORMAL 0 LOWEST SLP M ON M
[REMARKS]
#FINAL-01-22#