000
CXUS51 KLWX 010815
CF6MRB
PRELIMINARY LOCAL CLIMATOLOGICAL DATA (WS FORM: F-6)
STATION: MARTINSBURG WV
MONTH: SEPTEMBER
YEAR: 2022
LATITUDE: 39 24 N
LONGITUDE: 77 58 W
TEMPERATURE IN F: :PCPN: SNOW: WIND :SUNSHINE: SKY :PK WND
================================================================================
1 2 3 4 5 6A 6B 7 8 9 10 11 12 13 14 15 16 17 18
12Z AVG MX 2MIN
DY MAX MIN AVG DEP HDD CDD WTR SNW DPTH SPD SPD DIR MIN PSBL S-S WX SPD DR
================================================================================
1 87 60 74 3 0 9 0.00 M M 5.3 14 320 M M 1 21 290
2 84 59 72 1 0 7 0.00 M M 2.6 10 60 M M 0 13 110
3 85 65 75 4 0 10 0.00 M M 3.3 12 150 M M 3 1 16 160
4 87 63 75 4 0 10 0.00 M M 2.9 13 190 M M 2 1 17 150
5 78 69 74 4 0 9 0.31 M M 1.2 9 180 M M 9 1 12 170
6 85 69 77 7 0 12 1.23 M M 5.3 16 350 M M 8 13 21 350
7 72 67 70 0 0 5 0.24 M M 3.3 15 30 M M 10 13 17 30
8 78 60 69 -1 0 4 T M M 4.0 10 30 M M 7 1 16 360
9 82 58 70 1 0 5 0.00 M M 2.1 10 90 M M 3 12 13 100
10 76 55 66 -3 0 1 0.10 M M 2.1 9 180 M M 4 1 13 160
11 78 66 72 4 0 7 0.26 M M 2.5 7 70 M M 9 1 8 70
12 79 68 74 6 0 9 0.54 M M 2.0 18 290 M M 9 12 24 290
13 78 61 70 2 0 5 0.00 M M 7.7 17 280 M M 4 31 320
14 79 52 66 -2 0 1 0.00 M M 4.9 17 280 M M 1 25 340
15 80 55 68 1 0 3 0.00 M M 3.9 14 350 M M 0 21 10
16 79 50 65 -2 0 0 0.00 M M 2.0 13 10 M M 0 1 15 10
17 79 54 67 1 0 2 0.00 M M 2.4 10 150 M M 2 12 13 150
18 82 56 69 3 0 4 0.00 M M 2.0 8 160 M M 1 1 11 140
19 82 59 71 5 0 6 0.00 M M 4.8 13 250 M M 2 1 16 250
20 83 58 71 6 0 6 T M M 4.2 15 300 M M 1 1 24 320
21 83 54 69 4 0 4 0.00 M M 2.9 13 150 M M 0 1 15 160
22 75 56 66 2 0 1 T M M 11.2 24 330 M M 5 37 340
23 67 49 58 -6 7 0 0.00 M M 10.3 21 310 M M 1 31 340
24 68 42 55 -9 10 0 T M M 2.3 10 180 M M 2 13 150
25 73 50 62 -1 3 0 0.42 M M 4.4 21 320 M M 5 13 30 310
26 72 52 62 -1 3 0 T M M 6.4 29 280 M M 4 41 270
27 68 47 58 -4 7 0 0.00 M M 10.8 23 290 M M 3 29 270
28 66 40 53 -9 12 0 0.00 M 0 6.6 16 300 M M 3 21 340
29 67 49 58 -4 7 0 0.00 M 0 7.5 17 40 M M 1 28 350
30 58 47 53 -8 12 0 0.24 M M 7.9 13 20 M M 3 1 18 10
================================================================================
SM 2310 1690 61 120 3.34 M 138.8 M 103
================================================================================
AV 77.0 56.3 4.6 FASTST M M 3 MAX(MPH)
MISC ----> 29 280 41 270
================================================================================
NOTES:
# LAST OF SEVERAL OCCURRENCES
COLUMN 17 PEAK WIND IN M.P.H.
PRELIMINARY LOCAL CLIMATOLOGICAL DATA (WS FORM: F-6) , PAGE 2
STATION: MARTINSBURG WV
MONTH: SEPTEMBER
YEAR: 2022
LATITUDE: 39 24 N
LONGITUDE: 77 58 W
[TEMPERATURE DATA] [PRECIPITATION DATA] SYMBOLS USED IN COLUMN 16
AVERAGE MONTHLY: 66.7 TOTAL FOR MONTH: 3.34 1 = FOG OR MIST
DPTR FM NORMAL: 0.0 DPTR FM NORMAL: -0.69 2 = FOG REDUCING VISIBILITY
HIGHEST: 87 ON 4, 1 GRTST 24HR 1.26 ON 5- 6 TO 1/4 MILE OR LESS
LOWEST: 40 ON 28 3 = THUNDER
SNOW, ICE PELLETS, HAIL 4 = ICE PELLETS
TOTAL MONTH: M 5 = HAIL
GRTST 24HR M ON M 6 = FREEZING RAIN OR DRIZZLE
GRTST DEPTH: 0 7 = DUSTSTORM OR SANDSTORM:
VSBY 1/2 MILE OR LESS
8 = SMOKE OR HAZE
[NO. OF DAYS WITH] [WEATHER - DAYS WITH] 9 = BLOWING SNOW
X = TORNADO
MAX 32 OR BELOW: 0 0.01 INCH OR MORE: 8
MAX 90 OR ABOVE: 0 0.10 INCH OR MORE: 8
MIN 32 OR BELOW: 0 0.50 INCH OR MORE: 2
MIN 0 OR BELOW: 0 1.00 INCH OR MORE: 1
[HDD (BASE 65) ]
TOTAL THIS MO. 61 CLEAR (SCALE 0-3) 18
DPTR FM NORMAL -2 PTCLDY (SCALE 4-7) 8
TOTAL FM JUL 1 61 CLOUDY (SCALE 8-10) 4
DPTR FM NORMAL -4
[CDD (BASE 65) ]
TOTAL THIS MO. 120
DPTR FM NORMAL 6 [PRESSURE DATA]
TOTAL FM JAN 1 1029 HIGHEST SLP 30.41 ON 29
DPTR FM NORMAL 31 LOWEST SLP 29.59 ON 25
[REMARKS]
#FINAL-09-22#