000
CXUS52 KMHX 192027
CF6MRH
PRELIMINARY LOCAL CLIMATOLOGICAL DATA (WS FORM: F-6)
STATION: BEAUFORT/SMITH FIELD NC
MONTH: MARCH
YEAR: 2022
LATITUDE: 34 43 N
LONGITUDE: 76 39 W
TEMPERATURE IN F: :PCPN: SNOW: WIND :SUNSHINE: SKY :PK WND
================================================================================
1 2 3 4 5 6A 6B 7 8 9 10 11 12 13 14 15 16 17 18
12Z AVG MX 2MIN
DY MAX MIN AVG DEP HDD CDD WTR SNW DPTH SPD SPD DIR MIN PSBL S-S WX SPD DR
================================================================================
1 68 46 57 6 8 0 0.00 0.0 0 7.1 15 50 M M 0 20 50
2 69 46 58 7 7 0 0.00 0.0 0 7.9 17 220 M M 0 12 19 220
3 70 52 61 10 4 0 0.00 0.0 0 11.4 20 30 M M 0 27 30
4 59 47 53 2 12 0 0.00 0.0 0 13.4 24 50 M M 5 32 30
5 72 47 60 8 5 0 0.00 0.0 0 8.6 17 180 M M 5 22 180
6 74 63 69 17 0 4 0.00 0.0 0 13.8 20 200 M M 4 26 200
7 75 64 70 18 0 5 0.00 0.0 0 16.3 24 220 M M 3 33 220
8 67 53 60 8 5 0 0.02 0.0 0 12.3 21 220 M M 10 1 28 220
9 69 51 60 8 5 0 0.38 0.0 0 11.0 25 340 M M 9 12 30 340
10 55 48 52 0 13 0 0.12 0.0 0 11.0 20 20 M M 10 1 26 20
11 64 47 56 3 9 0 0.28 0.0 0 4.7 10 10 M M 10 1 14 360
12 72 33 53 0 12 0 0.18 0.0 0 22.6 46 220 M M 6 18 62 230
13 48 29 39 -14 26 0 0.00 0.0 0 11.6 24 310 M M 0 29 310
14 59 39 49 -4 16 0 0.00 0.0 0 5.8 13 210 M M 0 16 250
15 69 41 55 1 10 0 0.00 0.0 0 4.4 12 230 M M 3 14 180
16 70 56 63 9 2 0 0.34 0.0 0 5.9 15 110 M M 8 18 18 110
17 72 58 65 11 0 0 0.02 0.0 0 10.6 22 230 M M 3 27 230
18 71 52 62 8 3 0 0.00 0.0 0 5.3 17 170 M M 0 1 25 170
19 74 64 69 15 0 4 0.00 0.0 0 13.8 24 210 M M 2 31 210
20 70 56 63 8 2 0 0.00 0.0 0 16.0 26 300 M M 1 32 310
21 67 45 56 1 9 0 0.00 0.0 0 8.1 20 360 M M 0 27 20
22 69 47 58 3 7 0 0.00 0.0 0 5.5 13 260 M M 1 16 260
23 75 60 68 12 0 3 0.01 0.0 0 10.9 20 170 M M 7 1 28 160
24 70 61 66 10 0 1 0.89 0.0 0 11.3 22 200 M M 10 1 30 200
25 70 57 64 8 1 0 0.36 0.0 0 14.2 23 220 M M 6 1 29 220
26 64 49 57 1 8 0 0.00 0.0 0 15.3 28 220 M M 2 34 220
27 63 43 53 -4 12 0 0.00 0.0 0 14.4 23 300 M M 0 30 270
28 57 35 46 -11 19 0 0.00 0.0 0 10.4 22 210 M M 0 28 220
29 54 33 44 -13 21 0 0.00 0.0 0 6.8 17 20 M M 1 22 20
30 68 45 57 0 8 0 0.00 0.0 0 8.9 18 190 M M 6 24 190
31 74 63 69 11 0 4 0.02 0.0 0 18.9 32 220 M M 7 18 40 210
================================================================================
SM 2078 1530 224 21 2.62 0.0 338.2 M 119
================================================================================
AV 67.0 49.4 10.9 FASTST M M 4 MAX(MPH)
MISC ----> 46 220 62 230
================================================================================
NOTES:
# LAST OF SEVERAL OCCURRENCES
COLUMN 17 PEAK WIND IN M.P.H.
PRELIMINARY LOCAL CLIMATOLOGICAL DATA (WS FORM: F-6) , PAGE 2
STATION: BEAUFORT/SMITH FIELD NC
MONTH: MARCH
YEAR: 2022
LATITUDE: 34 43 N
LONGITUDE: 76 39 W
[TEMPERATURE DATA] [PRECIPITATION DATA] SYMBOLS USED IN COLUMN 16
AVERAGE MONTHLY: 58.2 TOTAL FOR MONTH: 2.62 1 = FOG OR MIST
DPTR FM NORMAL: 4.2 DPTR FM NORMAL: -0.69 2 = FOG REDUCING VISIBILITY
HIGHEST: 75 ON 23, 7 GRTST 24HR 1.24 ON 24-25 TO 1/4 MILE OR LESS
LOWEST: 29 ON 13 3 = THUNDER
SNOW, ICE PELLETS, HAIL 4 = ICE PELLETS
TOTAL MONTH: 0.0 INCH 5 = HAIL
GRTST 24HR 0.0 6 = FREEZING RAIN OR DRIZZLE
GRTST DEPTH: 0 7 = DUSTSTORM OR SANDSTORM:
VSBY 1/2 MILE OR LESS
8 = SMOKE OR HAZE
[NO. OF DAYS WITH] [WEATHER - DAYS WITH] 9 = BLOWING SNOW
X = TORNADO
MAX 32 OR BELOW: 0 0.01 INCH OR MORE: 11
MAX 90 OR ABOVE: 0 0.10 INCH OR MORE: 7
MIN 32 OR BELOW: 1 0.50 INCH OR MORE: 1
MIN 0 OR BELOW: 0 1.00 INCH OR MORE: 0
[HDD (BASE 65) ]
TOTAL THIS MO. 224 CLEAR (SCALE 0-3) 16
DPTR FM NORMAL -124 PTCLDY (SCALE 4-7) 10
TOTAL FM JUL 1 1860 CLOUDY (SCALE 8-10) 5
DPTR FM NORMAL -364
[CDD (BASE 65) ]
TOTAL THIS MO. 21
DPTR FM NORMAL 15 [PRESSURE DATA]
TOTAL FM JAN 1 27 HIGHEST SLP 30.54 ON 14
DPTR FM NORMAL 20 LOWEST SLP 29.36 ON 12
[REMARKS]
#FINAL-03-22#
4/19: CORRECTED FOR MISSING SNOW DEPTH.