000
CXUS56 KMTR 011528
CF6MRY
PRELIMINARY LOCAL CLIMATOLOGICAL DATA (WS FORM: F-6)
STATION: MONTEREY AIRPORT
MONTH: JANUARY
YEAR: 2021
LATITUDE: 36 34 N
LONGITUDE: 121 51 W
TEMPERATURE IN F: :PCPN: SNOW: WIND :SUNSHINE: SKY :PK WND
================================================================================
1 2 3 4 5 6A 6B 7 8 9 10 11 12 13 14 15 16 17 18
12Z AVG MX 2MIN
DY MAX MIN AVG DEP HDD CDD WTR SNW DPTH SPD SPD DIR MIN PSBL S-S WX SPD DR
================================================================================
1 59 40 50 -1 15 0 0.00 M M 3.4 12 130 M M 1 8 13 130
2 56 45 51 0 14 0 0.13 M M 2.3 10 140 M M 8 18 12 140
3 63 46 55 4 10 0 0.01 M M 3.2 12 230 M M 6 12 13 230
4 64 45 55 4 10 0 0.03 M M 5.3 23 220 M M 7 18 32 230
5 62 41 52 1 13 0 0.00 M M 4.1 12 330 M M 1 12 14 330
6 67 37 52 1 13 0 0.00 M M 4.6 15 120 M M 0 17 120
7 64 44 54 3 11 0 0.00 M M 3.0 13 130 M M 0 8 15 130
8 65 46 56 5 9 0 0.00 M M 4.2 15 140 M M 3 18 17 150
9 60 43 52 1 13 0 0.00 M M 5.7 13 310 M M 0 1 17 320
10 64 40 52 1 13 0 0.00 M M 2.8 15 130 M M 2 128 16 130
11 65 42 54 3 11 0 0.00 M M 4.2 14 310 M M 1 18 18 310
12 63 43 53 2 12 0 0.00 M M 4.6 13 270 M M 2 17 240
13 69 46 58 7 7 0 0.00 M M 4.3 13 130 M M 0 18 15 120
14 79 49 64 13 1 0 0.00 M M 4.4 16 130 M M 0 18 130
15 76 46 61 10 4 0 0.00 M M 4.4 14 330 M M 0 18 340
16 64 48 56 5 9 0 0.00 M M 3.6 13 120 M M 2 128 15 110
17 79 47 63 12 2 0 0.00 M M 4.1 14 120 M M 0 1 19 60
18 78 49 64 13 1 0 0.00 M M 6.3 15 80 M M 1 1 20 60
19 70 49 60 9 5 0 0.00 M M 8.2 21 60 M M 0 30 30
20 68 45 57 6 8 0 0.00 M M 4.9 15 130 M M 0 16 130
21 59 39 49 -2 16 0 0.00 M M 3.8 13 330 M M 2 17 330
22 55 46 51 0 14 0 0.34 M M 7.5 21 280 M M 8 18 29 290
23 55 42 49 -2 16 0 0.09 M M 5.5 12 310 M M 5 1 16 310
24 52 45 49 -2 16 0 0.31 M M 7.3 26 300 M M 10 18 37 310
25 52 46 49 -2 16 0 T M M 18.8 28 300 M M 8 41 310
26 55 38 47 -4 18 0 0.09 M M 8.3 18 170 M M 6 31 150
27 57 46 52 1 13 0 2.97 M M 9.3 29 230 M M 10 1 45 190
28 56 48 52 0 13 0 0.21 M M 4.2 14 210 M M 10 1 20 150
29 56 44 50 -2 15 0 0.19 M M 4.9 13 140 M M 4 1 14 300
30 58 42 50 -2 15 0 0.00 M M 4.4 10 240 M M 5 13 240
31 58 41 50 -2 15 0 0.00 M M 2.9 8 130 M M 1 9 130
================================================================================
SM 1948 1368 348 0 4.37 M 164.5 M 103
================================================================================
AV 62.8 44.1 5.3 FASTST M M 3 MAX(MPH)
MISC ----> 29 230 45 190
================================================================================
NOTES:
# LAST OF SEVERAL OCCURRENCES
COLUMN 17 PEAK WIND IN M.P.H.
PRELIMINARY LOCAL CLIMATOLOGICAL DATA (WS FORM: F-6) , PAGE 2
STATION: MONTEREY AIRPORT
MONTH: JANUARY
YEAR: 2021
LATITUDE: 36 34 N
LONGITUDE: 121 51 W
[TEMPERATURE DATA] [PRECIPITATION DATA] SYMBOLS USED IN COLUMN 16
AVERAGE MONTHLY: 53.5 TOTAL FOR MONTH: 4.37 1 = FOG OR MIST
DPTR FM NORMAL: 2.5 DPTR FM NORMAL: 1.20 2 = FOG REDUCING VISIBILITY
HIGHEST: 79 ON 17,14 GRTST 24HR 2.97 ON 27-27 TO 1/4 MILE OR LESS
LOWEST: 37 ON 6 3 = THUNDER
SNOW, ICE PELLETS, HAIL 4 = ICE PELLETS
TOTAL MONTH: M 5 = HAIL
GRTST 24HR M ON M 6 = FREEZING RAIN OR DRIZZLE
GRTST DEPTH: M ON M 7 = DUSTSTORM OR SANDSTORM:
VSBY 1/2 MILE OR LESS
8 = SMOKE OR HAZE
[NO. OF DAYS WITH] [WEATHER - DAYS WITH] 9 = BLOWING SNOW
X = TORNADO
MAX 32 OR BELOW: 0 0.01 INCH OR MORE: 10
MAX 90 OR ABOVE: 0 0.10 INCH OR MORE: 6
MIN 32 OR BELOW: 0 0.50 INCH OR MORE: 1
MIN 0 OR BELOW: 0 1.00 INCH OR MORE: 1
[HDD (BASE 65) ]
TOTAL THIS MO. 348 CLEAR (SCALE 0-3) 19
DPTR FM NORMAL -86 PTCLDY (SCALE 4-7) 7
TOTAL FM JUL 1 1206 CLOUDY (SCALE 8-10) 5
DPTR FM NORMAL -546
[CDD (BASE 65) ]
TOTAL THIS MO. 0
DPTR FM NORMAL 0 [PRESSURE DATA]
TOTAL FM JAN 1 0 HIGHEST SLP 30.43 ON 13
DPTR FM NORMAL 0 LOWEST SLP 29.73 ON 27
[REMARKS]
#FINAL-01-21#