000
CXUS54 KHUN 032336 CCA
CF6MSL
PRELIMINARY LOCAL CLIMATOLOGICAL DATA (WS FORM: F-6)
STATION: MUSCLE SHOALS
MONTH: FEBRUARY
YEAR: 2020
LATITUDE: 34 45 N
LONGITUDE: 87 37 W
TEMPERATURE IN F: :PCPN: SNOW: WIND :SUNSHINE: SKY :PK WND
================================================================================
1 2 3 4 5 6A 6B 7 8 9 10 11 12 13 14 15 16 17 18
12Z AVG MX 2MIN
DY MAX MIN AVG DEP HDD CDD WTR SNW DPTH SPD SPD DIR MIN PSBL S-S WX SPD DR
================================================================================
1 50 39 45 3 20 0 T 0.0 0 7.3 16 280 M M 9 1 21 280
2 70 35 53 11 12 0 0.00 0.0 0 8.5 21 260 M M 0 28 260
3 74 46 60 17 5 0 0.00 0.0 0 10.8 20 210 M M 0 26 210
4 68 58 63 20 2 0 0.07 0.0 0 11.8 22 200 M M 9 27 200
5 70 58 64 21 1 0 2.29 0.0 0 5.5 22 300 M M 10 13 29 300
6 58 36 47 4 18 0 1.15 T 0 10.2 26 300 M M 10 13 33 280
7 44 34 39 -4 26 0 0.01 T 0 9.1 20 280 M M 7 18 25 300
8 56 35 46 2 19 0 T 0.0 0 5.6 22 280 M M 3 26 300
9 66 33 50 6 15 0 0.01 0.0 0 9.0 21 180 M M 2 3 26 170
10 61 52 57 13 8 0 2.34 0.0 0 6.1 18 160 M M 10 13 24 160
11 59 46 53 9 12 0 1.13 0.0 0 6.3 17 340 M M 10 18 22 340
12 71 44 58 14 7 0 1.52 0.0 0 9.2 39 280 M M 10 18 46 290
13 61 34 48 3 17 0 0.48 0.0 0 10.3 22 310 M M 9 18 28 310
14 44 26 35 -10 30 0 0.00 0.0 0 7.5 15 20 M M 0 19 20
15 58 25 42 -3 23 0 0.00 0.0 0 5.5 12 140 M M 2 15 140
16 61 44 53 8 12 0 0.00 0.0 0 3.7 12 220 M M 8 15 190
17 58 39 49 3 16 0 0.00 0.0 0 5.6 17 170 M M 6 1 22 160
18 63 47 55 9 10 0 0.61 0.0 0 7.2 20 30 M M 10 13 25 30
19 54 43 49 3 16 0 0.00 0.0 0 10.2 16 30 M M 7 21 20
20 48 34 41 -5 24 0 0.69 T 0 10.5 20 20 M M 8 1 26 20
21 46 27 37 -10 28 0 0.00 0.0 0 7.5 15 20 M M 0 27 360
22 56 25 41 -6 24 0 0.00 0.0 0 1.6 8 150 M M 0 11 150
23 58 34 46 -1 19 0 0.02 0.0 0 4.2 13 240 M M 8 16 250
24 60 45 53 5 12 0 0.51 0.0 0 8.3 23 280 M M 10 1 28 290
25 61 44 53 5 12 0 0.00 0.0 0 6.3 15 290 M M 4 18 290
26 49 37 43 -5 22 0 0.07 0.0 0 10.1 26 290 M M 9 1 31 300
27 50 29 40 -8 25 0 T T 0 8.6 17 280 M M 2 4 21 280
28 53 38 46 -3 19 0 T 0.0 0 9.8 23 270 M M 7 27 270
29 58 37 48 -1 17 0 0.00 0.0 0 5.0 13 40 M M 1 16 40
================================================================================
SM 1685 1124 471 0 10.90 T 221.3 M 171
================================================================================
AV 58.1 38.8 7.6 FASTST M M 6 MAX(MPH)
MISC ----> 39 280 46 290
================================================================================
NOTES:
# LAST OF SEVERAL OCCURRENCES
COLUMN 17 PEAK WIND IN M.P.H.
PRELIMINARY LOCAL CLIMATOLOGICAL DATA (WS FORM: F-6) , PAGE 2
STATION: MUSCLE SHOALS
MONTH: FEBRUARY
YEAR: 2020
LATITUDE: 34 45 N
LONGITUDE: 87 37 W
[TEMPERATURE DATA] [PRECIPITATION DATA] SYMBOLS USED IN COLUMN 16
AVERAGE MONTHLY: 48.4 TOTAL FOR MONTH: 10.90 1 = FOG OR MIST
DPTR FM NORMAL: 3.2 DPTR FM NORMAL: 6.24 2 = FOG REDUCING VISIBILITY
HIGHEST: 74 ON 3 GRTST 24HR 2.34 ON 10-10 TO 1/4 MILE OR LESS
LOWEST: 25 ON 22,15 3 = THUNDER
SNOW, ICE PELLETS, HAIL 4 = ICE PELLETS
TOTAL MONTH: T 5 = HAIL
GRTST 24HR T ON 6- 6 6 = FREEZING RAIN OR DRIZZLE
GRTST DEPTH: 0 7 = DUSTSTORM OR SANDSTORM:
VSBY 1/2 MILE OR LESS
8 = SMOKE OR HAZE
[NO. OF DAYS WITH] [WEATHER - DAYS WITH] 9 = BLOWING SNOW
X = TORNADO
MAX 32 OR BELOW: 0 0.01 INCH OR MORE: 14
MAX 90 OR ABOVE: 0 0.10 INCH OR MORE: 9
MIN 32 OR BELOW: 5 0.50 INCH OR MORE: 8
MIN 0 OR BELOW: 0 1.00 INCH OR MORE: 5
[HDD (BASE 65) ]
TOTAL THIS MO. 471 CLEAR (SCALE 0-3) 10
DPTR FM NORMAL -84 PTCLDY (SCALE 4-7) 6
TOTAL FM JUL 1 2033 CLOUDY (SCALE 8-10) 13
DPTR FM NORMAL -534
[CDD (BASE 65) ]
TOTAL THIS MO. 0
DPTR FM NORMAL -1 [PRESSURE DATA]
TOTAL FM JAN 1 1 HIGHEST SLP 30.65 ON 21
DPTR FM NORMAL 0 LOWEST SLP 29.45 ON 6
[REMARKS]
DUE TO A GAUGE MALFUNCTION...PRECIPITATION DATA FOR FEBRUARY 5TH AND
FEBRUARY 10TH THROUGH THE 29TH WERE TAKEN FROM THE MUSCLE SHOALS
REGIONAL CLIMATE REFERENCE NETWORK SITE (MSXA1, STATION ID=1366) AT
TVA, WHICH IS LOCATED APPROXIMATELY 3.4 MILES NORTHWEST OF THE
MUSCLE SHOALS ASOS (KMSL).
#FINAL-02-20#