000
CXUS53 KMKX 031137
CF6MSN
PRELIMINARY LOCAL CLIMATOLOGICAL DATA (WS FORM: F-6)
STATION: MADISON WI
MONTH: MARCH
YEAR: 2022
LATITUDE: 43 7 N
LONGITUDE: 89 20 W
TEMPERATURE IN F: :PCPN: SNOW: WIND :SUNSHINE: SKY :PK WND
================================================================================
1 2 3 4 5 6A 6B 7 8 9 10 11 12 13 14 15 16 17 18
12Z AVG MX 2MIN
DY MAX MIN AVG DEP HDD CDD WTR SNW DPTH SPD SPD DIR MIN PSBL S-S WX SPD DR
================================================================================
1 49 31 40 12 25 0 0.00 0.0 1 4.2 12 350 M M 7 15 340
2 46 26 36 7 29 0 T 0.0 0 6.5 16 360 M M 8 18 21 360
3 32 22 27 -2 38 0 0.00 0.0 0 6.0 16 20 M M 6 22 20
4 39 21 30 0 35 0 0.00 0.0 0 8.2 18 120 M M 6 25 110
5 54 34 44 14 21 0 1.20 0.0 0 7.3 21 250 M M 9 13 38 250
6 52 31 42 12 23 0 0.00 0.0 0 9.7 23 240 M M 9 42 210
7 32 18 25 -6 40 0 0.27 4.2 2 7.5 16 320 M M 8 1 25 330
8 36 11 24 -7 41 0 0.00 0.0 2 5.8 16 200 M M 1 1 23 210
9 33 21 27 -5 38 0 0.00 0.0 1 6.6 15 310 M M 3 25 300
10 22 12 17 -15 48 0 0.00 0.0 0 4.8 13 10 M M 7 19 320
11 27 9 18 -14 47 0 T T 0 8.5 22 300 M M 2 32 310
12 21 4 13 -20 52 0 0.00 0.0 0 8.7 16 310 M M 2 25 310
13 49 21 35 2 30 0 T 0.1 T 6.9 16 190 M M 5 26 220
14 54 32 43 9 22 0 0.00 0.0 0 6.8 16 50 M M 8 21 30
15 53 28 41 7 24 0 0.00 0.0 0 3.5 10 30 M M 4 18 12 20
16 66 30 48 14 17 0 0.00 0.0 0 6.1 17 210 M M 4 18 36 230
17 53 36 45 10 20 0 0.13 0.0 0 2.8 13 360 M M 7 1 17 360
18 43 32 38 3 27 0 0.56 0.1 T 15.4 24 30 M M 10 1 33 30
19 47 28 38 2 27 0 0.08 0.3 T 7.3 16 360 M M 8 1 24 340
20 62 25 44 8 21 0 0.00 0.0 0 2.9 12 190 M M 4 18 150
21 75 33 54 18 11 0 0.00 0.0 0 6.6 24 70 M M 7 29 60
22 48 42 45 8 20 0 0.43 0.0 0 14.4 26 110 M M 8 1 38 110
23 43 35 39 2 26 0 0.55 0.0 0 9.0 22 10 M M 10 1 29 20
24 37 32 35 -3 30 0 0.20 0.2 0 5.8 13 10 M M 10 14 16 340
25 42 31 37 -1 28 0 0.01 0.2 0 9.3 23 330 M M 9 1 35 340
26 31 22 27 -11 38 0 T T 0 11.8 23 330 M M 7 38 320
27 32 18 25 -14 40 0 0.00 0.0 0 8.7 20 360 M M 1 27 20
28 36 14 25 -14 40 0 0.00 0.0 0 5.5 15 130 M M 4 18 140
29 40 26 33 -7 32 0 T 0.0 0 15.4 25 140 M M 9 34 140
30 53 35 44 4 21 0 0.87 0.0 0 8.5 23 100 M M 10 13 27 100
31 35 28 32 -8 33 0 0.37 1.9 1 10.2 17 340 M M 10 1 28 340
================================================================================
SM 1342 788 944 0 4.67 7.0 240.7 M 203
================================================================================
AV 43.3 25.4 7.8 FASTST M M 7 MAX(MPH)
MISC ----> 26 110 42 210
================================================================================
NOTES:
# LAST OF SEVERAL OCCURRENCES
COLUMN 17 PEAK WIND IN M.P.H.
PRELIMINARY LOCAL CLIMATOLOGICAL DATA (WS FORM: F-6) , PAGE 2
STATION: MADISON WI
MONTH: MARCH
YEAR: 2022
LATITUDE: 43 7 N
LONGITUDE: 89 20 W
[TEMPERATURE DATA] [PRECIPITATION DATA] SYMBOLS USED IN COLUMN 16
AVERAGE MONTHLY: 34.4 TOTAL FOR MONTH: 4.67 1 = FOG OR MIST
DPTR FM NORMAL: 0.0 DPTR FM NORMAL: 2.41 2 = FOG REDUCING VISIBILITY
HIGHEST: 75 ON 21 GRTST 24HR 1.20 ON 5- 5 TO 1/4 MILE OR LESS
LOWEST: 4 ON 12 3 = THUNDER
SNOW, ICE PELLETS, HAIL 4 = ICE PELLETS
TOTAL MONTH: 7.0 INCHES 5 = HAIL
GRTST 24HR 4.2 ON 7- 7 6 = FREEZING RAIN OR DRIZZLE
GRTST DEPTH: 2 ON 8, 7 7 = DUSTSTORM OR SANDSTORM:
VSBY 1/2 MILE OR LESS
8 = SMOKE OR HAZE
[NO. OF DAYS WITH] [WEATHER - DAYS WITH] 9 = BLOWING SNOW
X = TORNADO
MAX 32 OR BELOW: 7 0.01 INCH OR MORE: 11
MAX 90 OR ABOVE: 0 0.10 INCH OR MORE: 9
MIN 32 OR BELOW: 25 0.50 INCH OR MORE: 4
MIN 0 OR BELOW: 0 1.00 INCH OR MORE: 1
[HDD (BASE 65) ]
TOTAL THIS MO. 944 CLEAR (SCALE 0-3) 5
DPTR FM NORMAL -7 PTCLDY (SCALE 4-7) 16
TOTAL FM JUL 1 5983 CLOUDY (SCALE 8-10) 10
DPTR FM NORMAL -296
[CDD (BASE 65) ]
TOTAL THIS MO. 0
DPTR FM NORMAL -1 [PRESSURE DATA]
TOTAL FM JAN 1 0 HIGHEST SLP 30.49 ON 3
DPTR FM NORMAL -1 LOWEST SLP 29.20 ON 31
[REMARKS]
#FINAL-03-22#