000
CXUS55 KMSO 052308
CF6MSO
PRELIMINARY LOCAL CLIMATOLOGICAL DATA (WS FORM: F-6)
STATION: MISSOULA MT
MONTH: JANUARY
YEAR: 2024
LATITUDE: 46 55 N
LONGITUDE: 114 5 W
TEMPERATURE IN F: :PCPN: SNOW: WIND :SUNSHINE: SKY :PK WND
================================================================================
1 2 3 4 5 6A 6B 7 8 9 10 11 12 13 14 15 16 17 18
12Z AVG MX 2MIN
DY MAX MIN AVG DEP HDD CDD WTR SNW DPTH SPD SPD DIR MIN PSBL S-S WX SPD DR
================================================================================
1 31 23 27 4 38 0 T T 0 1.5 8 290 M M 10 12 9 280
2 26 20 23 0 42 0 T T 0 1.3 6 160 M M 9 128 8 130
3 25 18 22 -2 43 0 0.02 0.3 0 1.3 6 130 M M 10 12 7 270
4 31 25 28 4 37 0 0.01 0.2 T 0.4 5 280 M M 10 18 6 240
5 39 23 31 7 34 0 T 0.1 T 4.5 24 260 M M 8 12 31 250
6 37 24 31 7 34 0 T 0.1 T 4.7 13 120 M M 8 15 110
7 34 20 27 3 38 0 T T T 3.3 9 310 M M 9 13 310
8 32 25 29 5 36 0 0.00 0.0 T 3.0 15 260 M M 9 19 250
9 40 26 33 9 32 0 0.03 0.3 0 11.1 28 260 M M 8 1 36 260
10 33 26 30 6 35 0 T T T 4.0 14 280 M M 9 22 270
11 32 1 17 -7 48 0 0.19 3.3 2 10.4 32 310 M M 10 1289 47 290
12 2 -19 -8 -32 73 0 0.02 0.6 2 10.1 17 110 M M 9 8 22 120
13 -10 -22 -16 -40 81 0 0.00 0.0 2 5.3 14 100 M M 2 8 18 100
14 0 -18 -9 -34 74 0 0.02 0.3 2 2.5 13 350 M M 8 8 18 350
15 0 -17 -8 -33 73 0 0.00 0.0 3 1.8 14 360 M M 1 18 20 360
16 8 -8 0 -25 65 0 0.00 0.0 3 1.2 7 120 M M 2 8 9 120
17 18 5 12 -13 53 0 0.22 3.9 3 1.4 9 280 M M 9 18 11 280
18 22 14 18 -7 47 0 0.01 T 7 10.7 28 20 M M 9 18 41 10
19 19 13 16 -9 49 0 0.02 0.4 6 1.6 17 80 M M 10 18 23 80
20 27 18 23 -2 42 0 0.04 T 6 0.0 5 130 M M 10 6 6 160
21 34 23 29 4 36 0 0.01 0.0 5 1.1 7 310 M M 10 18 8 50
22 36 25 31 6 34 0 T 0.0 5 1.0 8 170 M M 10 18 9 160
23 36 23 30 4 35 0 0.00 0.0 2 1.3 7 130 M M 10 128 8 120
24 32 26 29 3 36 0 T 0.0 1 1.6 8 220 M M 10 12 10 230
25 40 26 33 7 32 0 0.00 0.0 1 1.1 7 180 M M 8 1 9 280
26 45 25 35 9 30 0 0.00 0.0 1 1.3 9 250 M M 6 10 120
27 38 22 30 4 35 0 0.01 0.0 1 0.8 6 280 M M 9 7 260
28 40 30 35 9 30 0 0.00 0.0 T 1.2 6 290 M M 10 1 7 280
29 38 28 33 7 32 0 0.00 0.0 T 1.0 7 110 M M 9 12 9 100
30 35 28 32 6 33 0 0.00 0.0 T 1.1 6 280 M M 8 128 7 290
31 47 23 35 9 30 0 0.00 0.0 T 1.7 7 180 M M 5 12 11 140
================================================================================
SM 867 476 1337 0 0.60 9.5 93.3 M 255
================================================================================
AV 28.0 15.4 3.0 FASTST M M 8 MAX(MPH)
MISC ----> 32 310 47 290
================================================================================
NOTES:
# LAST OF SEVERAL OCCURRENCES
COLUMN 17 PEAK WIND IN M.P.H.
PRELIMINARY LOCAL CLIMATOLOGICAL DATA (WS FORM: F-6) , PAGE 2
STATION: MISSOULA MT
MONTH: JANUARY
YEAR: 2024
LATITUDE: 46 55 N
LONGITUDE: 114 5 W
[TEMPERATURE DATA] [PRECIPITATION DATA] SYMBOLS USED IN COLUMN 16
AVERAGE MONTHLY: 21.7 TOTAL FOR MONTH: 0.60 1 = FOG OR MIST
DPTR FM NORMAL: -3.1 DPTR FM NORMAL: -0.36 2 = FOG REDUCING VISIBILITY
HIGHEST: 47 ON 31 GRTST 24HR 0.87 ON 17-18 TO 1/4 MILE OR LESS
LOWEST: -22 ON 13 3 = THUNDER
SNOW, ICE PELLETS, HAIL 4 = ICE PELLETS
TOTAL MONTH: 9.5 INCHES 5 = HAIL
GRTST 24HR 3.9 ON 17-17 6 = FREEZING RAIN OR DRIZZLE
GRTST DEPTH: 7 ON 18 7 = DUSTSTORM OR SANDSTORM:
VSBY 1/2 MILE OR LESS
8 = SMOKE OR HAZE
[NO. OF DAYS WITH] [WEATHER - DAYS WITH] 9 = BLOWING SNOW
X = TORNADO
MAX 32 OR BELOW: 16 0.01 INCH OR MORE: 12
MAX 90 OR ABOVE: 0 0.10 INCH OR MORE: 2
MIN 32 OR BELOW: 31 0.50 INCH OR MORE: 0
MIN 0 OR BELOW: 5 1.00 INCH OR MORE: 0
[HDD (BASE 65) ]
TOTAL THIS MO. 1337 CLEAR (SCALE 0-3) 3
DPTR FM NORMAL 91 PTCLDY (SCALE 4-7) 5
TOTAL FM JUL 1 4048 CLOUDY (SCALE 8-10) 23
DPTR FM NORMAL -416
[CDD (BASE 65) ]
TOTAL THIS MO. 0
DPTR FM NORMAL 0 [PRESSURE DATA]
TOTAL FM JAN 1 0 HIGHEST SLP 30.85 ON 15
DPTR FM NORMAL 0 LOWEST SLP 29.47 ON 9
[REMARKS]
#FINAL-01-24#