000
CXUS51 KBTV 010700
CF6MSS
PRELIMINARY LOCAL CLIMATOLOGICAL DATA (WS FORM: F-6)
STATION: MASSENA NY
MONTH: JUNE
YEAR: 2021
LATITUDE: 44 55 N
LONGITUDE: 74 51 W
TEMPERATURE IN F: :PCPN: SNOW: WIND :SUNSHINE: SKY :PK WND
================================================================================
1 2 3 4 5 6A 6B 7 8 9 10 11 12 13 14 15 16 17 18
12Z AVG MX 2MIN
DY MAX MIN AVG DEP HDD CDD WTR SNW DPTH SPD SPD DIR MIN PSBL S-S WX SPD DR
================================================================================
1 75 52 64 3 1 0 T M M 10.4 23 220 M M 3 3 30 210
2 81 49 65 4 0 0 0.00 M M 5.8 15 220 M M 2 20 210
3 67 53 60 -1 5 0 0.55 M M 5.0 12 220 M M 7 1 15 250
4 79 61 70 8 0 5 0.00 M M 10.2 21 260 M M 4 1 30 220
5 80 63 72 10 0 7 0.02 M M 9.8 24 220 M M 3 30 230
6 88 67 78 16 0 13 0.00 M M 13.0 28 220 M M 3 36 220
7 90 67 79 16 0 14 0.00 M M 11.9 23 230 M M 0 37 220
8 82 71 77 14 0 12 0.00 M M 11.0 22 210 M M 0 26 220
9 85 53 69 6 0 4 0.00 M M 6.3 17 60 M M 2 1 22 50
10 72 48 60 -3 5 0 0.00 M M 6.1 17 90 M M 0 22 100
11 75 53 64 0 1 0 0.02 M M 4.1 10 230 M M 5 12 230
12 80 46 63 -1 2 0 0.00 M M 2.3 12 350 M M 0 12 16 340
13 83 48 66 2 0 1 T M M 3.8 13 230 M M 2 13 16 180
14 75 59 67 3 0 2 0.58 M M 5.7 18 280 M M 7 13 25 230
15 69 51 60 -5 5 0 0.22 M M 6.0 17 290 M M 8 1 21 290
16 70 48 59 -6 6 0 0.00 M M 9.2 17 300 M M 2 24 270
17 77 47 62 -3 3 0 0.00 M M 9.5 20 230 M M 0 28 230
18 77 55 66 0 0 1 0.37 M M 9.6 24 220 M M 5 13 33 220
19 81 58 70 4 0 5 0.26 M M 8.4 26 270 M M 4 13 35 260
20 82 53 68 2 0 3 0.00 M M 5.3 14 220 M M 1 12 19 230
21 84 60 72 6 0 7 0.74 M M 9.4 28 200 M M 4 138 37 200
22 70 47 59 -8 6 0 0.00 M M 6.4 20 280 M M 8 25 280
23 70 41 56 -11 9 0 0.00 M M 6.3 16 210 M M 2 24 230
24 82 44 63 -4 2 0 0.00 M M 7.4 21 210 M M 0 27 210
25 81 63 72 5 0 7 T M M 5.2 10 180 M M 2 15 190
26 78 64 71 3 0 6 0.43 M M 5.6 18 210 M M 9 1 25 190
27 89 76 83 15 0 18 0.00 M M 16.3 28 230 M M 1 38 220
28 88 72 80 12 0 15 T M M 10.5 20 230 M M 6 3 27 210
29 83 68 76 8 0 11 T M M 4.6 12 330 M M 2 18 230
30 84 60 72 4 0 7 0.70 M M 10.1 21 240 M M 5 13 30 220
================================================================================
SM 2377 1697 45 138 3.89 M 235.2 M 97
================================================================================
AV 79.2 56.6 7.8 FASTST M M 3 MAX(MPH)
MISC ----> # 28 220 38 220
================================================================================
NOTES:
# LAST OF SEVERAL OCCURRENCES
COLUMN 17 PEAK WIND IN M.P.H.
PRELIMINARY LOCAL CLIMATOLOGICAL DATA (WS FORM: F-6) , PAGE 2
STATION: MASSENA NY
MONTH: JUNE
YEAR: 2021
LATITUDE: 44 55 N
LONGITUDE: 74 51 W
[TEMPERATURE DATA] [PRECIPITATION DATA] SYMBOLS USED IN COLUMN 16
AVERAGE MONTHLY: 67.9 TOTAL FOR MONTH: 3.89 1 = FOG OR MIST
DPTR FM NORMAL: 3.1 DPTR FM NORMAL: 0.18 2 = FOG REDUCING VISIBILITY
HIGHEST: 90 ON 7 GRTST 24HR 0.74 ON 21-21 TO 1/4 MILE OR LESS
LOWEST: 41 ON 23 3 = THUNDER
SNOW, ICE PELLETS, HAIL 4 = ICE PELLETS
TOTAL MONTH: M 5 = HAIL
GRTST 24HR M ON M 6 = FREEZING RAIN OR DRIZZLE
GRTST DEPTH: M ON M 7 = DUSTSTORM OR SANDSTORM:
VSBY 1/2 MILE OR LESS
8 = SMOKE OR HAZE
[NO. OF DAYS WITH] [WEATHER - DAYS WITH] 9 = BLOWING SNOW
X = TORNADO
MAX 32 OR BELOW: 0 0.01 INCH OR MORE: 10
MAX 90 OR ABOVE: 1 0.10 INCH OR MORE: 8
MIN 32 OR BELOW: 0 0.50 INCH OR MORE: 4
MIN 0 OR BELOW: 0 1.00 INCH OR MORE: 0
[HDD (BASE 65) ]
TOTAL THIS MO. 45 CLEAR (SCALE 0-3) 16
DPTR FM NORMAL -39 PTCLDY (SCALE 4-7) 12
TOTAL FM JUL 1 6993 CLOUDY (SCALE 8-10) 2
DPTR FM NORMAL -995
[CDD (BASE 65) ]
TOTAL THIS MO. 138
DPTR FM NORMAL 60 [PRESSURE DATA]
TOTAL FM JAN 1 168 HIGHEST SLP M ON M
DPTR FM NORMAL 72 LOWEST SLP 29.38 ON 21
[REMARKS]
#FINAL-06-21#