501
CXUS54 KLIX 010810
CF6MSY
PRELIMINARY LOCAL CLIMATOLOGICAL DATA (WS FORM: F-6)
STATION: NEW ORLEANS
MONTH: AUGUST
YEAR: 2020
LATITUDE: 29 58 N
LONGITUDE: 90 15 W
TEMPERATURE IN F: :PCPN: SNOW: WIND :SUNSHINE: SKY :PK WND
================================================================================
1 2 3 4 5 6A 6B 7 8 9 10 11 12 13 14 15 16 17 18
12Z AVG MX 2MIN
DY MAX MIN AVG DEP HDD CDD WTR SNW DPTH SPD SPD DIR MIN PSBL S-S WX SPD DR
================================================================================
1 95 80 88 5 0 23 0.00 0.0 M 7.0 14 270 M M 6 17 270
2 92 78 85 2 0 20 0.32 0.0 M 3.0 12 120 M M 6 38 15 300
3 96 76 86 3 0 21 0.00 0.0 M 5.1 12 330 M M 3 16 10
4 98 76 87 4 0 22 0.00 0.0 M 5.6 16 270 M M 2 20 260
5 94 76 85 2 0 20 0.00 0.0 M 3.9 13 330 M M 3 19 330
6 92 75 84 1 0 19 0.00 0.0 M 4.4 10 320 M M 3 13 350
7 95 73 84 1 0 19 0.00 0.0 M 4.5 10 330 M M 1 18 14 330
8 92 76 84 1 0 19 0.14 0.0 M 2.9 15 180 M M 4 138 18 190
9 94 75 85 2 0 20 0.02 0.0 M 4.1 17 150 M M 4 3 24 270
10 96 75 86 3 0 21 T 0.0 M 3.7 12 180 M M 4 14 180
11 93 77 85 2 0 20 1.43 0.0 M 4.6 22 80 M M 5 138 27 100
12 93 77 85 2 0 20 0.01 0.0 M 4.4 20 190 M M 7 3 26 200
13 92 76 84 1 0 19 1.27 0.0 M 3.7 20 270 M M 7 13 34 260
14 93 76 85 2 0 20 0.21 0.0 M 4.9 21 220 M M 7 13 24 260
15 95 76 86 3 0 21 0.21 0.0 M 6.1 23 40 M M 5 13 31 30
16 95 74 85 2 0 20 0.07 0.0 M 5.3 32 30 M M 3 3 52 30
17 93 73 83 0 0 18 0.00 0.0 M 4.6 12 360 M M 6 16 360
18 94 78 86 3 0 21 0.00 0.0 M 5.3 12 340 M M 3 14 10
19 95 76 86 3 0 21 0.00 0.0 M 5.3 13 60 M M 5 3 21 200
20 89 74 82 -1 0 17 T 0.0 M 5.5 17 100 M M 6 3 22 100
21 91 73 82 -1 0 17 0.00 0.0 M 4.8 14 150 M M 5 3 18 150
22 92 73 83 0 0 18 0.00 0.0 M 6.6 16 140 M M 3 19 140
23 88 74 81 -2 0 16 0.32 0.0 M 8.5 21 70 M M 5 1 26 70
24 89 79 84 1 0 19 T 0.0 M 11.7 21 60 M M 7 1 29 40
25 93 81 87 4 0 22 0.06 0.0 M 13.8 26 110 M M 8 13 31 110
26 89 81 85 2 0 20 0.02 0.0 M 20.7 31 110 M M 9 3 40 120
27 85 78 82 -1 0 17 0.98 0.0 M 15.0 30 130 M M 9 13 39 130
28 91 77 84 1 0 19 0.89 0.0 M 8.7 18 300 M M 7 13 26 270
29 90 79 85 2 0 20 0.19 0.0 M 3.3 14 280 M M 7 3 16 280
30 85 78 82 -1 0 17 0.13 0.0 M 5.7 20 200 M M 7 25 190
31 92 79 86 3 0 21 0.01 0.0 M 6.2 14 30 M M 6 3 19 240
================================================================================
SM 2861 2369 0 607 6.28 0.0 198.9 M 163
================================================================================
AV 92.3 76.4 6.4 FASTST M M 5 MAX(MPH)
MISC ----> 32 30 52 30
================================================================================
NOTES:
# LAST OF SEVERAL OCCURRENCES
COLUMN 17 PEAK WIND IN M.P.H.
PRELIMINARY LOCAL CLIMATOLOGICAL DATA (WS FORM: F-6) , PAGE 2
STATION: NEW ORLEANS
MONTH: AUGUST
YEAR: 2020
LATITUDE: 29 58 N
LONGITUDE: 90 15 W
[TEMPERATURE DATA] [PRECIPITATION DATA] SYMBOLS USED IN COLUMN 16
AVERAGE MONTHLY: 84.4 TOTAL FOR MONTH: 6.28 1 = FOG OR MIST
DPTR FM NORMAL: 1.1 DPTR FM NORMAL: 0.30 2 = FOG REDUCING VISIBILITY
HIGHEST: 98 ON 4 GRTST 24HR 1.44 ON 11-12 TO 1/4 MILE OR LESS
LOWEST: 73 ON 22,21 3 = THUNDER
SNOW, ICE PELLETS, HAIL 4 = ICE PELLETS
TOTAL MONTH: 0.0 INCH 5 = HAIL
GRTST 24HR 0.0 6 = FREEZING RAIN OR DRIZZLE
GRTST DEPTH: M ON M 7 = DUSTSTORM OR SANDSTORM:
VSBY 1/2 MILE OR LESS
8 = SMOKE OR HAZE
[NO. OF DAYS WITH] [WEATHER - DAYS WITH] 9 = BLOWING SNOW
X = TORNADO
MAX 32 OR BELOW: 0 0.01 INCH OR MORE: 17
MAX 90 OR ABOVE: 25 0.10 INCH OR MORE: 11
MIN 32 OR BELOW: 0 0.50 INCH OR MORE: 4
MIN 0 OR BELOW: 0 1.00 INCH OR MORE: 2
[HDD (BASE 65) ]
TOTAL THIS MO. 0 CLEAR (SCALE 0-3) 8
DPTR FM NORMAL 0 PTCLDY (SCALE 4-7) 21
TOTAL FM JUL 1 0 CLOUDY (SCALE 8-10) 2
DPTR FM NORMAL 0
[CDD (BASE 65) ]
TOTAL THIS MO. 607
DPTR FM NORMAL 41 [PRESSURE DATA]
TOTAL FM JAN 1 2852 HIGHEST SLP M ON M
DPTR FM NORMAL 606 LOWEST SLP 29.78 ON 20
[REMARKS]
#FINAL-08-20#