069
CXUS55 KGJT 011010
CF6MTJ
PRELIMINARY LOCAL CLIMATOLOGICAL DATA (WS FORM: F-6)
STATION: MONTROSE CO
MONTH: FEBRUARY
YEAR: 2021
LATITUDE: 38 30 N
LONGITUDE: 107 53 W
TEMPERATURE IN F: :PCPN: SNOW: WIND :SUNSHINE: SKY :PK WND
================================================================================
1 2 3 4 5 6A 6B 7 8 9 10 11 12 13 14 15 16 17 18
12Z AVG MX 2MIN
DY MAX MIN AVG DEP HDD CDD WTR SNW DPTH SPD SPD DIR MIN PSBL S-S WX SPD DR
================================================================================
1 38 23 31 2 34 0 0.00 M M 4.5 10 360 M M 3 13 350
2 52 30 41 12 24 0 0.00 M M 3.5 12 160 M M 6 13 130
3 57 31 44 15 21 0 0.01 M M 11.8 31 320 M M 7 18 47 320
4 36 21 29 -1 36 0 T M M 7.0 16 280 M M 2 1 20 280
5 37 19 28 -2 37 0 T M M 6.6 16 280 M M 5 23 310
6 46 21 34 4 31 0 0.00 M M 7.5 20 240 M M 1 8 26 240
7 54 21 38 8 27 0 0.00 M M 6.3 23 260 M M 0 29 250
8 55 23 39 8 26 0 0.00 M M 8.3 24 290 M M 1 32 270
9 50 39 45 14 20 0 0.00 M M 6.5 23 230 M M 10 31 230
10 45 28 37 6 28 0 0.05 M M 3.5 9 310 M M 9 1 13 320
11 51 24 38 7 27 0 0.00 M M 4.7 12 340 M M 2 15 330
12 48 36 42 10 23 0 T M M 5.9 17 270 M M 10 23 250
13 43 29 36 4 29 0 0.23 M M 5.5 20 160 M M 9 1 25 160
14 32 10 21 -11 44 0 0.30 M M 8.3 21 320 M M 10 128 26 310
15 27 6 17 -15 48 0 T M M 2.5 8 150 M M 7 1 9 160
16 30 20 25 -8 40 0 0.08 M M 3.7 12 170 M M 9 1 15 300
17 32 21 27 -6 38 0 0.05 M M 1.8 10 280 M M 8 18 14 290
18 30 8 19 -14 46 0 0.00 M M 4.9 15 150 M M 4 16 140
19 38 10 24 -10 41 0 0.00 M M 4.6 12 160 M M 6 14 140
20 46 19 33 -1 32 0 0.00 M M 7.4 29 310 M M 3 40 300
21 37 21 29 -5 36 0 0.00 M M 5.2 13 140 M M 2 17 300
22 44 19 32 -3 33 0 0.00 M M 5.7 12 140 M M 0 13 150
23 50 22 36 1 29 0 0.00 M M 6.3 12 140 M M 0 13 320
24 50 23 37 2 28 0 0.00 M M 7.1 18 230 M M 1 25 240
25 41 26 34 -2 31 0 0.00 M M 4.9 13 150 M M 3 15 150
26 45 21 33 -3 32 0 0.00 M M 7.3 22 210 M M 0 31 220
27 38 20 29 -7 36 0 T M M 8.3 21 260 M M 7 8 31 260
28 35 14 25 -11 40 0 0.00 M M 6.2 13 310 M M 0 16 300
================================================================================
SM 1187 605 917 0 0.72 M 165.8 M 125
================================================================================
AV 42.4 21.6 5.9 FASTST M M 4 MAX(MPH)
MISC ----> 31 320 47 320
================================================================================
NOTES:
# LAST OF SEVERAL OCCURRENCES
COLUMN 17 PEAK WIND IN M.P.H.
PRELIMINARY LOCAL CLIMATOLOGICAL DATA (WS FORM: F-6) , PAGE 2
STATION: MONTROSE CO
MONTH: FEBRUARY
YEAR: 2021
LATITUDE: 38 30 N
LONGITUDE: 107 53 W
[TEMPERATURE DATA] [PRECIPITATION DATA] SYMBOLS USED IN COLUMN 16
AVERAGE MONTHLY: 32.0 TOTAL FOR MONTH: 0.72 1 = FOG OR MIST
DPTR FM NORMAL: -0.5 DPTR FM NORMAL: 0.14 2 = FOG REDUCING VISIBILITY
HIGHEST: 57 ON 3 GRTST 24HR 0.53 ON 13-14 TO 1/4 MILE OR LESS
LOWEST: 6 ON 15 3 = THUNDER
SNOW, ICE PELLETS, HAIL 4 = ICE PELLETS
TOTAL MONTH: M 5 = HAIL
GRTST 24HR M ON M 6 = FREEZING RAIN OR DRIZZLE
GRTST DEPTH: M ON M 7 = DUSTSTORM OR SANDSTORM:
VSBY 1/2 MILE OR LESS
8 = SMOKE OR HAZE
[NO. OF DAYS WITH] [WEATHER - DAYS WITH] 9 = BLOWING SNOW
X = TORNADO
MAX 32 OR BELOW: 5 0.01 INCH OR MORE: 6
MAX 90 OR ABOVE: 0 0.10 INCH OR MORE: 2
MIN 32 OR BELOW: 26 0.50 INCH OR MORE: 0
MIN 0 OR BELOW: 0 1.00 INCH OR MORE: 0
[HDD (BASE 65) ]
TOTAL THIS MO. 917 CLEAR (SCALE 0-3) 12
DPTR FM NORMAL 7 PTCLDY (SCALE 4-7) 9
TOTAL FM JUL 1 4554 CLOUDY (SCALE 8-10) 7
DPTR FM NORMAL -161
[CDD (BASE 65) ]
TOTAL THIS MO. 0
DPTR FM NORMAL 0 [PRESSURE DATA]
TOTAL FM JAN 1 0 HIGHEST SLP 30.42 ON 28
DPTR FM NORMAL 0 LOWEST SLP 29.60 ON 27
[REMARKS]
#FINAL-02-21#