000
CXUS54 KLZK 011230
CF6MWT
PRELIMINARY LOCAL CLIMATOLOGICAL DATA (WS FORM: F-6)
STATION: MOUNT IDA
MONTH: SEPTEMBER
YEAR: 2022
LATITUDE: 34 32 N
LONGITUDE: 93 35 W
TEMPERATURE IN F: :PCPN: SNOW: WIND :SUNSHINE: SKY :PK WND
================================================================================
1 2 3 4 5 6A 6B 7 8 9 10 11 12 13 14 15 16 17 18
12Z AVG MX 2MIN
DY MAX MIN AVG DEP HDD CDD WTR SNW DPTH SPD SPD DIR MIN PSBL S-S WX SPD DR
================================================================================
1 92 71 82 4 0 17 0.02 0.0 M 1.7 9 140 M M 5 1 13 90
2 89 68 79 1 0 14 0.25 0.0 M 2.3 9 200 M M 4 1 16 190
3 92 67 80 2 0 15 0.00 0.0 M 2.3 10 330 M M 3 1 19 310
4 93 65 79 2 0 14 0.30 0.0 M 1.1 16 330 M M 3 1 26 330
5 89 68 79 2 0 14 0.01 0.0 M 1.6 13 320 M M 2 1 21 300
6 90 67 79 2 0 14 0.31 0.0 M 1.5 13 180 M M 2 1 20 20
7 91 67 79 3 0 14 0.00 0.0 0 1.6 9 120 M M 4 12 13 100
8 88 62 75 -1 0 10 M 0.0 M 0.9 7 99 M M 2 M M
9 89 59 74 -2 0 9 0.00 0.0 M 1.2 10 140 M M 0 1 14 150
10 87 62 75 0 0 10 0.04 0.0 M 0.5 5 99 M M 5 M M
11 79 58 69 -6 0 4 0.00 0.0 M 2.6 10 310 M M 4 1 17 330
12 85 50 68 -7 0 3 0.00 0.0 M 1.3 8 50 M M 0 14 340
13 89 49 69 -5 0 4 0.00 0.0 M 1.2 9 150 M M 0 14 130
14 88 52 70 -4 0 5 0.00 0.0 M 1.5 14 140 M M 0 18 140
15 88 54 71 -3 0 6 0.00 0.0 M 1.1 9 140 M M 0 15 130
16 90 56 73 0 0 8 0.00 0.0 M 2.0 9 160 M M 0 1 15 200
17 92 60 76 3 0 11 0.00 0.0 M 2.4 10 160 M M 0 18 170
18 94 70 82 9 0 17 0.00 0.0 M 2.4 10 190 M M 0 17 160
19 100 66 83 11 0 18 0.00 0.0 M 1.0 9 160 M M 1 15 140
20 98 66 82 10 0 17 0.00 0.0 M 2.1 9 180 M M 0 15 150
21 101 65 83 11 0 18 0.00 0.0 M 1.7 10 110 M M 0 1 16 120
22 95 64 80 9 0 15 0.00 0.0 0 2.3 13 110 M M 0 18 100
23 91 60 76 5 0 11 0.00 0.0 0 1.8 10 110 M M 1 14 110
24 99 65 82 12 0 17 0.02 0.0 0 1.8 12 250 M M 1 1 17 260
25 98 59 79 9 0 14 0.01 0.0 0 1.2 10 360 M M 1 1 20 300
26 88 50 69 -1 0 4 0.00 0.0 0 2.0 13 320 M M 0 21 330
27 87 45 66 -3 0 1 0.00 0.0 0 0.8 9 100 M M 0 13 90
28 86 49 68 -1 0 3 0.00 0.0 0 2.1 8 110 M M 0 12 110
29 78 47 63 -5 2 0 0.00 0.0 0 2.6 8 360 M M 0 M M
30 82 40 61 -7 4 0 0.00 0.0 0 1.2 9 120 M M 0 13 110
================================================================================
SM 2708 1781 6 307 0.96 0.0 49.8 M 38
================================================================================
AV 90.3 59.4 1.7 FASTST M M 1 MAX(MPH)
MISC ----> 16 330 26 330
================================================================================
NOTES:
# LAST OF SEVERAL OCCURRENCES
COLUMN 17 PEAK WIND IN M.P.H.
PRELIMINARY LOCAL CLIMATOLOGICAL DATA (WS FORM: F-6) , PAGE 2
STATION: MOUNT IDA
MONTH: SEPTEMBER
YEAR: 2022
LATITUDE: 34 32 N
LONGITUDE: 93 35 W
[TEMPERATURE DATA] [PRECIPITATION DATA] SYMBOLS USED IN COLUMN 16
AVERAGE MONTHLY: 74.8 TOTAL FOR MONTH: 0.96 1 = FOG OR MIST
DPTR FM NORMAL: 1.4 DPTR FM NORMAL: -3.18 2 = FOG REDUCING VISIBILITY
HIGHEST: 101 ON 21 GRTST 24HR 0.31 ON 5- 6 TO 1/4 MILE OR LESS
LOWEST: 40 ON 30 3 = THUNDER
SNOW, ICE PELLETS, HAIL 4 = ICE PELLETS
TOTAL MONTH: 0.0 INCH 5 = HAIL
GRTST 24HR 0.0 6 = FREEZING RAIN OR DRIZZLE
GRTST DEPTH: 0 7 = DUSTSTORM OR SANDSTORM:
VSBY 1/2 MILE OR LESS
8 = SMOKE OR HAZE
[NO. OF DAYS WITH] [WEATHER - DAYS WITH] 9 = BLOWING SNOW
X = TORNADO
MAX 32 OR BELOW: 0 0.01 INCH OR MORE: 8
MAX 90 OR ABOVE: 15 0.10 INCH OR MORE: 3
MIN 32 OR BELOW: 0 0.50 INCH OR MORE: 0
MIN 0 OR BELOW: 0 1.00 INCH OR MORE: 0
[HDD (BASE 65) ]
TOTAL THIS MO. 6 CLEAR (SCALE 0-3) 25
DPTR FM NORMAL -7 PTCLDY (SCALE 4-7) 5
TOTAL FM JUL 1 6 CLOUDY (SCALE 8-10) 0
DPTR FM NORMAL -5
[CDD (BASE 65) ]
TOTAL THIS MO. 307
DPTR FM NORMAL 42 [PRESSURE DATA]
TOTAL FM JAN 1 2202 HIGHEST SLP 30.33 ON 29
DPTR FM NORMAL 352 LOWEST SLP 29.76 ON 9
[REMARKS]
#FINAL-09-22#