000
CXUS54 KLZK 011510
CF6MWT
PRELIMINARY LOCAL CLIMATOLOGICAL DATA (WS FORM: F-6)
STATION: MOUNT IDA
MONTH: NOVEMBER
YEAR: 2020
LATITUDE: 34 32 N
LONGITUDE: 93 35 W
TEMPERATURE IN F: :PCPN: SNOW: WIND :SUNSHINE: SKY :PK WND
================================================================================
1 2 3 4 5 6A 6B 7 8 9 10 11 12 13 14 15 16 17 18
12Z AVG MX 2MIN
DY MAX MIN AVG DEP HDD CDD WTR SNW DPTH SPD SPD DIR MIN PSBL S-S WX SPD DR
================================================================================
1 70 37 54 -3 11 0 0.00 0.0 M 2.3 13 340 M M 0 1 20 350
2 66 32 49 -7 16 0 0.00 0.0 0 0.9 7 270 M M 0 10 190
3 77 35 56 0 9 0 0.00 0.0 0 1.4 8 140 M M 0 13 150
4 74 37 56 0 9 0 0.00 0.0 0 1.3 10 200 M M 0 14 180
5 75 47 61 6 4 0 0.00 0.0 0 1.2 9 180 M M 0 1 13 170
6 74 45 60 5 5 0 0.00 0.0 0 1.3 12 140 M M 3 12 16 140
7 77 43 60 5 5 0 0.00 0.0 0 1.3 9 140 M M 4 12 12 140
8 70 57 64 10 1 0 0.02 0.0 0 1.6 9 140 M M 9 12 16 130
9 76 66 71 17 0 6 0.08 0.0 0 5.3 14 140 M M 10 1 22 140
10 77 50 64 11 1 0 T 0.0 0 4.0 13 140 M M 8 23 330
11 69 38 54 1 11 0 0.00 0.0 0 1.5 8 320 M M 0 13 320
12 71 34 53 0 12 0 T M 0 1.3 8 130 M M 2 10 140
13 68 51 60 8 5 0 0.05 0.0 0 1.8 8 140 M M 6 1 12 150
14 73 48 61 9 4 0 0.10 M 0 4.1 14 210 M M 7 26 230
15 73 35 54 3 11 0 T M 0 5.6 21 310 M M 1 34 340
16 71 30 51 0 14 0 0.00 0.0 0 0.4 8 200 M M 0 11 210
17 71 33 52 2 13 0 0.00 0.0 0 1.0 7 60 M M 0 10 140
18 70 32 51 1 14 0 0.00 0.0 0 3.5 12 150 M M 0 17 140
19 73 53 63 13 2 0 0.00 0.0 0 5.6 14 230 M M 0 25 260
20 68 59 64 15 1 0 0.00 0.0 0 2.8 12 210 M M 9 1 21 240
21 74 54 64 15 1 0 0.00 0.0 M 1.0 8 260 M M 7 12 13 270
22 67 38 53 5 12 0 0.15 M M 2.6 12 330 M M 8 1 19 310
23 59 34 47 -1 18 0 0.00 0.0 M 1.9 10 130 M M 3 12 17 140
24 65 37 51 3 14 0 0.59 M M 6.2 15 300 M M 8 1 26 270
25 57 36 47 0 18 0 0.19 M M 3.2 14 270 M M 5 1 24 330
26 65 33 49 2 16 0 T M M 1.7 10 130 M M 5 12 14 140
27 63 42 53 7 12 0 0.00 0.0 M 1.1 7 340 M M 5 1 11 320
28 58 33 46 0 19 0 0.00 0.0 M 1.0 9 90 M M 0 1 14 70
29 48 36 42 -4 23 0 0.60 M M 3.5 17 320 M M 8 1 25 330
30 48 27 38 -7 27 0 0.00 0.0 M 6.4 16 330 M M 0 27 330
================================================================================
SM 2047 1232 308 6 1.78 0.0 76.8 M 108
================================================================================
AV 68.2 41.1 2.6 FASTST M M 4 MAX(MPH)
MISC ----> 21 310 34 340
================================================================================
NOTES:
# LAST OF SEVERAL OCCURRENCES
COLUMN 17 PEAK WIND IN M.P.H.
PRELIMINARY LOCAL CLIMATOLOGICAL DATA (WS FORM: F-6) , PAGE 2
STATION: MOUNT IDA
MONTH: NOVEMBER
YEAR: 2020
LATITUDE: 34 32 N
LONGITUDE: 93 35 W
[TEMPERATURE DATA] [PRECIPITATION DATA] SYMBOLS USED IN COLUMN 16
AVERAGE MONTHLY: 54.7 TOTAL FOR MONTH: 1.78 1 = FOG OR MIST
DPTR FM NORMAL: 3.6 DPTR FM NORMAL: -3.86 2 = FOG REDUCING VISIBILITY
HIGHEST: 77 ON 3,10 GRTST 24HR 0.78 ON 24-25 TO 1/4 MILE OR LESS
LOWEST: 27 ON 30 3 = THUNDER
SNOW, ICE PELLETS, HAIL 4 = ICE PELLETS
TOTAL MONTH: 0.0 INCH 5 = HAIL
GRTST 24HR 0.0 6 = FREEZING RAIN OR DRIZZLE
GRTST DEPTH: 0 7 = DUSTSTORM OR SANDSTORM:
VSBY 1/2 MILE OR LESS
8 = SMOKE OR HAZE
[NO. OF DAYS WITH] [WEATHER - DAYS WITH] 9 = BLOWING SNOW
X = TORNADO
MAX 32 OR BELOW: 0 0.01 INCH OR MORE: 8
MAX 90 OR ABOVE: 0 0.10 INCH OR MORE: 5
MIN 32 OR BELOW: 4 0.50 INCH OR MORE: 2
MIN 0 OR BELOW: 0 1.00 INCH OR MORE: 0
[HDD (BASE 65) ]
TOTAL THIS MO. 308 CLEAR (SCALE 0-3) 15
DPTR FM NORMAL -116 PTCLDY (SCALE 4-7) 9
TOTAL FM JUL 1 504 CLOUDY (SCALE 8-10) 6
DPTR FM NORMAL -112
[CDD (BASE 65) ]
TOTAL THIS MO. 6
DPTR FM NORMAL 0 [PRESSURE DATA]
TOTAL FM JAN 1 1774 HIGHEST SLP 30.57 ON 2
DPTR FM NORMAL 37 LOWEST SLP 29.69 ON 14
[REMARKS]
#FINAL-11-20#