000
CXUS56 KSGX 011245
CF6MYF
PRELIMINARY LOCAL CLIMATOLOGICAL DATA (WS FORM: F-6)
STATION: SAN DIEGO/MONTGOMERY FLD CA
MONTH: JULY
YEAR: 2020
LATITUDE: 32 49 N
LONGITUDE: 117 9 W
TEMPERATURE IN F: :PCPN: SNOW: WIND :SUNSHINE: SKY :PK WND
================================================================================
1 2 3 4 5 6A 6B 7 8 9 10 11 12 13 14 15 16 17 18
12Z AVG MX 2MIN
DY MAX MIN AVG DEP HDD CDD WTR SNW DPTH SPD SPD DIR MIN PSBL S-S WX SPD DR
================================================================================
1 73 64 69 0 0 4 0.00 0.0 0 5.9 14 240 M M 8 17 270
2 78 64 71 1 0 6 0.00 0.0 0 5.4 13 240 M M 4 17 270
3 82 62 72 2 0 7 0.00 0.0 0 6.3 13 280 M M 1 18 310
4 83 65 74 4 0 9 0.00 0.0 0 5.8 14 220 M M 2 1 17 220
5 89 64 77 7 0 12 0.00 0.0 0 4.6 13 230 M M 0 16 240
6 85 63 74 4 0 9 0.00 0.0 0 4.2 12 250 M M 1 128 17 240
7 80 66 73 3 0 8 0.00 0.0 0 4.9 14 250 M M 3 18 17 220
8 78 63 71 1 0 6 0.00 0.0 0 5.6 13 250 M M 3 8 17 230
9 78 62 70 -1 0 5 0.00 0.0 0 5.2 10 220 M M 3 8 17 240
10 88 66 77 6 0 12 0.00 0.0 0 5.0 12 230 M M 2 8 16 270
11 90 69 80 9 0 15 0.00 0.0 0 4.9 14 300 M M 1 1 18 300
12 93 69 81 10 0 16 0.00 0.0 0 4.8 13 310 M M 0 18 17 260
13 84 68 76 5 0 11 0.00 0.0 0 6.0 13 260 M M 3 18 18 230
14 80 67 74 3 0 9 0.00 0.0 0 5.4 14 230 M M 5 18 260
15 78 67 73 2 0 8 0.00 0.0 0 6.1 14 240 M M 3 18 310
16 80 67 74 3 0 9 0.00 0.0 0 5.4 14 260 M M 5 19 260
17 81 67 74 2 0 9 0.00 0.0 0 6.6 13 290 M M 4 22 280
18 81 67 74 2 0 9 0.00 0.0 0 7.8 13 310 M M 4 20 300
19 80 66 73 1 0 8 0.00 0.0 0 8.0 15 290 M M 3 18 19 310
20 79 66 73 1 0 8 0.00 0.0 0 6.1 13 240 M M 4 17 210
21 80 66 73 1 0 8 0.00 0.0 0 6.0 13 240 M M 5 17 240
22 76 66 71 -1 0 6 0.00 0.0 0 5.7 14 300 M M 8 19 290
23 76 65 71 -1 0 6 0.00 0.0 0 6.0 14 240 M M 5 17 240
24 77 65 71 -1 0 6 0.00 0.0 0 4.9 12 230 M M 5 18 250
25 79 66 73 1 0 8 0.00 0.0 0 6.3 15 240 M M 4 20 240
26 80 66 73 1 0 8 0.00 0.0 0 6.5 14 310 M M 4 19 300
27 80 65 73 1 0 8 0.00 0.0 0 6.3 14 280 M M 6 18 24 300
28 77 64 71 -1 0 6 0.00 0.0 0 6.2 13 300 M M 5 18 19 310
29 80 65 73 1 0 8 0.00 0.0 0 6.6 13 290 M M 4 8 16 300
30 80 65 73 1 0 8 0.00 0.0 0 7.9 14 340 M M 4 18 18 280
31 89 66 78 6 0 13 0.00 0.0 0 7.4 12 340 M M 0 16 300
================================================================================
SM 2514 2031 0 265 0.00 0.0 183.8 M 109
================================================================================
AV 81.1 65.5 5.9 FASTST M M 4 MAX(MPH)
MISC ----> # 15 290 # 24 300
================================================================================
NOTES:
# LAST OF SEVERAL OCCURRENCES
COLUMN 17 PEAK WIND IN M.P.H.
PRELIMINARY LOCAL CLIMATOLOGICAL DATA (WS FORM: F-6) , PAGE 2
STATION: SAN DIEGO/MONTGOMERY FLD CA
MONTH: JULY
YEAR: 2020
LATITUDE: 32 49 N
LONGITUDE: 117 9 W
[TEMPERATURE DATA] [PRECIPITATION DATA] SYMBOLS USED IN COLUMN 16
AVERAGE MONTHLY: 73.3 TOTAL FOR MONTH: 0.00 1 = FOG OR MIST
DPTR FM NORMAL: 2.1 DPTR FM NORMAL: -0.06 2 = FOG REDUCING VISIBILITY
HIGHEST: 93 ON 12 GRTST 24HR 0.00 ON 31-31 TO 1/4 MILE OR LESS
LOWEST: 62 ON 9, 3 3 = THUNDER
SNOW, ICE PELLETS, HAIL 4 = ICE PELLETS
TOTAL MONTH: 0.0 INCH 5 = HAIL
GRTST 24HR 0.0 6 = FREEZING RAIN OR DRIZZLE
GRTST DEPTH: 0 7 = DUSTSTORM OR SANDSTORM:
VSBY 1/2 MILE OR LESS
8 = SMOKE OR HAZE
[NO. OF DAYS WITH] [WEATHER - DAYS WITH] 9 = BLOWING SNOW
X = TORNADO
MAX 32 OR BELOW: 0 0.01 INCH OR MORE: 0
MAX 90 OR ABOVE: 2 0.10 INCH OR MORE: 0
MIN 32 OR BELOW: 0 0.50 INCH OR MORE: 0
MIN 0 OR BELOW: 0 1.00 INCH OR MORE: 0
[HDD (BASE 65) ]
TOTAL THIS MO. 0 CLEAR (SCALE 0-3) 11
DPTR FM NORMAL -1 PTCLDY (SCALE 4-7) 20
TOTAL FM JUL 1 0 CLOUDY (SCALE 8-10) 0
DPTR FM NORMAL -1
[CDD (BASE 65) ]
TOTAL THIS MO. 265
DPTR FM NORMAL 72 [PRESSURE DATA]
TOTAL FM JAN 1 588 HIGHEST SLP M ON M
DPTR FM NORMAL 277 LOWEST SLP 29.74 ON 21
[REMARKS]
#FINAL-07-20#