000
CXUS55 KBOI 011002
CF6MYL
PRELIMINARY LOCAL CLIMATOLOGICAL DATA (WS FORM: F-6)
STATION: MCCALL ID
MONTH: APRIL
YEAR: 2023
LATITUDE: 44 52 N
LONGITUDE: 116 6 W
TEMPERATURE IN F: :PCPN: SNOW: WIND :SUNSHINE: SKY :PK WND
================================================================================
1 2 3 4 5 6A 6B 7 8 9 10 11 12 13 14 15 16 17 18
12Z AVG MX 2MIN
DY MAX MIN AVG DEP HDD CDD WTR SNW DPTH SPD SPD DIR MIN PSBL S-S WX SPD DR
================================================================================
1 34 23 29 -6 36 0 0.37 M M 9.4 25 280 M M 9 128 36 270
2 31 13 22 -13 43 0 0.17 M M 6.3 17 260 M M 8 128 27 260
3 30 5 18 -17 47 0 0.14 M M 4.9 12 310 M M 7 18 17 300
4 33 17 25 -10 40 0 0.01 M M 8.7 20 10 M M 6 1 28 360
5 33 2 18 -18 47 0 0.00 M M 3.8 14 200 M M 1 1 20 190
6 40 3 22 -14 43 0 0.00 M M 3.1 14 180 M M 3 8 18 180
7 39 21 30 -6 35 0 0.03 M M 4.6 20 180 M M 8 27 180
8 41 31 36 0 29 0 0.02 M M 3.0 13 180 M M 8 16 170
9 51 25 38 1 27 0 0.00 M M 2.5 9 150 M M 7 14 160
10 58 33 46 9 19 0 T M M 5.5 15 170 M M 3 22 160
11 53 31 42 5 23 0 0.13 M M 5.5 26 190 M M 9 1 35 180
12 35 25 30 -8 35 0 0.03 M M 5.3 14 180 M M 10 18 21 30
13 37 23 30 -8 35 0 T M M 6.4 15 300 M M 6 26 340
14 36 16 26 -12 39 0 0.00 M M 3.5 14 180 M M 4 17 190
15 45 14 30 -8 35 0 0.00 M M 2.8 10 150 M M 1 13 150
16 51 26 39 0 26 0 0.00 M M 4.6 22 210 M M 3 36 220
17 41 31 36 -3 29 0 0.14 M M 4.9 16 160 M M 8 128 23 160
18 32 10 21 -18 44 0 0.34 M M 5.2 16 300 M M 7 128 26 320
19 33 9 21 -19 44 0 0.06 M M 3.7 21 190 M M 6 128 23 190
20 37 17 27 -13 38 0 0.07 M M 3.1 12 220 M M 5 1 17 230
21 38 27 33 -7 32 0 0.20 M M 3.7 14 250 M M 9 12 19 260
22 44 24 34 -7 31 0 0.00 M M 4.1 13 260 M M 4 19 260
23 50 24 37 -4 28 0 T M M 1.9 12 310 M M 6 17 320
24 40 33 37 -5 28 0 0.09 M M 6.9 17 310 M M 8 1 27 300
25 50 30 40 -2 25 0 0.00 M M 5.6 13 280 M M 4 21 310
26 57 23 40 -2 25 0 0.00 M M 2.3 9 190 M M 0 11 270
27 57 28 43 0 22 0 0.00 M M 5.8 17 340 M M 0 8 25 10
28 60 25 43 0 22 0 0.00 M M 2.5 10 30 M M 0 15 20
29 66 28 47 4 18 0 0.00 M M 2.0 9 40 M M 0 14 50
30 71 30 51 7 14 0 T M M 3.5 22 20 M M 1 3 28 30
================================================================================
SM 1323 647 959 0 1.80 M 135.1 M 151
================================================================================
AV 44.1 21.6 4.5 FASTST M M 5 MAX(MPH)
MISC ----> 26 190 # 36 270
================================================================================
NOTES:
# LAST OF SEVERAL OCCURRENCES
COLUMN 17 PEAK WIND IN M.P.H.
PRELIMINARY LOCAL CLIMATOLOGICAL DATA (WS FORM: F-6) , PAGE 2
STATION: MCCALL ID
MONTH: APRIL
YEAR: 2023
LATITUDE: 44 52 N
LONGITUDE: 116 6 W
[TEMPERATURE DATA] [PRECIPITATION DATA] SYMBOLS USED IN COLUMN 16
AVERAGE MONTHLY: 32.8 TOTAL FOR MONTH: 1.80 1 = FOG OR MIST
DPTR FM NORMAL: -6.0 DPTR FM NORMAL: -0.63 2 = FOG REDUCING VISIBILITY
HIGHEST: 71 ON 30 GRTST 24HR 0.46 ON 17-18 TO 1/4 MILE OR LESS
LOWEST: 2 ON 5 3 = THUNDER
SNOW, ICE PELLETS, HAIL 4 = ICE PELLETS
TOTAL MONTH: M 5 = HAIL
GRTST 24HR M ON M 6 = FREEZING RAIN OR DRIZZLE
GRTST DEPTH: M ON M 7 = DUSTSTORM OR SANDSTORM:
VSBY 1/2 MILE OR LESS
8 = SMOKE OR HAZE
[NO. OF DAYS WITH] [WEATHER - DAYS WITH] 9 = BLOWING SNOW
X = TORNADO
MAX 32 OR BELOW: 3 0.01 INCH OR MORE: 14
MAX 90 OR ABOVE: 0 0.10 INCH OR MORE: 7
MIN 32 OR BELOW: 28 0.50 INCH OR MORE: 0
MIN 0 OR BELOW: 0 1.00 INCH OR MORE: 0
[HDD (BASE 65) ]
TOTAL THIS MO. 959 CLEAR (SCALE 0-3) 9
DPTR FM NORMAL 173 PTCLDY (SCALE 4-7) 14
TOTAL FM JUL 1 8037 CLOUDY (SCALE 8-10) 7
DPTR FM NORMAL 180
[CDD (BASE 65) ]
TOTAL THIS MO. 0
DPTR FM NORMAL 0 [PRESSURE DATA]
TOTAL FM JAN 1 0 HIGHEST SLP 30.39 ON 20
DPTR FM NORMAL 0 LOWEST SLP 29.56 ON 18
[REMARKS]
#FINAL-04-23#