000
CXUS55 KBOI 011002
CF6MYL
PRELIMINARY LOCAL CLIMATOLOGICAL DATA (WS FORM: F-6)
STATION: MCCALL ID
MONTH: DECEMBER
YEAR: 2021
LATITUDE: 44 52 N
LONGITUDE: 116 6 W
TEMPERATURE IN F: :PCPN: SNOW: WIND :SUNSHINE: SKY :PK WND
================================================================================
1 2 3 4 5 6A 6B 7 8 9 10 11 12 13 14 15 16 17 18
12Z AVG MX 2MIN
DY MAX MIN AVG DEP HDD CDD WTR SNW DPTH SPD SPD DIR MIN PSBL S-S WX SPD DR
================================================================================
1 53 33 43 18 22 0 0.00 M M 1.0 8 190 M M 5 1 10 190
2 49 28 39 15 26 0 0.00 M M 2.0 9 330 M M 4 1 12 330
3 46 25 36 12 29 0 0.00 M M 0.4 6 40 M M 3 12 8 30
4 44 25 35 11 30 0 T M M 5.5 18 210 M M 3 1 26 210
5 42 21 32 8 33 0 0.00 M M 4.9 15 280 M M 3 24 280
6 31 22 27 4 38 0 0.13 M M 0.9 8 190 M M 9 1 10 180
7 37 29 33 10 32 0 0.01 M M 0.7 7 210 M M 10 1 10 210
8 37 23 30 7 35 0 0.02 M M 4.9 22 200 M M 9 1 27 200
9 27 22 25 2 40 0 0.02 M M 5.2 13 20 M M 9 1 18 20
10 26 7 17 -5 48 0 0.05 M M 4.5 13 180 M M 8 1 18 180
11 28 24 26 4 39 0 0.56 M M 10.9 21 170 M M 10 1 31 170
12 35 28 32 10 33 0 0.31 M M 13.2 29 190 M M 9 18 41 190
13 39 31 35 13 30 0 0.49 M M 11.7 29 160 M M 10 1 43 170
14 35 9 22 0 43 0 0.31 M M 5.6 18 160 M M 9 1 29 160
15 20 -3 9 -13 56 0 0.05 M M 2.0 10 170 M M 6 128 15 150
16 26 20 23 2 42 0 0.20 M M 3.1 14 180 M M 10 1 18 180
17 28 8 18 -3 47 0 0.01 M M 1.5 10 310 M M 5 1 14 310
18 28 9 19 -2 46 0 0.01 M M 1.2 6 70 M M 9 1 9 150
19 33 25 29 8 36 0 0.58 M M 2.9 12 150 M M 10 12 16 160
20 35 30 33 12 32 0 0.31 M M 4.6 13 160 M M 10 1 18 140
21 32 20 26 5 39 0 0.00 M M 0.6 9 30 M M 7 128 12 30
22 36 22 29 8 36 0 0.02 M M 5.7 16 170 M M 10 18 23 170
23 37 24 31 10 34 0 0.30 M M 11.2 30 220 M M 10 1 48 210
24 26 15 21 0 44 0 0.19 M M 7.2 20 190 M M 9 128 24 190
25 27 18 23 2 42 0 0.13 M M 9.0 21 190 M M 9 18 27 190
26 26 16 21 0 44 0 0.29 M M 11.8 24 210 M M 10 128 36 220
27 20 -1 10 -11 55 0 0.02 M M 1.8 14 260 M M 7 128 19 240
28 13 -2 6 -15 59 0 0.08 M M 1.4 8 140 M M 10 18 11 180
29 20 1 11 -10 54 0 0.16 M M 1.0 8 290 M M 9 128 11 260
30 21 9 15 -6 50 0 0.22 M M 6.5 15 180 M M 10 18 21 180
31 20 -6 7 -14 58 0 0.08 M M 4.4 14 10 M M 6 18 19 10
================================================================================
SM 977 532 1252 0 4.55 M 147.3 M 248
================================================================================
AV 31.5 17.2 4.8 FASTST M M 8 MAX(MPH)
MISC ----> 30 220 48 210
================================================================================
NOTES:
# LAST OF SEVERAL OCCURRENCES
COLUMN 17 PEAK WIND IN M.P.H.
PRELIMINARY LOCAL CLIMATOLOGICAL DATA (WS FORM: F-6) , PAGE 2
STATION: MCCALL ID
MONTH: DECEMBER
YEAR: 2021
LATITUDE: 44 52 N
LONGITUDE: 116 6 W
[TEMPERATURE DATA] [PRECIPITATION DATA] SYMBOLS USED IN COLUMN 16
AVERAGE MONTHLY: 24.3 TOTAL FOR MONTH: 4.55 1 = FOG OR MIST
DPTR FM NORMAL: 2.3 DPTR FM NORMAL: 1.72 2 = FOG REDUCING VISIBILITY
HIGHEST: 53 ON 1 GRTST 24HR 0.86 ON 19-20 TO 1/4 MILE OR LESS
LOWEST: -6 ON 31 3 = THUNDER
SNOW, ICE PELLETS, HAIL 4 = ICE PELLETS
TOTAL MONTH: M 5 = HAIL
GRTST 24HR M ON M 6 = FREEZING RAIN OR DRIZZLE
GRTST DEPTH: M ON M 7 = DUSTSTORM OR SANDSTORM:
VSBY 1/2 MILE OR LESS
8 = SMOKE OR HAZE
[NO. OF DAYS WITH] [WEATHER - DAYS WITH] 9 = BLOWING SNOW
X = TORNADO
MAX 32 OR BELOW: 17 0.01 INCH OR MORE: 25
MAX 90 OR ABOVE: 0 0.10 INCH OR MORE: 14
MIN 32 OR BELOW: 30 0.50 INCH OR MORE: 2
MIN 0 OR BELOW: 4 1.00 INCH OR MORE: 0
[HDD (BASE 65) ]
TOTAL THIS MO. 1252 CLEAR (SCALE 0-3) 1
DPTR FM NORMAL -81 PTCLDY (SCALE 4-7) 9
TOTAL FM JUL 1 3255 CLOUDY (SCALE 8-10) 21
DPTR FM NORMAL -321
[CDD (BASE 65) ]
TOTAL THIS MO. 0
DPTR FM NORMAL 0 [PRESSURE DATA]
TOTAL FM JAN 1 325 HIGHEST SLP 30.47 ON 1
DPTR FM NORMAL 214 LOWEST SLP 29.33 ON 26
[REMARKS]
#FINAL-12-21#