131
CXUS56 KSTO 092345
CF6MYV
PRELIMINARY LOCAL CLIMATOLOGICAL DATA (WS FORM: F-6)
STATION: MARYSVILLE AIRPORT CA
MONTH: JULY
YEAR: 2020
LATITUDE: 39 5 N
LONGITUDE: 121 34 W
TEMPERATURE IN F: :PCPN: SNOW: WIND :SUNSHINE: SKY :PK WND
================================================================================
1 2 3 4 5 6A 6B 7 8 9 10 11 12 13 14 15 16 17 18
12Z AVG MX 2MIN
DY MAX MIN AVG DEP HDD CDD WTR SNW DPTH SPD SPD DIR MIN PSBL S-S WX SPD DR
================================================================================
1 97 57 77 1 0 12 0.00 0.0 0 6.4 14 160 M M 0 18 150
2 91 59 75 -2 0 10 0.00 0.0 0 7.9 16 180 M M 0 23 180
3 91 59 75 -2 0 10 0.00 0.0 0 7.6 13 220 M M 0 17 140
4 98 58 78 1 0 13 0.00 0.0 0 3.4 9 200 M M 0 8 15 330
5 100 61 81 4 0 16 0.00 0.0 0 4.1 12 40 M M 0 19 280
6 95 62 79 2 0 14 0.00 0.0 0 9.8 21 160 M M 0 8 27 160
7 92 53 73 -4 0 8 0.00 0.0 0 4.0 13 150 M M 0 8 18 150
8 97 59 78 1 0 13 0.00 0.0 0 4.8 12 180 M M 0 14 150
9 99 59 79 2 0 14 0.00 0.0 0 5.2 13 210 M M 0 8 15 220
10 101 63 82 5 0 17 0.00 0.0 0 5.0 12 180 M M 0 13 160
11 105 60 83 6 0 18 0.00 0.0 0 3.9 10 220 M M 0 13 210
12 104 60 82 4 0 17 0.00 0.0 0 6.2 14 150 M M 0 20 150
13 97 67 82 4 0 17 0.00 0.0 0 8.5 16 150 M M 0 20 150
14 95 61 78 0 0 13 0.00 0.0 0 6.9 13 170 M M 0 128 20 190
15 96 61 79 1 0 14 0.00 0.0 0 8.1 16 180 M M 0 20 170
16 95 62 79 1 0 14 0.00 0.0 0 9.9 18 180 M M 0 21 170
17 94 61 78 0 0 13 0.00 0.0 0 9.0 18 160 M M 0 24 160
18 100 64 82 4 0 17 0.00 0.0 0 5.5 13 140 M M 0 17 140
19 99 64 82 4 0 17 0.00 0.0 0 8.2 21 170 M M 0 23 170
20 92 61 77 -1 0 12 0.00 0.0 0 9.7 17 140 M M 0 21 150
21 92 60 76 -2 0 11 0.00 0.0 0 8.6 18 170 M M 0 22 160
22 92 58 75 -3 0 10 0.00 0.0 0 9.2 17 180 M M 0 20 170
23 95 58 77 -1 0 12 0.00 0.0 0 8.1 16 180 M M 0 20 190
24 93 61 77 -1 0 12 0.00 0.0 0 7.5 15 190 M M 0 18 190
25 96 56 76 -1 0 11 0.00 0.0 0 5.0 13 180 M M 0 16 180
26 100 61 81 4 0 16 0.00 0.0 0 5.7 15 160 M M 0 18 150
27 100 64 82 5 0 17 0.00 0.0 0 7.9 15 160 M M 0 19 160
28 99 62 81 4 0 16 0.00 0.0 0 6.5 13 150 M M 0 16 160
29 100 61 81 4 0 16 0.00 0.0 0 6.7 13 150 M M 0 15 150
30 99 60 80 3 0 15 0.00 0.0 0 6.5 10 160 M M 0 14 160
31 99 61 80 3 0 15 0.00 0.0 0 6.8 12 150 M M 0 15 160
================================================================================
SM 3003 1873 0 430 0.00 0.0 212.6 M 0
================================================================================
AV 96.9 60.4 6.9 FASTST M M 0 MAX(MPH)
MISC ----> # 21 160 # 27 160
================================================================================
NOTES:
# LAST OF SEVERAL OCCURRENCES
COLUMN 17 PEAK WIND IN M.P.H.
PRELIMINARY LOCAL CLIMATOLOGICAL DATA (WS FORM: F-6) , PAGE 2
STATION: MARYSVILLE AIRPORT CA
MONTH: JULY
YEAR: 2020
LATITUDE: 39 5 N
LONGITUDE: 121 34 W
[TEMPERATURE DATA] [PRECIPITATION DATA] SYMBOLS USED IN COLUMN 16
AVERAGE MONTHLY: 78.7 TOTAL FOR MONTH: 0.00 1 = FOG OR MIST
DPTR FM NORMAL: 1.3 DPTR FM NORMAL: -0.01 2 = FOG REDUCING VISIBILITY
HIGHEST: 105 ON 11 GRTST 24HR 0.00 ON 31-31 TO 1/4 MILE OR LESS
LOWEST: 53 ON 7 3 = THUNDER
SNOW, ICE PELLETS, HAIL 4 = ICE PELLETS
TOTAL MONTH: 0.0 INCH 5 = HAIL
GRTST 24HR 0.0 6 = FREEZING RAIN OR DRIZZLE
GRTST DEPTH: 0 7 = DUSTSTORM OR SANDSTORM:
VSBY 1/2 MILE OR LESS
8 = SMOKE OR HAZE
[NO. OF DAYS WITH] [WEATHER - DAYS WITH] 9 = BLOWING SNOW
X = TORNADO
MAX 32 OR BELOW: 0 0.01 INCH OR MORE: 0
MAX 90 OR ABOVE: 31 0.10 INCH OR MORE: 0
MIN 32 OR BELOW: 0 0.50 INCH OR MORE: 0
MIN 0 OR BELOW: 0 1.00 INCH OR MORE: 0
[HDD (BASE 65) ]
TOTAL THIS MO. 0 CLEAR (SCALE 0-3) 31
DPTR FM NORMAL 0 PTCLDY (SCALE 4-7) 0
TOTAL FM JUL 1 0 CLOUDY (SCALE 8-10) 0
DPTR FM NORMAL 0
[CDD (BASE 65) ]
TOTAL THIS MO. 430
DPTR FM NORMAL 49 [PRESSURE DATA]
TOTAL FM JAN 1 984 HIGHEST SLP M ON M
DPTR FM NORMAL 217 LOWEST SLP 29.69 ON 1
[REMARKS]
#FINAL-07-20#