000
CXUS53 KBIS 012043
CF6N60
PRELIMINARY LOCAL CLIMATOLOGICAL DATA (WS FORM: F-6)
STATION: GARRISON (AMOS) ND
MONTH: SEPTEMBER
YEAR: 2020
LATITUDE: 47 39 N
LONGITUDE: 101 23 W
TEMPERATURE IN F: :PCPN: SNOW: WIND :SUNSHINE: SKY :PK WND
================================================================================
1 2 3 4 5 6A 6B 7 8 9 10 11 12 13 14 15 16 17 18
12Z AVG MX 2MIN
DY MAX MIN AVG DEP HDD CDD WTR SNW DPTH SPD SPD DIR MIN PSBL S-S WX SPD DR
================================================================================
1 78 48 63 M 2 0 0.00 M M 17.4 39 310 M M 0 55 310
2 87 50 69 M 0 4 0.00 M M 14.9 46 320 M M 0 62 320
3 71 48 60 M 5 0 0.00 M M 16.5 29 310 M M 0 41 300
4 77 45 61 M 4 0 0.00 M M 10.7 24 320 M M 0 39 300
5 85 44 65 M 0 0 0.00 M M 7.1 18 180 M M 0 25 190
6 71 50 61 M 4 0 0.00 M M 16.7 31 340 M M 0 43 330
7 50 31 41 M 24 0 0.02 M M 7.9 18 340 M M 0 27 10
8 52 25 39 M 26 0 0.00 M M 6.6 17 310 M M 0 23 320
9 62 27 45 M 20 0 0.00 M M 7.6 18 230 M M 0 28 220
10 73 39 56 M 9 0 0.00 M M 6.4 15 180 M M 0 21 190
11 65 35 50 M 15 0 0.00 M M 9.1 20 170 M M 0 25 170
12 81 44 63 M 2 0 0.00 M M 5.2 13 330 M M 0 20 50
13 64 45 55 M 10 0 0.00 M M 7.8 13 40 M M 0 21 70
14 74 46 60 M 5 0 0.00 M M 9.7 20 160 M M 0 27 170
15 68 45 57 M 8 0 0.00 M M 8.1 18 320 M M 0 23 320
16 61 38 50 M 15 0 0.00 M M 7.2 16 340 M M 0 21 330
17 66 42 54 M 11 0 0.00 M M 6.9 15 100 M M 0 20 120
18 73 43 58 M 7 0 0.00 M M 9.3 21 180 M M 0 27 190
19 72 45 59 M 6 0 0.00 M M 10.5 20 130 M M 0 27 120
20 78 55 67 M 0 2 0.00 M M 13.4 29 260 M M 0 43 250
21 79 50 65 M 0 0 0.00 M M 10.3 23 280 M M 0 33 310
22 87 47 67 M 0 2 0.00 M M 5.8 18 200 M M 0 25 210
23 70 50 60 M 5 0 0.13 M M 8.8 29 340 M M 0 37 340
24 82 50 66 M 0 1 0.00 M M 13.0 29 330 M M 0 40 330
25 74 52 63 M 2 0 0.00 M M 11.0 24 280 M M 0 43 300
26 71 50 61 M 4 0 0.00 M M 14.0 31 280 M M 0 46 290
27 63 44 54 M 11 0 0.01 M M 21.6 37 310 M M 0 51 290
28 62 43 53 M 12 0 0.00 M M 15.2 28 340 M M 0 38 320
29 69 47 58 M 7 0 0.00 M M 16.5 31 320 M M 0 41 300
30 61 39 50 M 15 0 0.00 M M 23.0 40 330 M M 0 52 330
================================================================================
SM 2126 1317 229 9 0.16 M 338.2 M 0
================================================================================
AV 70.9 43.9 11.3 FASTST M M 0 MAX(MPH)
MISC ----> # 46 320 # 62 320
================================================================================
NOTES:
# LAST OF SEVERAL OCCURRENCES
COLUMN 17 PEAK WIND IN M.P.H.
PRELIMINARY LOCAL CLIMATOLOGICAL DATA (WS FORM: F-6) , PAGE 2
STATION: GARRISON (AMOS) ND
MONTH: SEPTEMBER
YEAR: 2020
LATITUDE: 47 39 N
LONGITUDE: 101 23 W
[TEMPERATURE DATA] [PRECIPITATION DATA] SYMBOLS USED IN COLUMN 16
AVERAGE MONTHLY: 57.4 TOTAL FOR MONTH: 0.16 1 = FOG OR MIST
DPTR FM NORMAL: M DPTR FM NORMAL: M 2 = FOG REDUCING VISIBILITY
HIGHEST: 87 ON 22, 2 GRTST 24HR 0.13 ON 23-23 TO 1/4 MILE OR LESS
LOWEST: 25 ON 8 3 = THUNDER
SNOW, ICE PELLETS, HAIL 4 = ICE PELLETS
TOTAL MONTH: M 5 = HAIL
GRTST 24HR M ON M 6 = FREEZING RAIN OR DRIZZLE
GRTST DEPTH: M ON M 7 = DUSTSTORM OR SANDSTORM:
VSBY 1/2 MILE OR LESS
8 = SMOKE OR HAZE
[NO. OF DAYS WITH] [WEATHER - DAYS WITH] 9 = BLOWING SNOW
X = TORNADO
MAX 32 OR BELOW: 0 0.01 INCH OR MORE: 3
MAX 90 OR ABOVE: 0 0.10 INCH OR MORE: 1
MIN 32 OR BELOW: 3 0.50 INCH OR MORE: 0
MIN 0 OR BELOW: 0 1.00 INCH OR MORE: 0
[HDD (BASE 65) ]
TOTAL THIS MO. 229 CLEAR (SCALE 0-3) 30
DPTR FM NORMAL M PTCLDY (SCALE 4-7) 0
TOTAL FM JUL 1 266 CLOUDY (SCALE 8-10) 0
DPTR FM NORMAL M
[CDD (BASE 65) ]
TOTAL THIS MO. 9
DPTR FM NORMAL M [PRESSURE DATA]
TOTAL FM JAN 1 407 HIGHEST SLP 30.55 ON 8
DPTR FM NORMAL M LOWEST SLP 29.38 ON 2
[REMARKS]
#FINAL-09-20#