000
CXUS55 KPSR 011005
CF6NYL
PRELIMINARY LOCAL CLIMATOLOGICAL DATA (WS FORM: F-6)
STATION: YUMA AZ
MONTH: OCTOBER
YEAR: 2022
LATITUDE: 32 39 N
LONGITUDE: 114 37 W
TEMPERATURE IN F: :PCPN: SNOW: WIND :SUNSHINE: SKY :PK WND
================================================================================
1 2 3 4 5 6A 6B 7 8 9 10 11 12 13 14 15 16 17 18
12Z AVG MX 2MIN
DY MAX MIN AVG DEP HDD CDD WTR SNW DPTH SPD SPD DIR MIN PSBL S-S WX SPD DR
================================================================================
1 97 79 88 4 0 23 0.00 M M 9.2 15 200 M M 0 22 170
2 97 79 88 5 0 23 0.00 M M 6.7 13 220 M M 0 17 170
3 98 78 88 5 0 23 0.00 M M 3.8 12 100 M M 1 3 16 110
4 100 77 89 6 0 24 0.00 M M 6.9 15 80 M M 1 19 80
5 98 77 88 6 0 23 0.00 M M 6.9 17 180 M M 2 25 300
6 94 71 83 1 0 18 M M M 6.4 28 150 M M 3 3 37 150
7 95 70 83 2 0 18 0.00 M M 5.5 17 130 M M 1 23 130
8 94 72 83 2 0 18 M M M 6.8 30 30 M M 1 38 42 50
9 92 71 82 1 0 17 0.00 M M 5.2 14 50 M M 1 20 60
10 95 72 84 4 0 19 0.00 M M 3.0 9 290 M M 0 14 290
11 95 73 84 4 0 19 0.00 M M 3.8 17 200 M M 2 24 160
12 95 73 84 5 0 19 0.00 M M 3.0 7 240 M M 2 M M
13 99 73 86 7 0 21 0.00 M M 2.3 9 300 M M 1 13 290
14 97 72 85 6 0 20 0.00 M M 5.7 14 140 M M 1 20 210
15 88 68 78 0 0 13 T M M 13.0 30 160 M M 3 13 37 170
16 84 66 75 -3 0 10 0.00 M M 5.9 13 30 M M 1 19 50
17 87 66 77 -1 0 12 0.00 M M 4.8 12 40 M M 1 18 40
18 91 69 80 3 0 15 0.00 M M 8.8 21 60 M M 0 28 70
19 92 72 82 5 0 17 0.00 M M 9.4 25 70 M M 1 33 70
20 94 68 81 5 0 16 0.00 M M 5.9 14 20 M M 2 18 60
21 91 67 79 3 0 14 0.00 M M 4.4 12 180 M M 1 17 190
22 88 69 79 3 0 14 0.00 M M 11.3 23 300 M M 1 32 310
23 80 63 72 -3 0 7 0.00 M M 9.1 18 300 M M 1 28 300
24 76 59 68 -7 0 3 0.00 M M 11.3 26 20 M M 0 34 10
25 80 53 67 -8 0 2 0.00 M M 3.9 9 10 M M 0 13 10
26 82 55 69 -5 0 4 0.00 M M 3.6 9 210 M M 0 16 210
27 82 57 70 -4 0 5 0.00 M M 7.8 20 10 M M 0 28 20
28 82 56 69 -5 0 4 0.00 M M 7.4 22 60 M M 0 26 70
29 84 54 69 -4 0 4 0.00 M M 5.5 17 360 M M 0 23 340
30 83 52 68 -5 0 3 0.00 M M 5.4 16 330 M M 0 23 350
31 86 55 71 -1 0 6 0.00 M M 4.0 15 30 M M 1 19 10
================================================================================
SM 2796 2086 0 434 T M 196.7 M 28
================================================================================
AV 90.2 67.3 6.3 FASTST M M 1 MAX(MPH)
MISC ----> # 30 30 42 50
================================================================================
NOTES:
# LAST OF SEVERAL OCCURRENCES
COLUMN 17 PEAK WIND IN M.P.H.
PRELIMINARY LOCAL CLIMATOLOGICAL DATA (WS FORM: F-6) , PAGE 2
STATION: YUMA AZ
MONTH: OCTOBER
YEAR: 2022
LATITUDE: 32 39 N
LONGITUDE: 114 37 W
[TEMPERATURE DATA] [PRECIPITATION DATA] SYMBOLS USED IN COLUMN 16
AVERAGE MONTHLY: 78.7 TOTAL FOR MONTH: T 1 = FOG OR MIST
DPTR FM NORMAL: 0.7 DPTR FM NORMAL: -0.13 2 = FOG REDUCING VISIBILITY
HIGHEST: 100 ON 4 GRTST 24HR 0.16 ON 18-18 TO 1/4 MILE OR LESS
LOWEST: 52 ON 30 3 = THUNDER
SNOW, ICE PELLETS, HAIL 4 = ICE PELLETS
TOTAL MONTH: M 5 = HAIL
GRTST 24HR M ON M 6 = FREEZING RAIN OR DRIZZLE
GRTST DEPTH: M ON M 7 = DUSTSTORM OR SANDSTORM:
VSBY 1/2 MILE OR LESS
8 = SMOKE OR HAZE
[NO. OF DAYS WITH] [WEATHER - DAYS WITH] 9 = BLOWING SNOW
X = TORNADO
MAX 32 OR BELOW: 0 0.01 INCH OR MORE: 0
MAX 90 OR ABOVE: 18 0.10 INCH OR MORE: 0
MIN 32 OR BELOW: 0 0.50 INCH OR MORE: 0
MIN 0 OR BELOW: 0 1.00 INCH OR MORE: 0
[HDD (BASE 65) ]
TOTAL THIS MO. 0 CLEAR (SCALE 0-3) 30
DPTR FM NORMAL -2 PTCLDY (SCALE 4-7) 1
TOTAL FM JUL 1 0 CLOUDY (SCALE 8-10) 0
DPTR FM NORMAL 0
[CDD (BASE 65) ]
TOTAL THIS MO. 434
DPTR FM NORMAL 30 [PRESSURE DATA]
TOTAL FM JAN 1 4864 HIGHEST SLP 30.17 ON 24
DPTR FM NORMAL 257 LOWEST SLP 29.55 ON 22
[REMARKS]
#FINAL-10-22#