000
CXUS55 KPSR 221504
CF6NYL
PRELIMINARY LOCAL CLIMATOLOGICAL DATA (WS FORM: F-6)
STATION: YUMA AZ
MONTH: FEBRUARY
YEAR: 2021
LATITUDE: 32 39 N
LONGITUDE: 114 37 W
TEMPERATURE IN F: :PCPN: SNOW: WIND :SUNSHINE: SKY :PK WND
================================================================================
1 2 3 4 5 6A 6B 7 8 9 10 11 12 13 14 15 16 17 18
12Z AVG MX 2MIN
DY MAX MIN AVG DEP HDD CDD WTR SNW DPTH SPD SPD DIR MIN PSBL S-S WX SPD DR
================================================================================
1 73 54 64 4 1 0 0.00 M M 8.1 16 350 M M 5 22 350
2 83 60 72 12 0 7 0.00 M M 4.7 10 10 M M 5 15 10
3 81 57 69 9 0 4 0.00 M M 5.7 17 260 M M 3 24 310
4 74 56 65 5 0 0 0.00 M M 9.6 22 360 M M 1 29 340
5 75 45 60 -1 5 0 0.00 M M 5.4 17 350 M M 0 23 360
6 77 46 62 1 3 0 0.00 M M 4.6 18 350 M M 0 23 350
7 78 47 63 2 2 0 0.00 M M 3.4 9 20 M M 0 11 30
8 78 47 63 2 2 0 0.00 M M 4.5 13 180 M M 1 17 160
9 73 48 61 0 4 0 0.00 M M 3.6 9 270 M M 4 14 150
10 75 52 64 3 1 0 0.00 M M 2.4 8 250 M M 2 10 230
11 78 49 64 3 1 0 0.00 M M 2.9 8 170 M M 2 11 280
12 73 53 63 2 2 0 0.00 M M 8.1 29 280 M M 1 3 35 270
13 74 49 62 0 3 0 0.00 M M 7.7 23 190 M M 0 28 200
14 69 50 60 -2 5 0 0.00 M M 11.1 23 350 M M 0 32 350
15 71 44 58 -4 7 0 0.00 M M 5.5 15 160 M M 0 19 210
16 76 49 63 1 2 0 0.00 M M 7.3 17 290 M M 3 25 290
17 70 46 58 -4 7 0 0.00 M M 7.7 21 340 M M 0 27 350
18 68 51 60 -2 5 0 0.00 M M 10.1 22 360 M M 0 28 350
19 73 44 59 -3 6 0 0.00 M M 5.2 14 20 M M 0 8 17 20
20 79 47 63 0 2 0 0.00 M M 7.3 20 360 M M 0 8 27 350
21 73 53 63 0 2 0 0.00 M M 11.0 24 30 M M 0 30 30
22 77 54 66 3 0 1 0.00 M M 9.1 17 360 M M 0 23 20
23 81 48 65 2 0 0 0.00 M M 5.3 14 340 M M 2 17 330
24 81 48 65 2 0 0 0.00 M M 4.2 10 210 M M 0 15 200
25 68 48 58 -6 7 0 0.00 M M 13.1 28 360 M M 0 37 10
26 74 42 58 -6 7 0 0.00 M M 5.8 15 330 M M 1 21 320
27 76 45 61 -3 4 0 0.00 M M 4.3 13 350 M M 0 16 350
28 66 47 57 -7 8 0 0.00 M M 12.7 29 350 M M 0 36 350
================================================================================
SM 2094 1379 86 12 0.00 M 190.4 M 30
================================================================================
AV 74.8 49.3 6.8 FASTST M M 1 MAX(MPH)
MISC ----> # 29 280 37 10
================================================================================
NOTES:
# LAST OF SEVERAL OCCURRENCES
COLUMN 17 PEAK WIND IN M.P.H.
PRELIMINARY LOCAL CLIMATOLOGICAL DATA (WS FORM: F-6) , PAGE 2
STATION: YUMA AZ
MONTH: FEBRUARY
YEAR: 2021
LATITUDE: 32 39 N
LONGITUDE: 114 37 W
[TEMPERATURE DATA] [PRECIPITATION DATA] SYMBOLS USED IN COLUMN 16
AVERAGE MONTHLY: 62.0 TOTAL FOR MONTH: 0.00 1 = FOG OR MIST
DPTR FM NORMAL: 0.1 DPTR FM NORMAL: -0.38 2 = FOG REDUCING VISIBILITY
HIGHEST: 83 ON 2 GRTST 24HR 0.00 ON 1- 1 TO 1/4 MILE OR LESS
LOWEST: 42 ON 26 3 = THUNDER
SNOW, ICE PELLETS, HAIL 4 = ICE PELLETS
TOTAL MONTH: M 5 = HAIL
GRTST 24HR M ON M 6 = FREEZING RAIN OR DRIZZLE
GRTST DEPTH: M ON M 7 = DUSTSTORM OR SANDSTORM:
VSBY 1/2 MILE OR LESS
8 = SMOKE OR HAZE
[NO. OF DAYS WITH] [WEATHER - DAYS WITH] 9 = BLOWING SNOW
X = TORNADO
MAX 32 OR BELOW: 0 0.01 INCH OR MORE: 0
MAX 90 OR ABOVE: 0 0.10 INCH OR MORE: 0
MIN 32 OR BELOW: 0 0.50 INCH OR MORE: 0
MIN 0 OR BELOW: 0 1.00 INCH OR MORE: 0
[HDD (BASE 65) ]
TOTAL THIS MO. 86 CLEAR (SCALE 0-3) 25
DPTR FM NORMAL -32 PTCLDY (SCALE 4-7) 3
TOTAL FM JUL 1 590 CLOUDY (SCALE 8-10) 0
DPTR FM NORMAL -30
[CDD (BASE 65) ]
TOTAL THIS MO. 12
DPTR FM NORMAL -20 [PRESSURE DATA]
TOTAL FM JAN 1 21 HIGHEST SLP 30.36 ON 18
DPTR FM NORMAL -17 LOWEST SLP 29.65 ON 13
[REMARKS]
#FINAL-02-21#