000
CXUS56 KMTR 010900
CF6OAK
PRELIMINARY LOCAL CLIMATOLOGICAL DATA (WS FORM: F-6)
STATION: OAKLAND AIRPORT
MONTH: JULY
YEAR: 2023
LATITUDE: 37 43 N
LONGITUDE: 122 13 W
TEMPERATURE IN F: :PCPN: SNOW: WIND :SUNSHINE: SKY :PK WND
================================================================================
1 2 3 4 5 6A 6B 7 8 9 10 11 12 13 14 15 16 17 18
12Z AVG MX 2MIN
DY MAX MIN AVG DEP HDD CDD WTR SNW DPTH SPD SPD DIR MIN PSBL S-S WX SPD DR
================================================================================
1 87 54 71 7 0 6 0.00 M M 6.3 14 300 M M 1 17 300
2 81 59 70 6 0 5 0.00 M M 8.8 15 310 M M 3 19 310
3 68 56 62 -2 3 0 0.00 M M 11.3 21 310 M M 3 38 310
4 68 56 62 -2 3 0 0.00 M M 10.4 20 300 M M 5 18 34 320
5 68 56 62 -2 3 0 0.00 M M 11.2 18 300 M M 6 33 310
6 67 57 62 -2 3 0 0.00 M M 11.5 20 280 M M 8 35 290
7 65 54 60 -4 5 0 T M M 13.2 20 260 M M 9 29 240
8 65 55 60 -4 5 0 0.00 M M 17.6 25 280 M M 8 36 270
9 64 54 59 -5 6 0 T M M 15.9 26 290 M M 9 36 280
10 67 53 60 -4 5 0 T M M 9.2 18 290 M M 6 30 300
11 73 52 63 -1 2 0 0.00 M M 9.0 24 290 M M 3 36 290
12 68 55 62 -2 3 0 0.00 M M 9.2 23 290 M M 5 8 34 310
13 72 54 63 -1 2 0 0.00 M M 9.1 17 290 M M 4 21 290
14 75 56 66 2 0 1 0.00 M M 9.0 17 290 M M 5 22 290
15 79 56 68 4 0 3 0.00 M M 7.9 16 290 M M 5 21 300
16 76 56 66 2 0 1 0.00 M M 9.9 22 300 M M 7 36 320
17 74 57 66 2 0 1 0.00 M M 8.1 18 310 M M 4 35 310
18 69 55 62 -2 3 0 0.00 M M 9.2 21 300 M M 4 37 310
19 68 56 62 -2 3 0 0.00 M M 9.5 22 300 M M 7 35 290
20 74 57 66 2 0 1 0.00 M M 7.6 18 290 M M 5 21 300
21 74 55 65 1 0 0 0.00 M M 8.5 17 290 M M 1 21 300
22 81 52 67 3 0 2 0.00 M M 7.9 18 290 M M 4 23 300
23 70 57 64 0 1 0 0.00 M M 9.8 23 290 M M 6 33 300
24 69 56 63 -1 2 0 0.00 M M 8.8 18 270 M M 5 21 290
25 77 55 66 2 0 1 0.00 M M 8.1 16 290 M M 2 1 19 300
26 69 57 63 -1 2 0 0.00 M M 9.9 26 300 M M 5 36 310
27 67 57 62 -2 3 0 0.00 M M 9.5 20 220 M M 4 23 220
28 71 56 64 0 1 0 0.00 M M 10.4 22 280 M M 4 31 300
29 70 55 63 -1 2 0 0.00 M M 8.2 17 270 M M 5 22 270
30 72 55 64 0 1 0 0.00 M M 6.6 16 280 M M 5 20 250
31 70 55 63 -1 2 0 0.00 M M 8.1 18 290 M M 6 22 290
================================================================================
SM 2218 1718 60 21 T M 299.7 M 154
================================================================================
AV 71.5 55.4 9.7 FASTST M M 5 MAX(MPH)
MISC ----> # 26 290 38 310
================================================================================
NOTES:
# LAST OF SEVERAL OCCURRENCES
COLUMN 17 PEAK WIND IN M.P.H.
PRELIMINARY LOCAL CLIMATOLOGICAL DATA (WS FORM: F-6) , PAGE 2
STATION: OAKLAND AIRPORT
MONTH: JULY
YEAR: 2023
LATITUDE: 37 43 N
LONGITUDE: 122 13 W
[TEMPERATURE DATA] [PRECIPITATION DATA] SYMBOLS USED IN COLUMN 16
AVERAGE MONTHLY: 63.5 TOTAL FOR MONTH: T 1 = FOG OR MIST
DPTR FM NORMAL: -0.4 DPTR FM NORMAL: -0.00 2 = FOG REDUCING VISIBILITY
HIGHEST: 87 ON 1 GRTST 24HR T ON 7- 7 TO 1/4 MILE OR LESS
LOWEST: 52 ON 22,11 3 = THUNDER
SNOW, ICE PELLETS, HAIL 4 = ICE PELLETS
TOTAL MONTH: M 5 = HAIL
GRTST 24HR M ON M 6 = FREEZING RAIN OR DRIZZLE
GRTST DEPTH: M ON M 7 = DUSTSTORM OR SANDSTORM:
VSBY 1/2 MILE OR LESS
8 = SMOKE OR HAZE
[NO. OF DAYS WITH] [WEATHER - DAYS WITH] 9 = BLOWING SNOW
X = TORNADO
MAX 32 OR BELOW: 0 0.01 INCH OR MORE: 0
MAX 90 OR ABOVE: 0 0.10 INCH OR MORE: 0
MIN 32 OR BELOW: 0 0.50 INCH OR MORE: 0
MIN 0 OR BELOW: 0 1.00 INCH OR MORE: 0
[HDD (BASE 65) ]
TOTAL THIS MO. 60 CLEAR (SCALE 0-3) 6
DPTR FM NORMAL 1 PTCLDY (SCALE 4-7) 22
TOTAL FM JUL 1 60 CLOUDY (SCALE 8-10) 3
DPTR FM NORMAL -2
[CDD (BASE 65) ]
TOTAL THIS MO. 21
DPTR FM NORMAL -4 [PRESSURE DATA]
TOTAL FM JAN 1 24 HIGHEST SLP M ON M
DPTR FM NORMAL -42 LOWEST SLP 29.80 ON 22
[REMARKS]
#FINAL-07-23#