000
CXUS54 KMAF 011338
CF6ODO
PRELIMINARY LOCAL CLIMATOLOGICAL DATA (WS FORM: F-6)
STATION: ODESSA SCHLEYMEYER
MONTH: APRIL
YEAR: 2023
LATITUDE: 31 55 N
LONGITUDE: 102 23 W
TEMPERATURE IN F: :PCPN: SNOW: WIND :SUNSHINE: SKY :PK WND
================================================================================
1 2 3 4 5 6A 6B 7 8 9 10 11 12 13 14 15 16 17 18
12Z AVG MX 2MIN
DY MAX MIN AVG DEP HDD CDD WTR SNW DPTH SPD SPD DIR MIN PSBL S-S WX SPD DR
================================================================================
1 80 41 61 -1 4 0 0.00 M M 9.5 22 140 M M 0 28 130
2 86 55 71 9 0 6 0.00 M M 13.5 31 290 M M 0 41 300
3 90 54 72 10 0 7 0.00 M M 12.9 30 240 M M 0 41 230
4 88 60 74 11 0 9 0.00 M M 17.0 35 250 M M 0 8 47 240
5 69 44 57 -6 8 0 0.00 M M 10.9 25 350 M M 0 8 36 350
6 68 45 57 -6 8 0 0.00 M M 14.5 22 80 M M 0 8 31 80
7 68 40 54 -9 11 0 0.00 M M 9.3 17 60 M M 2 25 60
8 75 45 60 -4 5 0 0.00 M M 8.0 15 140 M M 2 22 150
9 80 55 68 4 0 3 0.00 M M 11.3 20 170 M M 2 29 120
10 83 56 70 6 0 5 T M M 9.3 18 100 M M 2 27 350
11 84 55 70 6 0 5 0.00 M M 8.8 24 160 M M 0 29 160
12 85 57 71 7 0 6 0.00 M M 13.0 21 160 M M 0 31 150
13 86 58 72 7 0 7 0.00 M M 15.2 28 170 M M 0 41 170
14 85 58 72 7 0 7 0.00 M M 13.4 29 270 M M 0 41 280
15 80 55 68 3 0 3 0.00 M M 8.9 23 70 M M 0 33 70
16 74 45 60 -5 5 0 0.00 M M 12.0 26 70 M M 0 32 80
17 80 55 68 2 0 3 T M M 16.1 29 170 M M 1 8 37 150
18 91 59 75 9 0 10 0.00 M M 15.7 28 250 M M 0 8 43 280
19 91 62 77 11 0 12 0.00 M M 16.0 29 220 M M 0 1 51 230
20 82 60 71 5 0 6 0.00 M M 9.9 21 200 M M 1 18 28 190
21 78 50 64 -3 1 0 0.00 M M 9.1 20 310 M M 0 30 290
22 83 48 66 -1 0 1 0.00 M M 13.3 36 50 M M 2 8 46 50
23 48 41 45 -22 20 0 0.00 M M 12.8 28 60 M M 10 18 35 50
24 67 45 56 -11 9 0 0.00 M M 11.0 18 160 M M 7 1 25 160
25 86 56 71 3 0 6 0.00 M M 10.2 24 180 M M 4 30 180
26 83 56 70 2 0 5 0.00 M M 13.6 30 350 M M 0 8 39 350
27 81 45 63 -5 2 0 0.00 M M 9.9 18 200 M M 0 24 240
28 70 49 60 -8 5 0 0.00 M M 17.8 31 30 M M 2 8 46 10
29 81 42 62 -7 3 0 0.00 M M 9.0 21 330 M M 0 30 10
30 96 54 75 6 0 10 0.00 M M 12.3 30 60 M M 0 8 38 60
================================================================================
SM 2398 1545 81 111 T M 364.2 M 35
================================================================================
AV 79.9 51.5 12.1 FASTST M M 1 MAX(MPH)
MISC ----> 36 50 51 230
================================================================================
NOTES:
# LAST OF SEVERAL OCCURRENCES
COLUMN 17 PEAK WIND IN M.P.H.
PRELIMINARY LOCAL CLIMATOLOGICAL DATA (WS FORM: F-6) , PAGE 2
STATION: ODESSA SCHLEYMEYER
MONTH: APRIL
YEAR: 2023
LATITUDE: 31 55 N
LONGITUDE: 102 23 W
[TEMPERATURE DATA] [PRECIPITATION DATA] SYMBOLS USED IN COLUMN 16
AVERAGE MONTHLY: 65.7 TOTAL FOR MONTH: T 1 = FOG OR MIST
DPTR FM NORMAL: 0.3 DPTR FM NORMAL: -0.65 2 = FOG REDUCING VISIBILITY
HIGHEST: 96 ON 30 GRTST 24HR T ON 10-10 TO 1/4 MILE OR LESS
LOWEST: 40 ON 7 3 = THUNDER
SNOW, ICE PELLETS, HAIL 4 = ICE PELLETS
TOTAL MONTH: M 5 = HAIL
GRTST 24HR M ON M 6 = FREEZING RAIN OR DRIZZLE
GRTST DEPTH: M ON M 7 = DUSTSTORM OR SANDSTORM:
VSBY 1/2 MILE OR LESS
8 = SMOKE OR HAZE
[NO. OF DAYS WITH] [WEATHER - DAYS WITH] 9 = BLOWING SNOW
X = TORNADO
MAX 32 OR BELOW: 0 0.01 INCH OR MORE: 0
MAX 90 OR ABOVE: 4 0.10 INCH OR MORE: 0
MIN 32 OR BELOW: 0 0.50 INCH OR MORE: 0
MIN 0 OR BELOW: 0 1.00 INCH OR MORE: 0
[HDD (BASE 65) ]
TOTAL THIS MO. 81 CLEAR (SCALE 0-3) 27
DPTR FM NORMAL -14 PTCLDY (SCALE 4-7) 2
TOTAL FM JUL 1 2212 CLOUDY (SCALE 8-10) 1
DPTR FM NORMAL -283
[CDD (BASE 65) ]
TOTAL THIS MO. 111
DPTR FM NORMAL 6 [PRESSURE DATA]
TOTAL FM JAN 1 148 HIGHEST SLP 30.31 ON 16
DPTR FM NORMAL 13 LOWEST SLP 29.44 ON 4
[REMARKS]
#FINAL-04-23#