000
CXUS53 KOAX 010930
CF6OFK
PRELIMINARY LOCAL CLIMATOLOGICAL DATA (WS FORM: F-6)
STATION: NORFOLK NE
MONTH: OCTOBER
YEAR: 2021
LATITUDE: 41 58 N
LONGITUDE: 97 26 W
TEMPERATURE IN F: :PCPN: SNOW: WIND :SUNSHINE: SKY :PK WND
================================================================================
1 2 3 4 5 6A 6B 7 8 9 10 11 12 13 14 15 16 17 18
12Z AVG MX 2MIN
DY MAX MIN AVG DEP HDD CDD WTR SNW DPTH SPD SPD DIR MIN PSBL S-S WX SPD DR
================================================================================
1 71 63 67 9 0 2 0.01 0.0 0 5.2 12 280 M M 10 1 16 280
2 67 52 60 2 5 0 0.00 0.0 0 7.9 17 330 M M 8 1 23 320
3 80 45 63 6 2 0 0.00 0.0 0 3.6 12 360 M M 0 16 10
4 83 44 64 7 1 0 0.00 0.0 0 3.2 13 50 M M 0 23 40
5 80 43 62 6 3 0 0.00 0.0 0 3.0 13 110 M M 0 8 17 110
6 74 50 62 6 3 0 0.00 0.0 0 6.6 16 130 M M 5 1 22 130
7 79 50 65 10 0 0 0.00 0.0 0 7.0 15 170 M M 1 12 20 150
8 85 54 70 15 0 5 0.00 0.0 0 4.7 13 140 M M 0 18 130
9 78 57 68 14 0 3 0.00 0.0 0 9.2 17 170 M M 0 24 110
10 70 45 58 4 7 0 0.00 0.0 0 9.9 23 300 M M 2 36 310
11 74 41 58 5 7 0 0.00 0.0 0 4.5 15 350 M M 0 8 22 360
12 77 39 58 5 7 0 0.00 0.0 0 8.9 24 130 M M 1 8 32 130
13 64 46 55 3 10 0 0.31 0.0 0 19.1 36 230 M M 3 1 50 220
14 62 37 50 -2 15 0 0.05 0.0 0 7.4 16 270 M M 2 23 270
15 60 35 48 -3 17 0 T 0.0 0 9.8 28 300 M M 1 39 300
16 69 36 53 2 12 0 0.00 0.0 0 7.8 15 270 M M 0 25 270
17 78 34 56 6 9 0 0.00 0.0 0 6.4 18 190 M M 0 26 190
18 77 42 60 10 5 0 0.00 0.0 0 11.1 25 180 M M 0 34 170
19 77 52 65 16 0 0 T 0.0 0 9.9 21 140 M M 2 3 28 160
20 58 40 49 0 16 0 0.01 0.0 0 15.1 25 310 M M 10 138 36 300
21 52 30 41 -7 24 0 0.00 0.0 0 9.1 22 320 M M 7 29 300
22 58 27 43 -5 22 0 T 0.0 0 5.8 18 100 M M 1 18 24 100
23 58 33 46 -2 19 0 0.00 0.0 0 10.9 20 100 M M 5 28 110
24 51 42 47 0 18 0 0.25 0.0 0 10.0 17 350 M M 10 138 24 90
25 55 39 47 1 18 0 0.00 0.0 0 8.1 17 120 M M 3 1 22 130
26 55 42 49 3 16 0 0.08 0.0 0 18.8 29 130 M M 8 138 39 140
27 56 48 52 6 13 0 1.32 0.0 0 12.7 21 330 M M 10 13 29 320
28 59 44 52 7 13 0 0.00 0.0 0 19.4 36 330 M M 2 47 330
29 62 35 49 4 16 0 0.00 0.0 0 7.8 17 10 M M 0 24 350
30 64 33 49 5 16 0 0.00 0.0 0 12.2 32 330 M M 2 43 340
31 50 29 40 -4 25 0 0.00 0.0 0 9.6 22 350 M M 4 29 320
================================================================================
SM 2083 1307 319 10 2.03 0.0 284.7 M 97
================================================================================
AV 67.2 42.2 9.2 FASTST M M 3 MAX(MPH)
MISC ----> # 36 230 50 220
================================================================================
NOTES:
# LAST OF SEVERAL OCCURRENCES
COLUMN 17 PEAK WIND IN M.P.H.
PRELIMINARY LOCAL CLIMATOLOGICAL DATA (WS FORM: F-6) , PAGE 2
STATION: NORFOLK NE
MONTH: OCTOBER
YEAR: 2021
LATITUDE: 41 58 N
LONGITUDE: 97 26 W
[TEMPERATURE DATA] [PRECIPITATION DATA] SYMBOLS USED IN COLUMN 16
AVERAGE MONTHLY: 54.7 TOTAL FOR MONTH: 2.03 1 = FOG OR MIST
DPTR FM NORMAL: 3.9 DPTR FM NORMAL: -0.12 2 = FOG REDUCING VISIBILITY
HIGHEST: 85 ON 8 GRTST 24HR 1.39 ON 26-27 TO 1/4 MILE OR LESS
LOWEST: 27 ON 22 3 = THUNDER
SNOW, ICE PELLETS, HAIL 4 = ICE PELLETS
TOTAL MONTH: 0.0 INCH 5 = HAIL
GRTST 24HR 0.0 6 = FREEZING RAIN OR DRIZZLE
GRTST DEPTH: 0 7 = DUSTSTORM OR SANDSTORM:
VSBY 1/2 MILE OR LESS
8 = SMOKE OR HAZE
[NO. OF DAYS WITH] [WEATHER - DAYS WITH] 9 = BLOWING SNOW
X = TORNADO
MAX 32 OR BELOW: 0 0.01 INCH OR MORE: 7
MAX 90 OR ABOVE: 0 0.10 INCH OR MORE: 3
MIN 32 OR BELOW: 3 0.50 INCH OR MORE: 1
MIN 0 OR BELOW: 0 1.00 INCH OR MORE: 1
[HDD (BASE 65) ]
TOTAL THIS MO. 319 CLEAR (SCALE 0-3) 21
DPTR FM NORMAL -130 PTCLDY (SCALE 4-7) 6
TOTAL FM JUL 1 353 CLOUDY (SCALE 8-10) 4
DPTR FM NORMAL -226
[CDD (BASE 65) ]
TOTAL THIS MO. 10
DPTR FM NORMAL 0 [PRESSURE DATA]
TOTAL FM JAN 1 1211 HIGHEST SLP 30.39 ON 31
DPTR FM NORMAL 304 LOWEST SLP 29.37 ON 13
[REMARKS]
#FINAL-10-21#