000
CXUS52 KCAE 011400
CF6OGB
PRELIMINARY LOCAL CLIMATOLOGICAL DATA (WS FORM: F-6)
STATION: ORANGEBURG AIRPORT SC
MONTH: MARCH
YEAR: 2023
LATITUDE: 33 27 N
LONGITUDE: 80 51 W
TEMPERATURE IN F: :PCPN: SNOW: WIND :SUNSHINE: SKY :PK WND
================================================================================
1 2 3 4 5 6A 6B 7 8 9 10 11 12 13 14 15 16 17 18
12Z AVG MX 2MIN
DY MAX MIN AVG DEP HDD CDD WTR SNW DPTH SPD SPD DIR MIN PSBL S-S WX SPD DR
================================================================================
1 81 52 67 14 0 2 0.00 M M 4.4 16 210 M M 1 8 19 230
2 72 63 68 14 0 3 0.06 M M 7.0 20 320 M M 7 1 25 320
3 83 61 72 18 0 7 0.01 M M 10.8 33 220 M M 6 41 230
4 78 54 66 12 0 1 0.01 M M 7.0 21 290 M M 2 28 300
5 73 49 61 7 4 0 0.00 M M 4.9 13 30 M M 0 18 50
6 79 49 64 9 1 0 0.00 M M 4.9 12 200 M M 1 15 180
7 83 61 72 17 0 7 0.00 M M 9.5 20 300 M M 2 1 27 20
8 67 45 56 1 9 0 0.00 M M 6.5 22 20 M M 0 29 20
9 69 44 57 2 8 0 0.00 M M 4.0 9 250 M M 2 12 80
10 64 54 59 3 6 0 0.24 M M 8.1 16 250 M M 8 1 21 240
11 62 44 53 -3 12 0 0.00 M M 4.5 12 320 M M 0 18 320
12 54 45 50 -6 15 0 0.41 M M 5.7 14 50 M M 8 1 19 50
13 54 41 48 -8 17 0 0.00 M M 5.6 13 340 M M 7 1 17 360
14 56 36 46 -10 19 0 0.00 M M 8.0 18 290 M M 0 1 27 290
15 60 29 45 -12 20 0 0.00 M M 4.3 15 20 M M 0 20 20
16 69 31 50 -7 15 0 0.00 M M 4.8 15 230 M M 0 8 20 230
17 77 45 61 4 4 0 0.29 M M 9.6 26 200 M M 5 1 36 200
18 62 48 55 -3 10 0 0.10 M M 8.7 21 280 M M 6 1 27 290
19 58 43 51 -7 14 0 0.00 M M 4.7 14 300 M M 0 17 320
20 58 35 47 -11 18 0 0.00 M M 6.1 15 20 M M 1 21 40
21 64 31 48 -10 17 0 0.00 M M 3.2 13 40 M M 0 16 70
22 65 41 53 -5 12 0 T M M 2.6 12 150 M M 9 1 15 150
23 83 59 71 12 0 6 0.00 M M 9.2 20 220 M M 4 12 26 240
24 85 57 71 12 0 6 0.00 M M 9.6 22 230 M M 0 27 220
25 74 60 67 8 0 2 0.12 M M 8.6 17 220 M M 3 18 22 210
26 72 63 68 8 0 3 0.56 M M 6.0 21 300 M M 5 13 28 300
27 69 65 67 7 0 2 0.46 M M 9.5 23 290 M M 8 13 32 310
28 76 58 67 7 0 2 0.00 M M 5.1 17 350 M M 3 12 24 340
29 64 45 55 -5 10 0 0.00 M M 7.4 22 360 M M 0 29 10
30 73 41 57 -3 8 0 0.00 M M 2.4 14 160 M M 0 18 150
31 82 46 64 3 1 0 0.00 M M 8.4 21 190 M M 1 26 180
================================================================================
SM 2166 1495 220 41 2.26 M 201.1 M 89
================================================================================
AV 69.9 48.2 6.5 FASTST M M 3 MAX(MPH)
MISC ----> 33 220 41 230
================================================================================
NOTES:
# LAST OF SEVERAL OCCURRENCES
COLUMN 17 PEAK WIND IN M.P.H.
PRELIMINARY LOCAL CLIMATOLOGICAL DATA (WS FORM: F-6) , PAGE 2
STATION: ORANGEBURG AIRPORT SC
MONTH: MARCH
YEAR: 2023
LATITUDE: 33 27 N
LONGITUDE: 80 51 W
[TEMPERATURE DATA] [PRECIPITATION DATA] SYMBOLS USED IN COLUMN 16
AVERAGE MONTHLY: 59.0 TOTAL FOR MONTH: 2.26 1 = FOG OR MIST
DPTR FM NORMAL: 1.9 DPTR FM NORMAL: -1.34 2 = FOG REDUCING VISIBILITY
HIGHEST: 85 ON 24 GRTST 24HR 0.64 ON 26-27 TO 1/4 MILE OR LESS
LOWEST: 29 ON 15 3 = THUNDER
SNOW, ICE PELLETS, HAIL 4 = ICE PELLETS
TOTAL MONTH: M 5 = HAIL
GRTST 24HR M ON M 6 = FREEZING RAIN OR DRIZZLE
GRTST DEPTH: M ON M 7 = DUSTSTORM OR SANDSTORM:
VSBY 1/2 MILE OR LESS
8 = SMOKE OR HAZE
[NO. OF DAYS WITH] [WEATHER - DAYS WITH] 9 = BLOWING SNOW
X = TORNADO
MAX 32 OR BELOW: 0 0.01 INCH OR MORE: 10
MAX 90 OR ABOVE: 0 0.10 INCH OR MORE: 7
MIN 32 OR BELOW: 3 0.50 INCH OR MORE: 1
MIN 0 OR BELOW: 0 1.00 INCH OR MORE: 0
[HDD (BASE 65) ]
TOTAL THIS MO. 220 CLEAR (SCALE 0-3) 19
DPTR FM NORMAL -50 PTCLDY (SCALE 4-7) 10
TOTAL FM JUL 1 1666 CLOUDY (SCALE 8-10) 2
DPTR FM NORMAL -422
[CDD (BASE 65) ]
TOTAL THIS MO. 41
DPTR FM NORMAL 18 [PRESSURE DATA]
TOTAL FM JAN 1 76 HIGHEST SLP 30.46 ON 21
DPTR FM NORMAL 43 LOWEST SLP 29.55 ON 3
[REMARKS]
#FINAL-03-23#