000
CXUS52 KCAE 011400
CF6OGB
PRELIMINARY LOCAL CLIMATOLOGICAL DATA (WS FORM: F-6)
STATION: ORANGEBURG AIRPORT SC
MONTH: OCTOBER
YEAR: 2022
LATITUDE: 33 27 N
LONGITUDE: 80 51 W
TEMPERATURE IN F: :PCPN: SNOW: WIND :SUNSHINE: SKY :PK WND
================================================================================
1 2 3 4 5 6A 6B 7 8 9 10 11 12 13 14 15 16 17 18
12Z AVG MX 2MIN
DY MAX MIN AVG DEP HDD CDD WTR SNW DPTH SPD SPD DIR MIN PSBL S-S WX SPD DR
================================================================================
1 75 56 66 -6 0 1 0.00 M M 5.7 14 180 M M 9 21 260
2 74 59 67 -4 0 2 0.00 M M 5.6 14 20 M M 8 21 20
3 66 54 60 -11 5 0 T M M 8.1 17 40 M M 6 24 30
4 74 47 61 -9 4 0 0.00 M M 3.5 12 310 M M 0 17 30
5 77 48 63 -7 2 0 0.00 M M 3.4 12 310 M M 1 18 340
6 82 50 66 -4 0 1 0.00 M M 0.9 10 290 M M 0 1 13 290
7 84 51 68 -1 0 3 0.00 M M 1.6 10 230 M M 0 1 14 240
8 78 54 66 -3 0 1 0.00 M M 4.6 15 40 M M 0 22 30
9 75 56 66 -3 0 1 T M M 5.0 12 60 M M 8 16 70
10 75 60 68 0 0 3 0.02 M M 6.1 13 10 M M 7 1 15 10
11 77 61 69 1 0 4 0.00 M M 5.4 13 50 M M 7 17 80
12 81 62 72 5 0 7 0.78 M M 6.1 14 140 M M 4 1 18 150
13 76 63 70 3 0 5 0.02 M M 4.6 14 250 M M 6 1 17 110
14 74 52 63 -4 2 0 0.00 M M 3.4 10 290 M M 0 14 20
15 80 48 64 -2 1 0 0.00 M M 1.6 9 180 M M 0 1 11 170
16 83 51 67 1 0 2 0.00 M M 3.3 10 180 M M 0 1 14 300
17 82 61 72 6 0 7 0.00 M M 8.8 22 240 M M 1 29 240
18 66 45 56 -9 9 0 0.00 M M 6.8 15 280 M M 1 19 300
19 61 35 48 -17 17 0 0.00 M M 3.5 14 270 M M 0 17 280
20 67 35 51 -13 14 0 0.00 M M 2.5 15 190 M M 0 1 20 190
21 70 37 54 -10 11 0 0.00 M M 0.8 9 80 M M 0 1 13 10
22 74 39 57 -7 8 0 0.00 M M 2.0 13 30 M M 0 16 10
23 76 47 62 -1 3 0 0.00 M M 2.7 14 10 M M 0 1 19 20
24 77 44 61 -2 4 0 0.00 M M 1.6 10 30 M M 0 1 13 330
25 77 43 60 -2 5 0 0.00 M M 1.7 9 170 M M 0 1 13 150
26 80 54 67 5 0 2 0.04 M M 5.0 16 220 M M 5 1 20 230
27 73 55 64 2 1 0 0.00 M M 8.0 16 30 M M 5 1 23 30
28 75 56 66 5 0 1 0.00 M M 8.8 16 20 M M 6 22 40
29 63 57 60 -1 5 0 0.03 M M 8.1 14 40 M M 10 1 20 40
30 62 57 60 -1 5 0 0.11 M M 5.7 10 60 M M 10 1 15 100
31 82 57 70 10 0 5 T M M 4.1 15 190 M M 6 1 20 180
================================================================================
SM 2316 1594 96 45 1.00 M 139.0 M 100
================================================================================
AV 74.7 51.4 4.5 FASTST M M 3 MAX(MPH)
MISC ----> 22 240 29 240
================================================================================
NOTES:
# LAST OF SEVERAL OCCURRENCES
COLUMN 17 PEAK WIND IN M.P.H.
PRELIMINARY LOCAL CLIMATOLOGICAL DATA (WS FORM: F-6) , PAGE 2
STATION: ORANGEBURG AIRPORT SC
MONTH: OCTOBER
YEAR: 2022
LATITUDE: 33 27 N
LONGITUDE: 80 51 W
[TEMPERATURE DATA] [PRECIPITATION DATA] SYMBOLS USED IN COLUMN 16
AVERAGE MONTHLY: 63.1 TOTAL FOR MONTH: 1.00 1 = FOG OR MIST
DPTR FM NORMAL: -2.8 DPTR FM NORMAL: -2.16 2 = FOG REDUCING VISIBILITY
HIGHEST: 84 ON 7 GRTST 24HR 0.90 ON 30- 1 TO 1/4 MILE OR LESS
LOWEST: 35 ON 20,19 3 = THUNDER
SNOW, ICE PELLETS, HAIL 4 = ICE PELLETS
TOTAL MONTH: M 5 = HAIL
GRTST 24HR M ON M 6 = FREEZING RAIN OR DRIZZLE
GRTST DEPTH: M ON M 7 = DUSTSTORM OR SANDSTORM:
VSBY 1/2 MILE OR LESS
8 = SMOKE OR HAZE
[NO. OF DAYS WITH] [WEATHER - DAYS WITH] 9 = BLOWING SNOW
X = TORNADO
MAX 32 OR BELOW: 0 0.01 INCH OR MORE: 6
MAX 90 OR ABOVE: 0 0.10 INCH OR MORE: 2
MIN 32 OR BELOW: 0 0.50 INCH OR MORE: 1
MIN 0 OR BELOW: 0 1.00 INCH OR MORE: 0
[HDD (BASE 65) ]
TOTAL THIS MO. 96 CLEAR (SCALE 0-3) 17
DPTR FM NORMAL 17 PTCLDY (SCALE 4-7) 11
TOTAL FM JUL 1 105 CLOUDY (SCALE 8-10) 3
DPTR FM NORMAL 22
[CDD (BASE 65) ]
TOTAL THIS MO. 45
DPTR FM NORMAL -62 [PRESSURE DATA]
TOTAL FM JAN 1 2260 HIGHEST SLP 30.33 ON 29
DPTR FM NORMAL 48 LOWEST SLP 29.68 ON 17
[REMARKS]
#FINAL-10-22#