000
CXHW52 PHFO 011250
CF6OGG
PRELIMINARY LOCAL CLIMATOLOGICAL DATA (WS FORM: F-6)
STATION: KAHULUI HI
MONTH: JULY
YEAR: 2023
LATITUDE: 20 53 N
LONGITUDE: 156 26 W
TEMPERATURE IN F: :PCPN: SNOW: WIND :SUNSHINE: SKY :PK WND
================================================================================
1 2 3 4 5 6A 6B 7 8 9 10 11 12 13 14 15 16 17 18
12Z AVG MX 2MIN
DY MAX MIN AVG DEP HDD CDD WTR SNW DPTH SPD SPD DIR MIN PSBL S-S WX SPD DR
================================================================================
1 90 67 79 -1 0 14 0.00 M M 14.2 28 40 M M 2 8 34 50
2 90 65 78 -2 0 13 0.00 M M 14.0 28 30 M M 2 33 30
3 94 71 83 3 0 18 T M M 15.5 26 50 M M 3 34 50
4 88 75 82 2 0 17 0.00 M M 17.9 29 30 M M 2 35 30
5 88 73 81 1 0 16 0.01 M M 16.6 28 70 M M 3 39 80
6 89 74 82 2 0 17 0.00 M M 16.7 26 70 M M 4 35 70
7 86 72 79 -1 0 14 0.03 M M 14.4 28 60 M M 6 1 36 60
8 86 72 79 -1 0 14 0.10 M M 15.7 30 50 M M 5 1 37 60
9 88 72 80 0 0 15 T M M 15.5 29 50 M M 3 36 40
10 90 72 81 1 0 16 0.03 M M 15.0 28 40 M M 4 36 80
11 91 68 80 0 0 15 0.00 M M 15.9 35 40 M M 3 40 40
12 89 67 78 -2 0 13 0.00 M M 13.6 29 40 M M 2 36 60
13 89 70 80 0 0 15 0.00 M M 16.5 29 40 M M 1 37 50
14 87 75 81 1 0 16 0.00 M M 15.6 26 40 M M 1 31 30
15 87 72 80 0 0 15 T M M 16.8 30 40 M M 4 35 40
16 89 71 80 0 0 15 T M M 14.7 28 40 M M 5 33 40
17 90 74 82 2 0 17 0.00 M M 17.3 30 50 M M 3 38 50
18 89 75 82 1 0 17 0.04 M M 19.2 33 40 M M 4 18 41 30
19 81 75 78 -3 0 13 0.15 M M 20.7 29 50 M M 8 18 39 50
20 87 74 81 0 0 16 0.00 M M 19.0 30 40 M M 3 35 40
21 89 73 81 0 0 16 0.00 M M 18.3 31 40 M M 3 39 40
22 90 72 81 0 0 16 0.00 M M 15.6 30 40 M M 4 36 50
23 89 75 82 1 0 17 0.00 M M 18.3 29 50 M M 4 18 37 40
24 88 75 82 1 0 17 0.00 M M 20.4 33 40 M M 2 40 40
25 87 76 82 1 0 17 0.00 M M 19.2 31 40 M M 2 38 40
26 90 75 83 2 0 18 0.00 M M 19.6 33 40 M M 5 40 40
27 89 74 82 1 0 17 T M M 18.5 30 40 M M 2 38 70
28 87 74 81 0 0 16 T M M 18.8 32 50 M M 2 44 50
29 90 74 82 1 0 17 0.00 M M 18.4 31 40 M M 2 38 40
30 90 71 81 0 0 16 0.00 M M 15.2 26 50 M M 2 34 70
31 88 68 78 -3 0 13 0.00 M M 17.3 31 60 M M 2 18 41 50
================================================================================
SM 2745 2241 0 486 0.36 M 524.4 M 98
================================================================================
AV 88.5 72.3 16.9 FASTST M M 3 MAX(MPH)
MISC ----> 35 40 44 50
================================================================================
NOTES:
# LAST OF SEVERAL OCCURRENCES
COLUMN 17 PEAK WIND IN M.P.H.
PRELIMINARY LOCAL CLIMATOLOGICAL DATA (WS FORM: F-6) , PAGE 2
STATION: KAHULUI HI
MONTH: JULY
YEAR: 2023
LATITUDE: 20 53 N
LONGITUDE: 156 26 W
[TEMPERATURE DATA] [PRECIPITATION DATA] SYMBOLS USED IN COLUMN 16
AVERAGE MONTHLY: 80.4 TOTAL FOR MONTH: 0.36 1 = FOG OR MIST
DPTR FM NORMAL: -0.1 DPTR FM NORMAL: -0.17 2 = FOG REDUCING VISIBILITY
HIGHEST: 94 ON 3 GRTST 24HR 0.19 ON 18-19 TO 1/4 MILE OR LESS
LOWEST: 65 ON 2 3 = THUNDER
SNOW, ICE PELLETS, HAIL 4 = ICE PELLETS
TOTAL MONTH: M 5 = HAIL
GRTST 24HR M ON M 6 = FREEZING RAIN OR DRIZZLE
GRTST DEPTH: M ON M 7 = DUSTSTORM OR SANDSTORM:
VSBY 1/2 MILE OR LESS
8 = SMOKE OR HAZE
[NO. OF DAYS WITH] [WEATHER - DAYS WITH] 9 = BLOWING SNOW
X = TORNADO
MAX 32 OR BELOW: 0 0.01 INCH OR MORE: 6
MAX 90 OR ABOVE: 10 0.10 INCH OR MORE: 2
MIN 32 OR BELOW: 0 0.50 INCH OR MORE: 0
MIN 0 OR BELOW: 0 1.00 INCH OR MORE: 0
[HDD (BASE 65) ]
TOTAL THIS MO. 0 CLEAR (SCALE 0-3) 17
DPTR FM NORMAL 0 PTCLDY (SCALE 4-7) 14
TOTAL FM JUL 1 0 CLOUDY (SCALE 8-10) 0
DPTR FM NORMAL 0
[CDD (BASE 65) ]
TOTAL THIS MO. 486
DPTR FM NORMAL 6 [PRESSURE DATA]
TOTAL FM JAN 1 2351 HIGHEST SLP 30.15 ON 25
DPTR FM NORMAL 3 LOWEST SLP 29.93 ON 16
[REMARKS]
#FINAL-07-23#