000
CXUS53 KEAX 010836
CF6OJC
PRELIMINARY LOCAL CLIMATOLOGICAL DATA (WS FORM: F-6)
STATION: JOHNSON COUNTY EXECUTIVE KS
MONTH: FEBRUARY
YEAR: 2023
LATITUDE: 38 50 N
LONGITUDE: 94 44 W
TEMPERATURE IN F: :PCPN: SNOW: WIND :SUNSHINE: SKY :PK WND
================================================================================
1 2 3 4 5 6A 6B 7 8 9 10 11 12 13 14 15 16 17 18
12Z AVG MX 2MIN
DY MAX MIN AVG DEP HDD CDD WTR SNW DPTH SPD SPD DIR MIN PSBL S-S WX SPD DR
================================================================================
1 37 9 23 -8 42 0 0.00 M M 5.7 13 210 M M 0 19 180
2 51 17 34 3 31 0 0.00 M M 9.0 23 360 M M 0 31 360
3 34 10 22 -9 43 0 0.00 M M 8.3 15 160 M M 0 21 10
4 53 31 42 10 23 0 0.00 M M 13.2 23 200 M M 0 33 210
5 61 28 45 13 20 0 0.00 M M 5.3 13 260 M M 0 18 280
6 69 37 53 21 12 0 0.00 M M 16.3 35 170 M M 1 50 170
7 54 32 43 11 22 0 0.00 M M 6.8 15 310 M M 0 23 300
8 43 30 37 5 28 0 0.63 M M 8.4 18 10 M M 6 1 27 10
9 41 33 37 4 28 0 0.62 M M 10.8 21 320 M M 10 1 35 310
10 38 23 31 -2 34 0 0.00 M M 8.0 17 360 M M 3 1 23 10
11 48 17 33 0 32 0 0.00 M M 4.7 12 190 M M 0 16 170
12 61 30 46 12 19 0 0.00 M M 8.9 20 190 M M 0 30 190
13 59 30 45 11 20 0 0.00 M M 7.3 14 160 M M 0 20 160
14 54 42 48 14 17 0 0.38 M M 13.0 30 200 M M 8 13 49 210
15 42 33 38 4 27 0 0.00 M M 11.5 23 40 M M 9 31 40
16 33 20 27 -8 38 0 0.01 M M 10.1 20 60 M M 10 16 28 320
17 44 14 29 -6 36 0 0.00 M M 7.2 15 200 M M 0 22 200
18 52 26 39 4 26 0 0.00 M M 13.3 25 200 M M 1 36 200
19 56 32 44 8 21 0 0.03 M M 7.3 20 200 M M 1 33 200
20 61 31 46 10 19 0 0.00 M M 4.8 15 290 M M 1 1 22 290
21 60 33 47 11 18 0 0.00 M M 10.0 18 140 M M 0 26 140
22 67 31 49 12 16 0 0.21 M M 11.6 31 170 M M 6 1 41 160
23 31 16 24 -13 41 0 0.00 M M 10.9 20 300 M M 2 29 300
24 32 13 23 -15 42 0 0.02 M M 8.2 17 30 M M 5 16 22 30
25 46 23 35 -3 30 0 0.00 M M 5.0 13 190 M M 2 1 18 190
26 61 32 47 9 18 0 0.07 M M 10.0 24 160 M M 8 13 33 150
27 65 46 56 17 9 0 0.42 M M 13.9 33 170 M M 4 13 47 210
28 67 35 51 12 14 0 0.00 M M 8.0 17 100 M M 0 24 150
================================================================================
SM 1420 754 726 0 2.39 M 257.5 M 77
================================================================================
AV 50.7 26.9 9.2 FASTST M M 3 MAX(MPH)
MISC ----> 35 170 50 170
================================================================================
NOTES:
# LAST OF SEVERAL OCCURRENCES
COLUMN 17 PEAK WIND IN M.P.H.
PRELIMINARY LOCAL CLIMATOLOGICAL DATA (WS FORM: F-6) , PAGE 2
STATION: JOHNSON COUNTY EXECUTIVE KS
MONTH: FEBRUARY
YEAR: 2023
LATITUDE: 38 50 N
LONGITUDE: 94 44 W
[TEMPERATURE DATA] [PRECIPITATION DATA] SYMBOLS USED IN COLUMN 16
AVERAGE MONTHLY: 38.8 TOTAL FOR MONTH: 2.39 1 = FOG OR MIST
DPTR FM NORMAL: 4.3 DPTR FM NORMAL: 0.98 2 = FOG REDUCING VISIBILITY
HIGHEST: 69 ON 6 GRTST 24HR 1.25 ON 8- 9 TO 1/4 MILE OR LESS
LOWEST: 9 ON 1 3 = THUNDER
SNOW, ICE PELLETS, HAIL 4 = ICE PELLETS
TOTAL MONTH: M 5 = HAIL
GRTST 24HR M ON M 6 = FREEZING RAIN OR DRIZZLE
GRTST DEPTH: M ON M 7 = DUSTSTORM OR SANDSTORM:
VSBY 1/2 MILE OR LESS
8 = SMOKE OR HAZE
[NO. OF DAYS WITH] [WEATHER - DAYS WITH] 9 = BLOWING SNOW
X = TORNADO
MAX 32 OR BELOW: 2 0.01 INCH OR MORE: 9
MAX 90 OR ABOVE: 0 0.10 INCH OR MORE: 5
MIN 32 OR BELOW: 21 0.50 INCH OR MORE: 2
MIN 0 OR BELOW: 0 1.00 INCH OR MORE: 0
[HDD (BASE 65) ]
TOTAL THIS MO. 726 CLEAR (SCALE 0-3) 19
DPTR FM NORMAL -126 PTCLDY (SCALE 4-7) 5
TOTAL FM JUL 1 3546 CLOUDY (SCALE 8-10) 4
DPTR FM NORMAL -328
[CDD (BASE 65) ]
TOTAL THIS MO. 0
DPTR FM NORMAL 0 [PRESSURE DATA]
TOTAL FM JAN 1 0 HIGHEST SLP 30.67 ON 3
DPTR FM NORMAL 0 LOWEST SLP 29.04 ON 27
[REMARKS]
#FINAL-02-23#