000
CXUS53 KEAX 010836
CF6OJC
PRELIMINARY LOCAL CLIMATOLOGICAL DATA (WS FORM: F-6)
STATION: JOHNSON COUNTY EXECUTIVE KS
MONTH: DECEMBER
YEAR: 2022
LATITUDE: 38 50 N
LONGITUDE: 94 44 W
TEMPERATURE IN F: :PCPN: SNOW: WIND :SUNSHINE: SKY :PK WND
================================================================================
1 2 3 4 5 6A 6B 7 8 9 10 11 12 13 14 15 16 17 18
12Z AVG MX 2MIN
DY MAX MIN AVG DEP HDD CDD WTR SNW DPTH SPD SPD DIR MIN PSBL S-S WX SPD DR
================================================================================
1 50 22 36 -2 29 0 0.00 M M 13.1 25 180 M M 4 37 180
2 59 28 44 6 21 0 0.00 M M 18.8 31 330 M M 3 47 210
3 33 18 26 -11 39 0 0.00 M M 6.2 26 330 M M 0 38 320
4 44 23 34 -3 31 0 0.00 M M 4.8 10 190 M M 0 14 190
5 45 34 40 3 25 0 0.00 M M 5.5 13 190 M M 4 1 17 200
6 44 35 40 4 25 0 T M M 6.2 13 20 M M 9 18 16 40
7 50 39 45 9 20 0 0.00 M M 2.3 7 30 M M 6 8 12 60
8 50 43 47 11 18 0 0.01 M M 7.3 14 270 M M 10 18 20 260
9 48 32 40 5 25 0 0.00 M M 6.3 17 260 M M 8 1 25 260
10 42 27 35 0 30 0 0.05 M M 3.3 10 350 M M 8 12 17 320
11 40 26 33 -2 32 0 0.00 M M 5.4 13 150 M M 10 128 18 150
12 44 37 41 6 24 0 0.22 M M 10.5 18 120 M M 10 1 26 110
13 58 40 49 15 16 0 0.63 M M 10.2 22 160 M M 7 13 32 160
14 40 27 34 0 31 0 0.00 M M 9.1 18 240 M M 4 26 250
15 34 27 31 -3 34 0 0.00 M M 13.1 23 270 M M 9 39 280
16 33 23 28 -6 37 0 0.00 M M 13.1 21 300 M M 6 34 300
17 32 21 27 -6 38 0 T M M 9.7 18 300 M M 5 28 300
18 37 14 26 -7 39 0 0.00 M M 5.4 13 150 M M 0 18 140
19 41 32 37 4 28 0 0.08 M M 7.9 22 190 M M 8 1 36 170
20 36 20 28 -5 37 0 0.00 M M 9.2 16 350 M M 10 1 21 320
21 36 21 29 -3 36 0 T M M 6.2 15 150 M M 9 1 21 150
22 33 -6 14 -18 51 0 0.01 M M 18.1 33 350 M M 8 169 46 360
23 9 -6 2 -30 63 0 0.00 M M 13.8 23 300 M M 2 33 300
24 17 3 10 -22 55 0 0.00 M M 9.6 17 310 M M 4 29 320
25 28 1 15 -17 50 0 T M M 7.5 16 200 M M 2 46 26 200
26 32 6 19 -13 46 0 T M M 8.9 24 330 M M 4 33 350
27 38 7 23 -8 42 0 0.00 M M 13.0 24 180 M M 0 36 170
28 59 37 48 17 17 0 0.00 M M 15.8 26 200 M M 0 8 39 210
29 66 38 52 21 13 0 0.00 M M 14.2 28 210 M M 0 44 210
30 47 32 40 9 25 0 0.00 M M 5.5 14 320 M M 2 21 300
31 60 33 47 16 18 0 0.00 M M 7.9 20 200 M M 4 29 200
================================================================================
SM 1285 734 995 0 1.00 M 287.9 M 156
================================================================================
AV 41.5 23.7 9.3 FASTST M M 5 MAX(MPH)
MISC ----> 33 350 47 210
================================================================================
NOTES:
# LAST OF SEVERAL OCCURRENCES
COLUMN 17 PEAK WIND IN M.P.H.
PRELIMINARY LOCAL CLIMATOLOGICAL DATA (WS FORM: F-6) , PAGE 2
STATION: JOHNSON COUNTY EXECUTIVE KS
MONTH: DECEMBER
YEAR: 2022
LATITUDE: 38 50 N
LONGITUDE: 94 44 W
[TEMPERATURE DATA] [PRECIPITATION DATA] SYMBOLS USED IN COLUMN 16
AVERAGE MONTHLY: 32.6 TOTAL FOR MONTH: 1.00 1 = FOG OR MIST
DPTR FM NORMAL: -1.2 DPTR FM NORMAL: -0.42 2 = FOG REDUCING VISIBILITY
HIGHEST: 66 ON 29 GRTST 24HR 0.85 ON 12-13 TO 1/4 MILE OR LESS
LOWEST: -6 ON 23,22 3 = THUNDER
SNOW, ICE PELLETS, HAIL 4 = ICE PELLETS
TOTAL MONTH: M 5 = HAIL
GRTST 24HR M ON M 6 = FREEZING RAIN OR DRIZZLE
GRTST DEPTH: M ON M 7 = DUSTSTORM OR SANDSTORM:
VSBY 1/2 MILE OR LESS
8 = SMOKE OR HAZE
[NO. OF DAYS WITH] [WEATHER - DAYS WITH] 9 = BLOWING SNOW
X = TORNADO
MAX 32 OR BELOW: 5 0.01 INCH OR MORE: 6
MAX 90 OR ABOVE: 0 0.10 INCH OR MORE: 2
MIN 32 OR BELOW: 22 0.50 INCH OR MORE: 1
MIN 0 OR BELOW: 2 1.00 INCH OR MORE: 0
[HDD (BASE 65) ]
TOTAL THIS MO. 995 CLEAR (SCALE 0-3) 9
DPTR FM NORMAL 28 PTCLDY (SCALE 4-7) 13
TOTAL FM JUL 1 1913 CLOUDY (SCALE 8-10) 9
DPTR FM NORMAL -23
[CDD (BASE 65) ]
TOTAL THIS MO. 0
DPTR FM NORMAL 0 [PRESSURE DATA]
TOTAL FM JAN 1 1736 HIGHEST SLP 30.63 ON 3
DPTR FM NORMAL 385 LOWEST SLP 29.51 ON 13
[REMARKS]
#FINAL-12-22#