000
CXUS53 KEAX 022109
CLAOJC
CLIMATE REPORT
NATIONAL WEATHER SERVICE KANSAS CITY/PLEASANT HILL MO
259 PM CST MON JAN 02 2023
...................................
...THE JOHNSON COUNTY EXECUTIVE KS CLIMATE SUMMARY FOR THE YEAR OF 2022...
CLIMATE NORMAL PERIOD: 1991 TO 2020
CLIMATE RECORD PERIOD: 9999 TO 9999
WEATHER OBSERVED NORMAL DEPART LAST YEAR`S
VALUE DATE(S) VALUE FROM VALUE
NORMAL
..............................................................
TEMPERATURE (F)
HIGHEST 101 07/11 98 3
07/23
LOWEST -6 12/22 2 -8
12/23
AVG. MAXIMUM 66.5 64.5 2.0
AVG. MINIMUM 45.3 45.7 -0.4
MEAN 55.9 55.1 0.8
DAYS MAX >= 90 52 33.2 18.8
DAYS MAX <= 32 22 24.2 -2.2
DAYS MIN <= 32 103 101.0 2.0
DAYS MIN <= 0 2 2.4 -0.4
PRECIPITATION (INCHES)
TOTALS 34.61 37.74 -3.13
DAILY AVG. 0.09 0.10 -0.01
DAYS >= .01 92 100.5 -8.5
DAYS >= .10 49 59.1 -10.1
DAYS >= .50 24 24.3 -0.3
DAYS >= 1.00 12 11.0 1.0
GREATEST
24 HR. TOTAL 2.67
DEGREE DAYS
HEATING TOTAL 4923 4926 -3
COOLING TOTAL 1736 1351 385
..............................................................
WIND (MPH)
AVERAGE WIND SPEED 8.8
HIGHEST WIND SPEED/DIRECTION 39/310 DATE 05/15
HIGHEST GUST SPEED/DIRECTION 255/020 DATE 04/16
SKY COVER
POSSIBLE SUNSHINE (PERCENT) MM
AVERAGE SKY COVER 0.28
NUMBER OF DAYS FAIR 241
NUMBER OF DAYS PC 82
NUMBER OF DAYS CLOUDY 42
AVERAGE RH (PERCENT) 62
WEATHER CONDITIONS. NUMBER OF DAYS WITH
THUNDERSTORM 55 MIXED PRECIP 1
HEAVY RAIN 34 RAIN 46
LIGHT RAIN 99 FREEZING RAIN 3
LT FREEZING RAIN 4 HAIL 0
HEAVY SNOW 1 SNOW 5
LIGHT SNOW 29 SLEET 2
FOG 114 FOG W/VIS <= 1/4 MILE 10
HAZE 32
- INDICATES NEGATIVE NUMBERS.
R INDICATES RECORD WAS SET OR TIED.
MM INDICATES DATA IS MISSING.
T INDICATES TRACE AMOUNT.
$$