000
CXUS56 KSGX 011045
CF6OKB
PRELIMINARY LOCAL CLIMATOLOGICAL DATA (WS FORM: F-6)
STATION: OCEANSIDE AIRPORT CA
MONTH: SEPTEMBER
YEAR: 2023
LATITUDE: 33 13 N
LONGITUDE: 117 21 W
TEMPERATURE IN F: :PCPN: SNOW: WIND :SUNSHINE: SKY :PK WND
================================================================================
1 2 3 4 5 6A 6B 7 8 9 10 11 12 13 14 15 16 17 18
12Z AVG MX 2MIN
DY MAX MIN AVG DEP HDD CDD WTR SNW DPTH SPD SPD DIR MIN PSBL S-S WX SPD DR
================================================================================
1 82 65 74 4 0 9 T M M 5.3 13 250 M M 6 18 230
2 81 72 77 7 0 12 0.01 M M 4.2 12 260 M M 8 14 270
3 81 67 74 4 0 9 0.00 M M 7.6 20 290 M M 8 26 290
4 77 59 68 -2 0 3 0.00 M M 3.9 14 260 M M 3 20 240
5 75 65 70 0 0 5 0.00 M M 5.0 12 250 M M 9 15 250
6 79 67 73 3 0 8 0.00 M M 5.0 15 250 M M 6 19 260
7 79 63 71 2 0 6 0.00 M M 5.4 15 260 M M 4 18 250
8 84 62 73 4 0 8 0.00 M M 4.0 14 250 M M 2 17 250
9 84 64 74 5 0 9 0.00 M M 5.6 17 260 M M 0 24 250
10 86 67 77 8 0 12 T M M 4.2 17 250 M M 0 20 250
11 83 65 74 5 0 9 T M M 3.9 16 240 M M 1 23 130
12 79 63 71 2 0 6 0.00 M M 4.6 13 250 M M 3 18 250
13 77 60 69 0 0 4 0.00 M M 4.6 14 260 M M 6 17 240
14 77 62 70 1 0 5 0.00 M M 4.2 13 280 M M 5 18 270
15 73 65 69 0 0 4 0.00 M M 3.4 13 260 M M 10 17 260
16 72 67 70 1 0 5 T M M 3.2 12 290 M M 10 14 300
17 74 65 70 2 0 5 0.02 M M 4.7 10 290 M M 10 14 270
18 77 58 68 0 0 3 0.00 M M 4.2 14 260 M M 5 18 250
19 76 54 65 -3 0 0 0.00 M M 4.0 15 240 M M 5 20 230
20 77 61 69 1 0 4 0.00 M M 4.7 15 260 M M 6 18 240
21 76 57 67 -1 0 2 T M M 3.8 14 270 M M 6 19 260
22 74 56 65 -3 0 0 T M M 3.1 10 260 M M 1 14 250
23 76 54 65 -3 0 0 0.00 M M 4.1 14 250 M M 2 19 250
24 75 62 69 1 0 4 0.00 M M 5.4 14 240 M M 5 19 260
25 75 56 66 -1 0 1 0.00 M M 4.1 17 260 M M 5 22 240
26 76 55 66 -1 0 1 0.00 M M 4.3 15 260 M M 4 18 260
27 77 53 65 -2 0 0 0.00 M M 3.1 12 220 M M 3 14 210
28 73 63 68 1 0 3 0.00 M M 3.7 13 210 M M 9 19 100
29 74 65 70 3 0 5 0.00 M M 5.3 14 250 M M 10 17 240
30 74 60 67 0 0 2 0.10 M M 5.1 17 270 M M 9 23 220
================================================================================
SM 2323 1852 0 144 0.13 M 133.7 M 161
================================================================================
AV 77.4 61.7 4.5 FASTST M M 5 MAX(MPH)
MISC ----> 20 290 26 290
================================================================================
NOTES:
# LAST OF SEVERAL OCCURRENCES
COLUMN 17 PEAK WIND IN M.P.H.
PRELIMINARY LOCAL CLIMATOLOGICAL DATA (WS FORM: F-6) , PAGE 2
STATION: OCEANSIDE AIRPORT CA
MONTH: SEPTEMBER
YEAR: 2023
LATITUDE: 33 13 N
LONGITUDE: 117 21 W
[TEMPERATURE DATA] [PRECIPITATION DATA] SYMBOLS USED IN COLUMN 16
AVERAGE MONTHLY: 69.6 TOTAL FOR MONTH: 0.13 1 = FOG OR MIST
DPTR FM NORMAL: 1.1 DPTR FM NORMAL: 0.00 2 = FOG REDUCING VISIBILITY
HIGHEST: 86 ON 10 GRTST 24HR 0.10 ON 30-30 TO 1/4 MILE OR LESS
LOWEST: 53 ON 27 3 = THUNDER
SNOW, ICE PELLETS, HAIL 4 = ICE PELLETS
TOTAL MONTH: M 5 = HAIL
GRTST 24HR M ON M 6 = FREEZING RAIN OR DRIZZLE
GRTST DEPTH: M ON M 7 = DUSTSTORM OR SANDSTORM:
VSBY 1/2 MILE OR LESS
8 = SMOKE OR HAZE
[NO. OF DAYS WITH] [WEATHER - DAYS WITH] 9 = BLOWING SNOW
X = TORNADO
MAX 32 OR BELOW: 0 0.01 INCH OR MORE: 3
MAX 90 OR ABOVE: 0 0.10 INCH OR MORE: 1
MIN 32 OR BELOW: 0 0.50 INCH OR MORE: 0
MIN 0 OR BELOW: 0 1.00 INCH OR MORE: 0
[HDD (BASE 65) ]
TOTAL THIS MO. 0 CLEAR (SCALE 0-3) 9
DPTR FM NORMAL -10 PTCLDY (SCALE 4-7) 14
TOTAL FM JUL 1 0 CLOUDY (SCALE 8-10) 7
DPTR FM NORMAL -8
[CDD (BASE 65) ]
TOTAL THIS MO. 144
DPTR FM NORMAL 29 [PRESSURE DATA]
TOTAL FM JAN 1 541 HIGHEST SLP 30.07 ON 25
DPTR FM NORMAL 75 LOWEST SLP 29.80 ON 30
[REMARKS]
#FINAL-09-23#