000
CXUS55 KSEW 010930
CF6OLM
PRELIMINARY LOCAL CLIMATOLOGICAL DATA (WS FORM: F-6)
STATION: OLYMPIA WA AIRPORT
MONTH: JUNE
YEAR: 2023
LATITUDE: 46 58 N
LONGITUDE: 122 54 W
TEMPERATURE IN F: :PCPN: SNOW: WIND :SUNSHINE: SKY :PK WND
================================================================================
1 2 3 4 5 6A 6B 7 8 9 10 11 12 13 14 15 16 17 18
12Z AVG MX 2MIN
DY MAX MIN AVG DEP HDD CDD WTR SNW DPTH SPD SPD DIR MIN PSBL S-S WX SPD DR
================================================================================
1 71 46 59 2 6 0 0.00 M M 3.4 13 330 M M 5 18 320
2 74 40 57 0 8 0 0.00 M M 4.0 14 200 M M 0 22 210
3 77 38 58 1 7 0 0.00 M M 5.0 15 320 M M 0 21 280
4 73 39 56 -2 9 0 0.00 M M 6.0 16 20 M M 1 24 10
5 76 37 57 -1 8 0 0.00 M M 8.0 22 10 M M 0 33 20
6 83 39 61 3 4 0 0.00 M M 6.2 16 30 M M 0 26 30
7 88 45 67 9 0 2 0.00 M M 3.7 12 330 M M 0 17 310
8 74 50 62 4 3 0 0.00 M M 7.5 14 210 M M 1 19 220
9 55 52 54 -4 11 0 0.45 M M 5.1 14 210 M M 10 1 20 240
10 62 52 57 -1 8 0 0.11 M M 5.5 10 200 M M 10 1 14 210
11 71 53 62 4 3 0 0.00 M M 6.2 14 360 M M 7 19 10
12 87 49 68 10 0 3 0.00 M M 3.5 12 70 M M 0 1 17 90
13 67 50 59 0 6 0 0.00 M M 13.0 24 230 M M 4 35 220
14 65 46 56 -3 9 0 0.00 M M 8.8 15 210 M M 8 22 220
15 75 40 58 -1 7 0 0.00 M M 3.3 13 310 M M 3 1 15 290
16 70 46 58 -1 7 0 0.09 M M 6.3 15 240 M M 5 1 22 230
17 63 47 55 -4 10 0 0.00 M M 8.6 15 220 M M 5 24 200
18 59 42 51 -8 14 0 0.13 M M 7.3 18 230 M M 5 18 28 230
19 65 40 53 -7 12 0 0.00 M M 7.5 16 230 M M 6 23 220
20 62 49 56 -4 9 0 0.03 M M 4.5 12 250 M M 10 16 210
21 74 43 59 -1 6 0 0.00 M M 4.9 14 30 M M 1 12 19 30
22 79 50 65 5 0 0 0.00 M M 6.0 14 10 M M 0 19 20
23 81 48 65 5 0 0 0.00 M M 5.0 15 220 M M 0 22 220
24 78 49 64 4 1 0 0.00 M M 6.0 12 10 M M 2 16 240
25 82 45 64 4 1 0 0.00 M M 4.4 12 10 M M 1 1 16 310
26 75 49 62 1 3 0 0.00 M M 4.6 12 200 M M 4 16 250
27 74 50 62 1 3 0 0.00 M M 5.7 12 220 M M 4 17 220
28 81 51 66 5 0 1 0.00 M M 4.3 12 210 M M 3 17 240
29 85 49 67 6 0 2 0.00 M M 3.7 13 240 M M 3 18 250
30 81 50 66 4 0 1 0.00 M M 3.3 13 350 M M 3 19 340
================================================================================
SM 2207 1384 155 9 0.81 M 171.3 M 101
================================================================================
AV 73.6 46.1 5.7 FASTST M M 3 MAX(MPH)
MISC ----> 24 230 35 220
================================================================================
NOTES:
# LAST OF SEVERAL OCCURRENCES
COLUMN 17 PEAK WIND IN M.P.H.
PRELIMINARY LOCAL CLIMATOLOGICAL DATA (WS FORM: F-6) , PAGE 2
STATION: OLYMPIA WA AIRPORT
MONTH: JUNE
YEAR: 2023
LATITUDE: 46 58 N
LONGITUDE: 122 54 W
[TEMPERATURE DATA] [PRECIPITATION DATA] SYMBOLS USED IN COLUMN 16
AVERAGE MONTHLY: 59.9 TOTAL FOR MONTH: 0.81 1 = FOG OR MIST
DPTR FM NORMAL: 0.8 DPTR FM NORMAL: -0.65 2 = FOG REDUCING VISIBILITY
HIGHEST: 88 ON 7 GRTST 24HR 0.45 ON 9- 9 TO 1/4 MILE OR LESS
LOWEST: 37 ON 5 3 = THUNDER
SNOW, ICE PELLETS, HAIL 4 = ICE PELLETS
TOTAL MONTH: M 5 = HAIL
GRTST 24HR M ON M 6 = FREEZING RAIN OR DRIZZLE
GRTST DEPTH: M ON M 7 = DUSTSTORM OR SANDSTORM:
VSBY 1/2 MILE OR LESS
8 = SMOKE OR HAZE
[NO. OF DAYS WITH] [WEATHER - DAYS WITH] 9 = BLOWING SNOW
X = TORNADO
MAX 32 OR BELOW: 0 0.01 INCH OR MORE: 5
MAX 90 OR ABOVE: 0 0.10 INCH OR MORE: 3
MIN 32 OR BELOW: 0 0.50 INCH OR MORE: 0
MIN 0 OR BELOW: 0 1.00 INCH OR MORE: 0
[HDD (BASE 65) ]
TOTAL THIS MO. 155 CLEAR (SCALE 0-3) 15
DPTR FM NORMAL -34 PTCLDY (SCALE 4-7) 12
TOTAL FM JUL 1 5151 CLOUDY (SCALE 8-10) 3
DPTR FM NORMAL -226
[CDD (BASE 65) ]
TOTAL THIS MO. 9
DPTR FM NORMAL -3 [PRESSURE DATA]
TOTAL FM JAN 1 31 HIGHEST SLP M ON M
DPTR FM NORMAL 17 LOWEST SLP 29.77 ON 6
[REMARKS]
#FINAL-06-23#