747
CXUS55 KSEW 010930
CF6OLM
PRELIMINARY LOCAL CLIMATOLOGICAL DATA (WS FORM: F-6)
STATION: OLYMPIA WA AIRPORT
MONTH: SEPTEMBER
YEAR: 2020
LATITUDE: 46 58 N
LONGITUDE: 122 54 W
TEMPERATURE IN F: :PCPN: SNOW: WIND :SUNSHINE: SKY :PK WND
================================================================================
1 2 3 4 5 6A 6B 7 8 9 10 11 12 13 14 15 16 17 18
12Z AVG MX 2MIN
DY MAX MIN AVG DEP HDD CDD WTR SNW DPTH SPD SPD DIR MIN PSBL S-S WX SPD DR
================================================================================
1 83 46 65 3 0 0 0.00 0.0 0 4.0 14 20 M M 0 1 17 40
2 83 49 66 4 0 1 0.00 0.0 0 4.8 12 10 M M 1 1 14 30
3 86 52 69 7 0 4 0.00 0.0 0 7.1 17 30 M M 0 24 30
4 84 49 67 5 0 2 0.00 0.0 0 3.5 13 220 M M 0 14 230
5 77 56 67 5 0 2 0.00 0.0 0 3.7 9 20 M M 5 14 80
6 81 49 65 4 0 0 0.00 0.0 0 3.8 14 10 M M 0 20 20
7 84 51 68 7 0 3 0.00 0.0 0 8.9 25 30 M M 2 18 34 30
8 83 44 64 3 1 0 0.00 0.0 0 8.5 23 20 M M 2 8 31 30
9 91 45 68 7 0 3 0.00 0.0 0 5.3 16 30 M M 0 8 20 40
10 91 43 67 7 0 2 0.00 0.0 0 1.7 8 200 M M 4 18 10 190
11 74 46 60 0 5 0 0.00 0.0 0 5.6 10 210 M M 8 128 13 170
12 64 46 55 -5 10 0 0.00 0.0 0 0.6 5 20 M M 10 128 7 200
13 69 46 58 -2 7 0 0.00 0.0 0 0.8 7 20 M M 10 128 8 20
14 71 54 63 3 2 0 0.16 0.0 0 2.3 8 10 M M 10 18 10 350
15 73 61 67 8 0 2 0.01 0.0 0 2.9 12 360 M M 8 18 13 360
16 71 58 65 6 0 0 T 0.0 0 2.6 9 210 M M 8 128 11 210
17 73 55 64 5 1 0 T 0.0 0 2.7 12 60 M M 9 1238 12 50
18 68 59 64 6 1 0 0.51 0.0 0 4.7 10 210 M M 9 18 13 220
19 70 58 64 6 1 0 0.03 0.0 0 7.9 15 230 M M 9 18 19 260
20 70 49 60 2 5 0 0.00 0.0 0 2.5 8 10 M M 6 1 10 260
21 72 47 60 2 5 0 0.00 0.0 0 2.8 9 260 M M 6 1 12 260
22 72 55 64 7 1 0 0.00 0.0 0 4.8 12 240 M M 4 18 250
23 62 56 59 2 6 0 1.23 0.0 0 11.5 22 170 M M 8 1 32 180
24 68 56 62 5 3 0 0.16 0.0 0 9.4 22 190 M M 6 18 26 190
25 62 51 57 1 8 0 0.88 0.0 0 11.4 25 190 M M 7 1 37 180
26 63 52 58 2 7 0 0.35 0.0 0 7.3 20 220 M M 6 1 24 210
27 69 47 58 2 7 0 0.00 0.0 0 3.5 10 30 M M 4 12 14 30
28 75 42 59 3 6 0 0.00 0.0 0 5.2 14 30 M M 1 17 30
29 79 44 62 7 3 0 0.00 0.0 0 3.0 13 30 M M 0 1 18 30
30 77 46 62 7 3 0 0.00 0.0 0 0.9 7 20 M M 2 12 8 10
================================================================================
SM 2245 1512 82 19 3.33 0.0 143.7 M 145
================================================================================
AV 74.8 50.4 4.8 FASTST M M 5 MAX(MPH)
MISC ----> # 25 30 # 37 180
================================================================================
NOTES:
# LAST OF SEVERAL OCCURRENCES
COLUMN 17 PEAK WIND IN M.P.H.
PRELIMINARY LOCAL CLIMATOLOGICAL DATA (WS FORM: F-6) , PAGE 2
STATION: OLYMPIA WA AIRPORT
MONTH: SEPTEMBER
YEAR: 2020
LATITUDE: 46 58 N
LONGITUDE: 122 54 W
[TEMPERATURE DATA] [PRECIPITATION DATA] SYMBOLS USED IN COLUMN 16
AVERAGE MONTHLY: 62.6 TOTAL FOR MONTH: 3.33 1 = FOG OR MIST
DPTR FM NORMAL: 3.7 DPTR FM NORMAL: 1.62 2 = FOG REDUCING VISIBILITY
HIGHEST: 91 ON 10, 9 GRTST 24HR 1.23 ON 23-23 TO 1/4 MILE OR LESS
LOWEST: 42 ON 28 3 = THUNDER
SNOW, ICE PELLETS, HAIL 4 = ICE PELLETS
TOTAL MONTH: 0.0 INCH 5 = HAIL
GRTST 24HR 0.0 6 = FREEZING RAIN OR DRIZZLE
GRTST DEPTH: 0 7 = DUSTSTORM OR SANDSTORM:
VSBY 1/2 MILE OR LESS
8 = SMOKE OR HAZE
[NO. OF DAYS WITH] [WEATHER - DAYS WITH] 9 = BLOWING SNOW
X = TORNADO
MAX 32 OR BELOW: 0 0.01 INCH OR MORE: 8
MAX 90 OR ABOVE: 2 0.10 INCH OR MORE: 6
MIN 32 OR BELOW: 0 0.50 INCH OR MORE: 3
MIN 0 OR BELOW: 0 1.00 INCH OR MORE: 1
[HDD (BASE 65) ]
TOTAL THIS MO. 82 CLEAR (SCALE 0-3) 11
DPTR FM NORMAL -108 PTCLDY (SCALE 4-7) 12
TOTAL FM JUL 1 214 CLOUDY (SCALE 8-10) 7
DPTR FM NORMAL -126
[CDD (BASE 65) ]
TOTAL THIS MO. 19
DPTR FM NORMAL 12 [PRESSURE DATA]
TOTAL FM JAN 1 144 HIGHEST SLP M ON M
DPTR FM NORMAL 38 LOWEST SLP 29.65 ON 25
[REMARKS]
#FINAL-09-20#