626
CXUS53 KOAX 011000
CF6OMA
PRELIMINARY LOCAL CLIMATOLOGICAL DATA (WS FORM: F-6)
STATION: OMAHA NE
MONTH: MAY
YEAR: 2020
LATITUDE: 41 17 N
LONGITUDE: 95 54 W
TEMPERATURE IN F: :PCPN: SNOW: WIND :SUNSHINE: SKY :PK WND
================================================================================
1 2 3 4 5 6A 6B 7 8 9 10 11 12 13 14 15 16 17 18
12Z AVG MX 2MIN
DY MAX MIN AVG DEP HDD CDD WTR SNW DPTH SPD SPD DIR MIN PSBL S-S WX SPD DR
================================================================================
1 86 55 71 13 0 6 0.00 0.0 0 10.3 29 160 M M 5 38 160
2 72 53 63 5 2 0 T 0.0 0 8.3 21 360 M M 8 27 10
3 78 52 65 7 0 0 0.03 0.0 0 3.9 13 210 M M 7 8 17 210
4 61 49 55 -3 10 0 0.14 0.0 0 6.9 21 100 M M 10 1 27 100
5 62 43 53 -6 12 0 0.02 0.0 0 17.2 39 310 M M 4 178 56 320
6 63 40 52 -7 13 0 T 0.0 0 6.5 17 340 M M 6 23 330
7 60 40 50 -10 15 0 0.31 0.0 0 5.9 15 340 M M 8 1 20 340
8 59 37 48 -12 17 0 0.01 0.0 0 13.2 24 340 M M 3 1 31 340
9 68 37 53 -7 12 0 0.03 0.0 0 12.1 31 320 M M 7 1 43 310
10 58 36 47 -13 18 0 0.00 0.0 0 17.3 31 310 M M 4 41 300
11 56 34 45 -16 20 0 0.00 0.0 0 6.0 16 340 M M 8 21 320
12 62 44 53 -8 12 0 0.00 0.0 0 8.0 16 120 M M 9 23 160
13 56 45 51 -10 14 0 0.12 0.0 0 11.5 23 160 M M 9 1 30 170
14 71 55 63 1 2 0 0.03 0.0 0 4.7 15 350 M M 8 128 21 350
15 80 51 66 4 0 1 0.00 0.0 0 5.7 14 30 M M 5 1 18 30
16 75 50 63 1 2 0 0.43 0.0 0 8.6 21 130 M M 10 13 25 150
17 59 52 56 -7 9 0 T 0.0 0 17.4 30 310 M M 9 1 43 320
18 61 52 57 -6 8 0 T 0.0 0 12.7 21 350 M M 10 27 350
19 65 53 59 -4 6 0 T 0.0 0 7.4 13 110 M M 10 1 18 120
20 70 58 64 0 1 0 T 0.0 0 10.3 21 120 M M 10 1 25 110
21 72 60 66 2 0 1 T 0.0 0 11.7 20 130 M M 10 25 140
22 70 61 66 2 0 1 0.27 0.0 0 10.9 21 50 M M 9 1 35 50
23 81 57 69 4 0 4 T 0.0 0 7.2 15 140 M M 7 1 20 150
24 81 61 71 6 0 6 0.73 0.0 0 10.1 28 10 M M 8 13 38 340
25 71 63 67 2 0 2 0.10 0.0 0 6.8 15 10 M M 10 13 19 10
26 66 61 64 -2 1 0 0.50 0.0 0 12.4 23 340 M M 9 1 29 350
27 71 62 67 1 0 2 0.09 0.0 0 8.1 15 350 M M 8 18 19 350
28 82 57 70 4 0 5 0.00 0.0 0 12.1 26 340 M M 8 34 340
29 76 51 64 -3 1 0 0.00 0.0 0 6.7 21 340 M M 1 28 350
30 61 52 57 -10 8 0 0.42 0.0 0 3.3 10 360 M M 9 1 12 360
31 78 58 68 1 0 3 0.02 0.0 0 13.9 29 140 M M 7 1 36 130
================================================================================
SM 2131 1579 183 31 3.25 0.0 297.1 M 236
================================================================================
AV 68.7 50.9 9.6 FASTST M M 8 MAX(MPH)
MISC ----> # 39 310 # 56 320
================================================================================
NOTES:
# LAST OF SEVERAL OCCURRENCES
COLUMN 17 PEAK WIND IN M.P.H.
PRELIMINARY LOCAL CLIMATOLOGICAL DATA (WS FORM: F-6) , PAGE 2
STATION: OMAHA NE
MONTH: MAY
YEAR: 2020
LATITUDE: 41 17 N
LONGITUDE: 95 54 W
[TEMPERATURE DATA] [PRECIPITATION DATA] SYMBOLS USED IN COLUMN 16
AVERAGE MONTHLY: 59.8 TOTAL FOR MONTH: 3.25 1 = FOG OR MIST
DPTR FM NORMAL: -2.5 DPTR FM NORMAL: -1.51 2 = FOG REDUCING VISIBILITY
HIGHEST: 86 ON 1 GRTST 24HR 0.73 ON 24-24 TO 1/4 MILE OR LESS
LOWEST: 34 ON 11 3 = THUNDER
SNOW, ICE PELLETS, HAIL 4 = ICE PELLETS
TOTAL MONTH: 0.0 INCH 5 = HAIL
GRTST 24HR 0.0 6 = FREEZING RAIN OR DRIZZLE
GRTST DEPTH: 0 7 = DUSTSTORM OR SANDSTORM:
VSBY 1/2 MILE OR LESS
8 = SMOKE OR HAZE
[NO. OF DAYS WITH] [WEATHER - DAYS WITH] 9 = BLOWING SNOW
X = TORNADO
MAX 32 OR BELOW: 0 0.01 INCH OR MORE: 16
MAX 90 OR ABOVE: 0 0.10 INCH OR MORE: 9
MIN 32 OR BELOW: 0 0.50 INCH OR MORE: 2
MIN 0 OR BELOW: 0 1.00 INCH OR MORE: 0
[HDD (BASE 65) ]
TOTAL THIS MO. 183 CLEAR (SCALE 0-3) 1
DPTR FM NORMAL 35 PTCLDY (SCALE 4-7) 16
TOTAL FM JUL 1 5737 CLOUDY (SCALE 8-10) 14
DPTR FM NORMAL -413
[CDD (BASE 65) ]
TOTAL THIS MO. 31
DPTR FM NORMAL -35 [PRESSURE DATA]
TOTAL FM JAN 1 41 HIGHEST SLP 30.41 ON 11
DPTR FM NORMAL -41 LOWEST SLP 29.69 ON 24
[REMARKS]
#FINAL-05-20#