000
CXUS53 KOAX 011358
CLMOMA
CLIMATE REPORT
NATIONAL WEATHER SERVICE OMAHA/VALLEY NE
858 AM CDT WED NOV 01 2023
...................................
...THE OMAHA NE CLIMATE SUMMARY FOR THE MONTH OF OCTOBER 2023...
CLIMATE NORMAL PERIOD 1991 TO 2020
CLIMATE RECORD PERIOD 1871 TO 2023
WEATHER OBSERVED NORMAL DEPART
VALUE DATE(S) VALUE FROM
NORMAL
................................................
TEMPERATURE (F)
HIGHEST 92 10/01
LOWEST 22 10/30
10/31
AVG. MAXIMUM 65.8 65.5 0.3
AVG. MINIMUM 44.2 43.2 1.0
MEAN 55.0 54.4 0.6
DAYS MAX >= 90 2
DAYS MAX <= 32 0
DAYS MIN <= 32 5
DAYS MIN <= 0 0
PRECIPITATION (INCHES)
RECORD
MAXIMUM 6.23 2007
MINIMUM T 1952
TOTALS 1.83 2.32 -0.49
DAYS >= .01 10
DAYS >= .10 3
DAYS >= .50 2
DAYS >= 1.00 0
GREATEST
24 HR. TOTAL 0.84 10/03 TO 10/03
SNOWFALL (INCHES)
RECORDS
TOTAL 7.2 1941
TOTALS T 0.5 -0.5
SINCE 7/1 T
DAYS >= 1.0 0
GREATEST
SNOW DEPTH 0
24 HR TOTAL T 10/29 TO 10/29
DEGREE DAYS
HEATING TOTAL 346 351 -5
SINCE 7/1 354 425 -71
COOLING TOTAL 46 21 25
SINCE 1/1 1418 1293 125
................................................
WIND (MPH)
AVERAGE WIND SPEED 10.5
HIGHEST WIND SPEED/DIRECTION 33/270 DATE 10/03
33/330 10/30
HIGHEST GUST SPEED/DIRECTION 47/270 DATE 10/03
47/320 10/30
SKY COVER
AVERAGE SKY COVER 0.50
WEATHER CONDITIONS. NUMBER OF DAYS WITH
THUNDERSTORM 3 MIXED PRECIP 0
HEAVY RAIN 2 RAIN 1
LIGHT RAIN 12 FREEZING RAIN 0
LT FREEZING RAIN 0 HAIL 0
HEAVY SNOW 0 SNOW 0
LIGHT SNOW 1 SLEET 0
FOG 11 FOG W/VIS <= 1/4 MILE 2
HAZE 2
- INDICATES NEGATIVE NUMBERS.
R INDICATES RECORD WAS SET OR TIED.
MM INDICATES DATA IS MISSING.
T INDICATES TRACE AMOUNT.
&&
OCTOBER IN OMAHA WAS SLIGHTLY WARMER AND DRIER THAN NORMAL. THE
MONTH ENDED UP 0.6 DEGREES ABOVE NORMAL FOR AVERAGE TEMPERATURE AND
0.49 INCHES BELOW NORMAL FOR PRECIPITATION.
NEW DAILY RECORDS FOR OCTOBER 2023
DATE RECORD VALUE PREVIOUS RECORD
NONE
$$
DEWALD