000
CXUS56 KOTX 010910
CF6OMK
PRELIMINARY LOCAL CLIMATOLOGICAL DATA (WS FORM: F-6)
STATION: OMAK WA AIRPORT
MONTH: SEPTEMBER
YEAR: 2022
LATITUDE: 48 27 N
LONGITUDE: 119 31 W
TEMPERATURE IN F: :PCPN: SNOW: WIND :SUNSHINE: SKY :PK WND
================================================================================
1 2 3 4 5 6A 6B 7 8 9 10 11 12 13 14 15 16 17 18
12Z AVG MX 2MIN
DY MAX MIN AVG DEP HDD CDD WTR SNW DPTH SPD SPD DIR MIN PSBL S-S WX SPD DR
================================================================================
1 99 59 79 11 0 14 0.00 M M 5.2 16 10 M M 0 22 10
2 98 56 77 9 0 12 0.00 M M 5.8 15 300 M M 0 20 300
3 86 61 74 6 0 9 0.00 M M 4.3 16 180 M M 0 21 190
4 92 54 73 5 0 8 0.00 M M 7.9 18 200 M M 0 24 200
5 86 52 69 2 0 4 0.00 M M 7.0 20 10 M M 0 24 350
6 90 57 74 7 0 9 0.00 M M 8.5 15 20 M M 0 20 320
7 86 50 68 2 0 3 0.00 M M 4.6 15 20 M M 2 8 22 360
8 81 53 67 1 0 2 0.00 M M 13.9 23 20 M M 0 8 32 40
9 84 55 70 4 0 5 0.00 M M 12.2 23 20 M M 0 28 360
10 85 50 68 2 0 3 0.00 M M 7.2 16 350 M M 0 22 350
11 78 45 62 -3 3 0 0.00 M M 3.8 10 180 M M 0 8 14 290
12 71 55 63 -2 2 0 0.03 M M 5.2 17 10 M M 5 8 20 10
13 82 51 67 3 0 2 0.09 M M 6.4 22 10 M M 2 1238 28 10
14 75 57 66 2 0 1 0.14 M M 6.8 15 320 M M 4 13 20 320
15 79 55 67 3 0 2 0.00 M M 5.6 18 200 M M 5 24 200
16 77 52 65 2 0 0 0.00 M M 7.0 20 290 M M 5 25 290
17 73 49 61 -2 4 0 0.00 M M 12.3 18 350 M M 0 23 20
18 77 54 66 3 0 1 0.00 M M 14.6 24 10 M M 1 32 10
19 80 45 63 1 2 0 0.00 M M 14.4 28 10 M M 0 35 10
20 78 49 64 2 1 0 0.00 M M 14.1 26 10 M M 0 34 10
21 82 52 67 6 0 2 0.00 M M 10.9 23 360 M M 0 28 360
22 82 48 65 4 0 0 0.00 M M 5.3 18 320 M M 0 23 320
23 77 47 62 2 3 0 0.00 M M 6.9 16 150 M M 2 21 160
24 80 51 66 6 0 1 0.00 M M 7.0 17 20 M M 0 21 30
25 83 50 67 7 0 2 0.00 M M 6.6 12 10 M M 0 15 180
26 85 48 67 8 0 2 0.00 M M 5.8 12 300 M M 0 13 30
27 89 50 70 11 0 5 0.00 M M 5.6 12 10 M M 0 8 13 20
28 82 49 66 8 0 1 T M M 3.5 12 210 M M 1 15 210
29 73 51 62 4 3 0 0.00 M M 4.5 10 160 M M 7 12 150
30 79 45 62 5 3 0 0.00 M M 4.9 9 170 M M 0 13 160
================================================================================
SM 2469 1550 21 88 0.26 M 227.8 M 34
================================================================================
AV 82.3 51.7 7.6 FASTST M M 1 MAX(MPH)
MISC ----> 28 10 35 10
================================================================================
NOTES:
# LAST OF SEVERAL OCCURRENCES
COLUMN 17 PEAK WIND IN M.P.H.
PRELIMINARY LOCAL CLIMATOLOGICAL DATA (WS FORM: F-6) , PAGE 2
STATION: OMAK WA AIRPORT
MONTH: SEPTEMBER
YEAR: 2022
LATITUDE: 48 27 N
LONGITUDE: 119 31 W
[TEMPERATURE DATA] [PRECIPITATION DATA] SYMBOLS USED IN COLUMN 16
AVERAGE MONTHLY: 67.0 TOTAL FOR MONTH: 0.26 1 = FOG OR MIST
DPTR FM NORMAL: 3.7 DPTR FM NORMAL: -0.14 2 = FOG REDUCING VISIBILITY
HIGHEST: 99 ON 1 GRTST 24HR 0.23 ON 13-14 TO 1/4 MILE OR LESS
LOWEST: 45 ON 30,19 3 = THUNDER
SNOW, ICE PELLETS, HAIL 4 = ICE PELLETS
TOTAL MONTH: M 5 = HAIL
GRTST 24HR M ON M 6 = FREEZING RAIN OR DRIZZLE
GRTST DEPTH: M ON M 7 = DUSTSTORM OR SANDSTORM:
VSBY 1/2 MILE OR LESS
8 = SMOKE OR HAZE
[NO. OF DAYS WITH] [WEATHER - DAYS WITH] 9 = BLOWING SNOW
X = TORNADO
MAX 32 OR BELOW: 0 0.01 INCH OR MORE: 3
MAX 90 OR ABOVE: 4 0.10 INCH OR MORE: 1
MIN 32 OR BELOW: 0 0.50 INCH OR MORE: 0
MIN 0 OR BELOW: 0 1.00 INCH OR MORE: 0
[HDD (BASE 65) ]
TOTAL THIS MO. 21 CLEAR (SCALE 0-3) 25
DPTR FM NORMAL -96 PTCLDY (SCALE 4-7) 5
TOTAL FM JUL 1 25 CLOUDY (SCALE 8-10) 0
DPTR FM NORMAL -112
[CDD (BASE 65) ]
TOTAL THIS MO. 88
DPTR FM NORMAL 22 [PRESSURE DATA]
TOTAL FM JAN 1 934 HIGHEST SLP M ON M
DPTR FM NORMAL 232 LOWEST SLP 29.70 ON 13
[REMARKS]
#FINAL-09-22#