000
CXUS56 KOTX 010910
CF6OMK
PRELIMINARY LOCAL CLIMATOLOGICAL DATA (WS FORM: F-6)
STATION: OMAK WA AIRPORT
MONTH: AUGUST
YEAR: 2022
LATITUDE: 48 27 N
LONGITUDE: 119 31 W
TEMPERATURE IN F: :PCPN: SNOW: WIND :SUNSHINE: SKY :PK WND
================================================================================
1 2 3 4 5 6A 6B 7 8 9 10 11 12 13 14 15 16 17 18
12Z AVG MX 2MIN
DY MAX MIN AVG DEP HDD CDD WTR SNW DPTH SPD SPD DIR MIN PSBL S-S WX SPD DR
================================================================================
1 104 59 82 6 0 17 0.00 M M 7.2 20 280 M M 0 26 290
2 97 57 77 1 0 12 0.00 M M 4.5 14 190 M M 0 18 190
3 97 57 77 1 0 12 0.00 M M 9.2 26 210 M M 0 35 200
4 87 61 74 -2 0 9 0.00 M M 10.9 26 10 M M 0 33 10
5 86 53 70 -5 0 5 0.00 M M 12.8 22 10 M M 1 27 10
6 92 58 75 0 0 10 0.00 M M 10.1 21 30 M M 0 25 30
7 98 58 78 3 0 13 0.00 M M 6.9 13 200 M M 0 16 200
8 102 55 79 4 0 14 0.00 M M 6.1 14 310 M M 0 16 220
9 93 66 80 5 0 15 0.00 M M 12.5 21 360 M M 1 29 10
10 100 72 86 12 0 21 T M M 7.7 15 150 M M 3 8 21 150
11 98 62 80 6 0 15 0.00 M M 5.1 13 210 M M 1 19 190
12 99 66 83 9 0 18 0.00 M M 9.6 17 360 M M 0 22 20
13 93 65 79 5 0 14 0.00 M M 9.3 20 20 M M 0 23 10
14 92 62 77 3 0 12 0.00 M M 8.1 16 10 M M 0 20 10
15 97 63 80 7 0 15 0.00 M M 8.2 15 350 M M 0 19 220
16 97 59 78 5 0 13 0.00 M M 6.2 15 310 M M 0 19 310
17 103 68 86 13 0 21 0.00 M M 9.4 20 10 M M 0 24 10
18 104 72 88 16 0 23 0.00 M M 10.2 16 10 M M 0 20 10
19 99 73 86 14 0 21 0.19 M M 12.3 23 360 M M 1 3 29 20
20 95 69 82 10 0 17 0.02 M M 9.4 18 360 M M 2 24 10
21 98 69 84 12 0 19 0.00 M M 7.6 16 170 M M 0 20 170
22 97 63 80 9 0 15 0.00 M M 8.5 21 10 M M 0 26 10
23 94 65 80 9 0 15 0.03 M M 11.0 25 10 M M 1 31 10
24 97 64 81 10 0 16 0.01 M M 11.6 24 50 M M 0 3 30 50
25 93 61 77 7 0 12 T M M 7.0 22 300 M M 1 3 29 290
26 96 57 77 7 0 12 0.00 M M 8.1 22 300 M M 1 27 300
27 80 55 68 -2 0 3 0.00 M M 11.2 24 10 M M 2 30 10
28 85 49 67 -3 0 2 0.00 M M 6.0 14 210 M M 0 19 200
29 92 50 71 2 0 6 0.00 M M 5.7 15 200 M M 0 17 210
30 98 53 76 7 0 11 0.00 M M 5.6 13 210 M M 0 16 200
31 100 57 79 10 0 14 0.00 M M 6.1 16 30 M M 0 20 30
================================================================================
SM 2963 1898 0 422 0.25 M 264.1 M 14
================================================================================
AV 95.6 61.2 8.5 FASTST M M 0 MAX(MPH)
MISC ----> # 26 10 35 200
================================================================================
NOTES:
# LAST OF SEVERAL OCCURRENCES
COLUMN 17 PEAK WIND IN M.P.H.
PRELIMINARY LOCAL CLIMATOLOGICAL DATA (WS FORM: F-6) , PAGE 2
STATION: OMAK WA AIRPORT
MONTH: AUGUST
YEAR: 2022
LATITUDE: 48 27 N
LONGITUDE: 119 31 W
[TEMPERATURE DATA] [PRECIPITATION DATA] SYMBOLS USED IN COLUMN 16
AVERAGE MONTHLY: 78.4 TOTAL FOR MONTH: 0.25 1 = FOG OR MIST
DPTR FM NORMAL: 5.6 DPTR FM NORMAL: -0.02 2 = FOG REDUCING VISIBILITY
HIGHEST: 104 ON 18, 1 GRTST 24HR 0.19 ON 19-19 TO 1/4 MILE OR LESS
LOWEST: 49 ON 28 3 = THUNDER
SNOW, ICE PELLETS, HAIL 4 = ICE PELLETS
TOTAL MONTH: M 5 = HAIL
GRTST 24HR M ON M 6 = FREEZING RAIN OR DRIZZLE
GRTST DEPTH: M ON M 7 = DUSTSTORM OR SANDSTORM:
VSBY 1/2 MILE OR LESS
8 = SMOKE OR HAZE
[NO. OF DAYS WITH] [WEATHER - DAYS WITH] 9 = BLOWING SNOW
X = TORNADO
MAX 32 OR BELOW: 0 0.01 INCH OR MORE: 4
MAX 90 OR ABOVE: 27 0.10 INCH OR MORE: 1
MIN 32 OR BELOW: 0 0.50 INCH OR MORE: 0
MIN 0 OR BELOW: 0 1.00 INCH OR MORE: 0
[HDD (BASE 65) ]
TOTAL THIS MO. 0 CLEAR (SCALE 0-3) 31
DPTR FM NORMAL -11 PTCLDY (SCALE 4-7) 0
TOTAL FM JUL 1 4 CLOUDY (SCALE 8-10) 0
DPTR FM NORMAL -13
[CDD (BASE 65) ]
TOTAL THIS MO. 422
DPTR FM NORMAL 169 [PRESSURE DATA]
TOTAL FM JAN 1 846 HIGHEST SLP M ON M
DPTR FM NORMAL 210 LOWEST SLP 29.62 ON 26
[REMARKS]
#FINAL-08-22#