000
CXUS53 KARX 012218
CF6ONA
PRELIMINARY LOCAL CLIMATOLOGICAL DATA (WS FORM: F-6)
STATION: WINONA_MUNI_(AWOS) MN
MONTH: JULY
YEAR: 2023
LATITUDE: 44 4 N
LONGITUDE: 91 42 W
TEMPERATURE IN F: :PCPN: SNOW: WIND :SUNSHINE: SKY :PK WND
================================================================================
1 2 3 4 5 6A 6B 7 8 9 10 11 12 13 14 15 16 17 18
12Z AVG MX 2MIN
DY MAX MIN AVG DEP HDD CDD WTR SNW DPTH SPD SPD DIR MIN PSBL S-S WX SPD DR
================================================================================
1 82 64 73 M 0 8 0.00 0.0 0 2.3 8 330 M M 1 M M
2 86 61 74 M 0 9 0.00 0.0 0 1.9 6 310 M M 1 M M
3 91 63 77 M 0 12 0.62 0.0 0 4.3 14 50 M M 2 32 220
4 86 64 75 M 0 10 0.04 0.0 0 3.8 10 110 M M 3 25 0
5 77 61 69 M 0 4 0.14 0.0 0 6.0 14 320 M M 4 18 320
6 72 54 63 M 2 0 0.00 0.0 0 5.1 12 330 M M 3 17 10
7 72 50 61 M 4 0 0.00 0.0 0 2.0 9 250 M M 3 2 M M
8 77 52 65 M 0 0 0.00 0.0 0 3.8 10 330 M M 1 M M
9 82 52 67 M 0 2 0.00 0.0 0 4.3 10 260 M M 1 18 240
10 90 66 78 M 0 13 0.27 0.0 0 6.8 16 340 M M 3 40 340
11 73 61 67 M 0 2 M 0.0 0 1.3 6 340 M M 2 M M
12 66 57 62 M 3 0 0.19 0.0 0 2.8 12 130 M M 8 M M
13 82 61 72 M 0 7 0.57 0.0 0 4.5 17 320 M M 6 1 23 320
14 86 63 75 M 0 10 0.02 0.0 0 2.8 7 240 M M 1 M M
15 81 59 70 M 0 5 0.00 0.0 0 5.3 13 340 M M 0 8 21 340
16 79 54 67 M 0 2 0.00 0.0 0 6.4 15 310 M M 2 23 300
17 72 52 62 M 3 0 0.00 0.0 0 3.6 9 310 M M 4 M M
18 79 52 66 M 0 1 0.00 0.0 0 1.2 6 230 M M 0 M M
19 82 59 71 M 0 6 M 0.0 0 4.4 10 240 M M 2 24 240
20 77 61 69 M 0 4 0.00 0.0 0 6.8 15 340 M M 3 1 24 330
21 82 55 69 M 0 4 0.00 0.0 0 2.9 8 320 M M 2 18 0
22 84 57 71 M 0 6 0.41 0.0 0 3.3 22 340 M M 2 27 340
23 81 55 68 M 0 3 0.00 0.0 0 1.3 5 360 M M 2 12 M M
24 88 61 75 M 0 10 0.00 0.0 0 0.3 5 220 M M 2 128 M M
25 90 64 77 M 0 12 0.00 0.0 0 3.2 9 150 M M 0 1 M M
26 88 68 78 M 0 13 1.00 0.0 0 3.5 10 250 M M 3 3 35 0
27 91 68 80 M 0 15 M 0.0 0 5.0 18 50 M M 2 29 50
28 82 68 75 M 0 10 0.13 0.0 0 3.5 15 130 M M 5 25 290
29 81 61 71 M 0 6 0.00 0.0 0 4.4 10 300 M M 5 18 300
30 79 55 67 M 0 2 0.00 0.0 0 1.9 8 340 M M 1 M M
31 81 54 68 M 0 3 0.00 0.0 0 1.4 7 120 M M 1 2 M M
================================================================================
SM 2519 1832 12 179 3.39 0.0 110.1 M 75
================================================================================
AV 81.3 59.1 3.6 FASTST M M 2 MAX(MPH)
MISC ----> 22 340 40 340
================================================================================
NOTES:
# LAST OF SEVERAL OCCURRENCES
COLUMN 17 PEAK WIND IN M.P.H.
PRELIMINARY LOCAL CLIMATOLOGICAL DATA (WS FORM: F-6) , PAGE 2
STATION: WINONA_MUNI_(AWOS) MN
MONTH: JULY
YEAR: 2023
LATITUDE: 44 4 N
LONGITUDE: 91 42 W
[TEMPERATURE DATA] [PRECIPITATION DATA] SYMBOLS USED IN COLUMN 16
AVERAGE MONTHLY: 70.2 TOTAL FOR MONTH: 3.39 1 = FOG OR MIST
DPTR FM NORMAL: 0.0 DPTR FM NORMAL: M 2 = FOG REDUCING VISIBILITY
HIGHEST: 91 ON 27, 3 GRTST 24HR 1.00 ON 26-26 TO 1/4 MILE OR LESS
LOWEST: 50 ON 7 3 = THUNDER
SNOW, ICE PELLETS, HAIL 4 = ICE PELLETS
TOTAL MONTH: 0.0 INCH 5 = HAIL
GRTST 24HR 0.0 6 = FREEZING RAIN OR DRIZZLE
GRTST DEPTH: 0 7 = DUSTSTORM OR SANDSTORM:
VSBY 1/2 MILE OR LESS
8 = SMOKE OR HAZE
[NO. OF DAYS WITH] [WEATHER - DAYS WITH] 9 = BLOWING SNOW
X = TORNADO
MAX 32 OR BELOW: 0 0.01 INCH OR MORE: 10
MAX 90 OR ABOVE: 4 0.10 INCH OR MORE: 8
MIN 32 OR BELOW: 0 0.50 INCH OR MORE: 3
MIN 0 OR BELOW: 0 1.00 INCH OR MORE: 1
[HDD (BASE 65) ]
TOTAL THIS MO. 12 CLEAR (SCALE 0-3) 23
DPTR FM NORMAL M PTCLDY (SCALE 4-7) 8
TOTAL FM JUL 1 12 CLOUDY (SCALE 8-10) 0
DPTR FM NORMAL M
[CDD (BASE 65) ]
TOTAL THIS MO. 179
DPTR FM NORMAL M [PRESSURE DATA]
TOTAL FM JAN 1 424 HIGHEST SLP M ON M
DPTR FM NORMAL M LOWEST SLP M ON M
[REMARKS]
#FINAL-07-23#