000
CXUS56 KBOI 011002
CF6ONO
PRELIMINARY LOCAL CLIMATOLOGICAL DATA (WS FORM: F-6)
STATION: ONTARIO OR
MONTH: JUNE
YEAR: 2023
LATITUDE: 44 1 N
LONGITUDE: 117 1 W
TEMPERATURE IN F: :PCPN: SNOW: WIND :SUNSHINE: SKY :PK WND
================================================================================
1 2 3 4 5 6A 6B 7 8 9 10 11 12 13 14 15 16 17 18
12Z AVG MX 2MIN
DY MAX MIN AVG DEP HDD CDD WTR SNW DPTH SPD SPD DIR MIN PSBL S-S WX SPD DR
================================================================================
1 83 54 69 3 0 4 0.00 M M 7.5 21 240 M M 0 27 250
2 84 55 70 4 0 5 0.00 M M 8.2 20 310 M M 1 27 10
3 88 61 75 8 0 10 0.00 M M 4.7 13 330 M M 0 18 340
4 91 58 75 8 0 10 0.00 M M 4.1 20 30 M M 0 28 60
5 89 59 74 7 0 9 0.00 M M 4.7 16 40 M M 0 8 24 40
6 92 58 75 8 0 10 T M M 4.5 33 150 M M 1 38 43 150
7 90 60 75 7 0 10 0.00 M M 4.2 21 110 M M 1 31 110
8 80 65 73 5 0 8 0.09 M M 5.2 10 190 M M 7 3 16 140
9 68 61 65 -3 0 0 0.27 M M 3.6 16 160 M M 9 24 140
10 85 58 72 4 0 7 0.00 M M 3.2 10 340 M M 3 17 20
11 90 62 76 8 0 11 0.06 M M 4.4 15 30 M M 2 3 26 60
12 89 60 75 6 0 10 0.00 M M 4.8 16 360 M M 2 23 10
13 88 61 75 6 0 10 0.21 M M 4.2 32 260 M M 2 3 43 260
14 80 56 68 -1 0 3 0.00 M M 12.3 26 330 M M 0 36 330
15 81 56 69 0 0 4 0.00 M M 14.5 28 330 M M 0 38 330
16 83 56 70 0 0 5 0.00 M M 4.6 12 300 M M 0 18 310
17 82 62 72 2 0 7 T M M 4.3 16 170 M M 4 21 180
18 75 55 65 -5 0 0 0.01 M M 9.2 21 330 M M 5 27 330
19 60 47 54 -16 11 0 0.14 M M 6.8 32 280 M M 6 3 43 250
20 68 40 54 -17 11 0 0.00 M M 5.6 20 180 M M 0 27 270
21 75 40 58 -13 7 0 0.00 M M 2.3 10 260 M M 0 17 260
22 81 43 62 -9 3 0 0.00 M M 4.1 9 260 M M 0 13 220
23 89 58 74 2 0 9 0.00 M M 9.6 25 320 M M 1 33 330
24 89 53 71 -1 0 6 0.00 M M 4.4 21 260 M M 1 27 260
25 89 65 77 5 0 12 T M M 7.8 28 330 M M 2 37 330
26 87 62 75 2 0 10 0.04 M M 4.9 22 240 M M 6 3 30 270
27 80 59 70 -3 0 5 0.50 M M 2.6 26 270 M M 6 3 33 270
28 85 55 70 -3 0 5 0.00 M M 4.3 14 340 M M 2 19 30
29 92 57 75 1 0 10 0.00 M M 3.1 10 260 M M 0 15 260
30 97 61 79 5 0 14 0.00 M M 2.2 9 150 M M 0 14 130
================================================================================
SM 2510 1697 32 194 1.32 M 165.9 M 61
================================================================================
AV 83.7 56.6 5.5 FASTST M M 2 MAX(MPH)
MISC ----> 33 150 # 43 150
================================================================================
NOTES:
# LAST OF SEVERAL OCCURRENCES
COLUMN 17 PEAK WIND IN M.P.H.
PRELIMINARY LOCAL CLIMATOLOGICAL DATA (WS FORM: F-6) , PAGE 2
STATION: ONTARIO OR
MONTH: JUNE
YEAR: 2023
LATITUDE: 44 1 N
LONGITUDE: 117 1 W
[TEMPERATURE DATA] [PRECIPITATION DATA] SYMBOLS USED IN COLUMN 16
AVERAGE MONTHLY: 70.1 TOTAL FOR MONTH: 1.32 1 = FOG OR MIST
DPTR FM NORMAL: 0.3 DPTR FM NORMAL: 0.60 2 = FOG REDUCING VISIBILITY
HIGHEST: 97 ON 30 GRTST 24HR 0.54 ON 26-27 TO 1/4 MILE OR LESS
LOWEST: 40 ON 21,20 3 = THUNDER
SNOW, ICE PELLETS, HAIL 4 = ICE PELLETS
TOTAL MONTH: M 5 = HAIL
GRTST 24HR M ON M 6 = FREEZING RAIN OR DRIZZLE
GRTST DEPTH: M ON M 7 = DUSTSTORM OR SANDSTORM:
VSBY 1/2 MILE OR LESS
8 = SMOKE OR HAZE
[NO. OF DAYS WITH] [WEATHER - DAYS WITH] 9 = BLOWING SNOW
X = TORNADO
MAX 32 OR BELOW: 0 0.01 INCH OR MORE: 8
MAX 90 OR ABOVE: 6 0.10 INCH OR MORE: 4
MIN 32 OR BELOW: 0 0.50 INCH OR MORE: 1
MIN 0 OR BELOW: 0 1.00 INCH OR MORE: 0
[HDD (BASE 65) ]
TOTAL THIS MO. 32 CLEAR (SCALE 0-3) 23
DPTR FM NORMAL 0 PTCLDY (SCALE 4-7) 6
TOTAL FM JUL 1 5460 CLOUDY (SCALE 8-10) 1
DPTR FM NORMAL 261
[CDD (BASE 65) ]
TOTAL THIS MO. 194
DPTR FM NORMAL 18 [PRESSURE DATA]
TOTAL FM JAN 1 291 HIGHEST SLP M ON M
DPTR FM NORMAL 56 LOWEST SLP 29.65 ON 6
[REMARKS]
#FINAL-06-23#