000
CXUS56 KBOI 011002
CF6ONO
PRELIMINARY LOCAL CLIMATOLOGICAL DATA (WS FORM: F-6)
STATION: ONTARIO OR
MONTH: APRIL
YEAR: 2022
LATITUDE: 44 1 N
LONGITUDE: 117 1 W
TEMPERATURE IN F: :PCPN: SNOW: WIND :SUNSHINE: SKY :PK WND
================================================================================
1 2 3 4 5 6A 6B 7 8 9 10 11 12 13 14 15 16 17 18
12Z AVG MX 2MIN
DY MAX MIN AVG DEP HDD CDD WTR SNW DPTH SPD SPD DIR MIN PSBL S-S WX SPD DR
================================================================================
1 61 30 46 -3 19 0 0.00 M M 3.7 12 270 M M M 14 320
2 65 37 51 1 14 0 0.00 M M 8.0 21 310 M M M 31 310
3 69 26 48 -2 17 0 0.00 M M 4.4 14 160 M M M 20 160
4 70 41 56 6 9 0 0.00 M M 14.0 37 290 M M M 8 50 290
5 55 31 43 -7 22 0 0.00 M M 10.8 28 290 M M 3 38 290
6 59 23 41 -9 24 0 0.00 M M 4.3 14 270 M M 0 15 270
7 71 26 49 -1 16 0 0.00 M M 2.4 8 270 M M 0 13 110
8 72 33 53 2 12 0 T M M 8.9 35 330 M M 0 44 340
9 56 30 43 -8 22 0 0.00 M M 11.7 23 330 M M 2 29 330
10 52 25 39 -12 26 0 T M M 6.2 18 290 M M 7 24 300
11 50 36 43 -8 22 0 0.14 M M 13.1 25 280 M M 9 36 160
12 52 35 44 -8 21 0 0.00 M M 11.1 24 290 M M 8 32 300
13 49 29 39 -13 26 0 0.07 M M 5.3 15 10 M M 7 123 23 10
14 50 35 43 -9 22 0 0.06 M M 5.2 17 260 M M 8 25 260
15 53 28 41 -11 24 0 0.00 M M 3.2 22 340 M M 4 26 330
16 58 37 48 -4 17 0 0.18 M M 10.6 30 310 M M 7 1 44 300
17 58 31 45 -8 20 0 0.00 M M 3.4 12 30 M M 5 17 20
18 72 36 54 1 11 0 0.00 M M 4.6 24 260 M M 0 33 270
19 61 39 50 -3 15 0 T M M 10.7 30 300 M M 6 40 300
20 67 32 50 -4 15 0 0.02 M M 6.1 20 330 M M 6 26 150
21 62 43 53 -1 12 0 0.04 M M 7.1 21 150 M M 5 27 140
22 65 36 51 -3 14 0 0.00 M M 11.4 25 340 M M 1 37 330
23 66 42 54 -1 11 0 0.00 M M 10.5 21 330 M M 2 27 300
24 68 33 51 -4 14 0 0.00 M M 4.4 9 260 M M 0 13 170
25 76 34 55 0 10 0 0.00 M M 5.8 22 200 M M 2 29 190
26 65 43 54 -2 11 0 0.14 M M 8.2 20 340 M M 6 3 26 280
27 67 40 54 -2 11 0 0.00 M M 7.7 18 350 M M 2 25 20
28 51 42 47 -9 18 0 0.08 M M 11.2 23 310 M M 7 28 330
29 64 36 50 -7 15 0 0.00 M M 5.5 16 330 M M 4 21 300
30 58 41 50 -7 15 0 0.18 M M 5.0 16 330 M M 8 21 330
================================================================================
SM 1842 1030 505 0 0.91 M 224.5 M 109
================================================================================
AV 61.4 34.3 7.5 FASTST M M 4 MAX(MPH)
MISC ----> 37 290 50 290
================================================================================
NOTES:
# LAST OF SEVERAL OCCURRENCES
COLUMN 17 PEAK WIND IN M.P.H.
PRELIMINARY LOCAL CLIMATOLOGICAL DATA (WS FORM: F-6) , PAGE 2
STATION: ONTARIO OR
MONTH: APRIL
YEAR: 2022
LATITUDE: 44 1 N
LONGITUDE: 117 1 W
[TEMPERATURE DATA] [PRECIPITATION DATA] SYMBOLS USED IN COLUMN 16
AVERAGE MONTHLY: 47.9 TOTAL FOR MONTH: 0.91 1 = FOG OR MIST
DPTR FM NORMAL: -4.8 DPTR FM NORMAL: 0.14 2 = FOG REDUCING VISIBILITY
HIGHEST: 76 ON 25 GRTST 24HR 0.18 ON 30-30 TO 1/4 MILE OR LESS
LOWEST: 23 ON 6 3 = THUNDER
SNOW, ICE PELLETS, HAIL 4 = ICE PELLETS
TOTAL MONTH: M 5 = HAIL
GRTST 24HR M ON M 6 = FREEZING RAIN OR DRIZZLE
GRTST DEPTH: M ON M 7 = DUSTSTORM OR SANDSTORM:
VSBY 1/2 MILE OR LESS
8 = SMOKE OR HAZE
[NO. OF DAYS WITH] [WEATHER - DAYS WITH] 9 = BLOWING SNOW
X = TORNADO
MAX 32 OR BELOW: 0 0.01 INCH OR MORE: 9
MAX 90 OR ABOVE: 0 0.10 INCH OR MORE: 4
MIN 32 OR BELOW: 11 0.50 INCH OR MORE: 0
MIN 0 OR BELOW: 0 1.00 INCH OR MORE: 0
[HDD (BASE 65) ]
TOTAL THIS MO. 505 CLEAR (SCALE 0-3) 10
DPTR FM NORMAL 134 PTCLDY (SCALE 4-7) 14
TOTAL FM JUL 1 5061 CLOUDY (SCALE 8-10) 6
DPTR FM NORMAL 41
[CDD (BASE 65) ]
TOTAL THIS MO. 0
DPTR FM NORMAL -2 [PRESSURE DATA]
TOTAL FM JAN 1 0 HIGHEST SLP M ON M
DPTR FM NORMAL -2 LOWEST SLP 29.35 ON 11
[REMARKS]
#FINAL-04-22#