000
CXUS52 KMFL 011130
CF6OPF
PRELIMINARY LOCAL CLIMATOLOGICAL DATA (WS FORM: F-6)
STATION: OPA-LOCKA ARPT
MONTH: FEBRUARY
YEAR: 2021
LATITUDE: 25 53 N
LONGITUDE: 80 17 W
TEMPERATURE IN F: :PCPN: SNOW: WIND :SUNSHINE: SKY :PK WND
================================================================================
1 2 3 4 5 6A 6B 7 8 9 10 11 12 13 14 15 16 17 18
12Z AVG MX 2MIN
DY MAX MIN AVG DEP HDD CDD WTR SNW DPTH SPD SPD DIR MIN PSBL S-S WX SPD DR
================================================================================
1 76 54 65 -3 0 0 T 0.0 M 16.2 30 290 M M 4 38 290
2 65 50 58 -10 7 0 0.00 0.0 0 17.3 26 280 M M 3 33 270
3 66 47 57 -11 8 0 0.00 M 0 9.4 20 310 M M 0 25 340
4 73 43 58 -10 7 0 0.00 0.0 M 5.4 13 160 M M 0 19 170
5 77 51 64 -4 1 0 0.00 0.0 M 6.8 16 170 M M 2 20 160
6 82 66 74 6 0 9 0.24 0.0 M 7.5 21 170 M M 7 1 27 160
7 84 70 77 9 0 12 0.00 0.0 M 10.1 24 250 M M 4 1 37 200
8 83 70 77 8 0 12 1.80 M M 6.3 18 360 M M 6 13 21 360
9 82 67 75 6 0 10 0.00 M M 5.9 16 140 M M 2 12 23 160
10 83 65 74 5 0 9 0.00 M M 6.8 15 110 M M 1 1 21 110
11 82 69 76 7 0 11 0.00 0.0 M 9.2 18 130 M M 3 23 130
12 84 68 76 7 0 11 0.00 M M 7.7 18 130 M M 3 8 22 130
13 84 73 79 10 0 14 0.04 M M 12.8 22 160 M M 5 27 160
14 85 75 80 11 0 15 T M M 12.3 22 160 M M 4 28 150
15 86 74 80 11 0 15 0.01 M M 11.2 22 150 M M 4 3 27 150
16 84 71 78 9 0 13 0.70 M M 9.0 20 190 M M 7 138 27 290
17 84 72 78 8 0 13 0.00 M M 9.4 20 170 M M 6 38 24 160
18 85 72 79 9 0 14 0.00 0.0 M 12.5 21 170 M M 2 8 26 160
19 85 67 76 6 0 11 0.43 0.0 M 10.8 24 270 M M 5 1 34 230
20 76 61 69 -1 0 4 0.00 0.0 M 12.9 22 30 M M 5 27 360
21 77 61 69 -1 0 4 0.01 0.0 M 16.2 26 80 M M 5 33 60
22 81 68 75 5 0 10 0.01 0.0 M 11.8 20 120 M M 5 24 130
23 83 70 77 7 0 12 0.09 0.0 M 7.8 20 290 M M 6 1 26 290
24 80 67 74 4 0 9 0.12 M M 5.1 18 190 M M 6 1 21 200
25 85 65 75 5 0 10 0.00 M M 4.7 12 120 M M 3 128 14 330
26 83 67 75 5 0 10 0.00 M M 6.4 16 130 M M 2 8 22 90
27 84 72 78 8 0 13 0.00 M M 12.4 21 140 M M 3 25 120
28 84 73 79 9 0 14 T M M 13.3 23 130 M M 3 8 29 130
================================================================================
SM 2263 1828 23 255 3.45 0.0 277.2 M 106
================================================================================
AV 80.8 65.3 9.9 FASTST M M 4 MAX(MPH)
MISC ----> 30 290 38 290
================================================================================
NOTES:
# LAST OF SEVERAL OCCURRENCES
COLUMN 17 PEAK WIND IN M.P.H.
PRELIMINARY LOCAL CLIMATOLOGICAL DATA (WS FORM: F-6) , PAGE 2
STATION: OPA-LOCKA ARPT
MONTH: FEBRUARY
YEAR: 2021
LATITUDE: 25 53 N
LONGITUDE: 80 17 W
[TEMPERATURE DATA] [PRECIPITATION DATA] SYMBOLS USED IN COLUMN 16
AVERAGE MONTHLY: 73.1 TOTAL FOR MONTH: 3.45 1 = FOG OR MIST
DPTR FM NORMAL: 3.9 DPTR FM NORMAL: 0.96 2 = FOG REDUCING VISIBILITY
HIGHEST: 86 ON 15 GRTST 24HR 1.80 ON 8- 8 TO 1/4 MILE OR LESS
LOWEST: 43 ON 4 3 = THUNDER
SNOW, ICE PELLETS, HAIL 4 = ICE PELLETS
TOTAL MONTH: 0.0 INCH 5 = HAIL
GRTST 24HR 0.0 6 = FREEZING RAIN OR DRIZZLE
GRTST DEPTH: 0 7 = DUSTSTORM OR SANDSTORM:
VSBY 1/2 MILE OR LESS
8 = SMOKE OR HAZE
[NO. OF DAYS WITH] [WEATHER - DAYS WITH] 9 = BLOWING SNOW
X = TORNADO
MAX 32 OR BELOW: 0 0.01 INCH OR MORE: 10
MAX 90 OR ABOVE: 0 0.10 INCH OR MORE: 5
MIN 32 OR BELOW: 0 0.50 INCH OR MORE: 2
MIN 0 OR BELOW: 0 1.00 INCH OR MORE: 1
[HDD (BASE 65) ]
TOTAL THIS MO. 23 CLEAR (SCALE 0-3) 10
DPTR FM NORMAL -7 PTCLDY (SCALE 4-7) 18
TOTAL FM JUL 1 107 CLOUDY (SCALE 8-10) 0
DPTR FM NORMAL -19
[CDD (BASE 65) ]
TOTAL THIS MO. 255
DPTR FM NORMAL 108 [PRESSURE DATA]
TOTAL FM JAN 1 350 HIGHEST SLP 30.29 ON 21
DPTR FM NORMAL 79 LOWEST SLP 29.81 ON 1
[REMARKS]
#FINAL-02-21#