000
CXUS51 KBOX 060047
CF6ORH
PRELIMINARY LOCAL CLIMATOLOGICAL DATA (WS FORM: F-6)
STATION: WORCESTER MA
MONTH: NOVEMBER
YEAR: 2021
LATITUDE: 42 16 N
LONGITUDE: 71 52 W
TEMPERATURE IN F: :PCPN: SNOW: WIND :SUNSHINE: SKY :PK WND
================================================================================
1 2 3 4 5 6A 6B 7 8 9 10 11 12 13 14 15 16 17 18
12Z AVG MX 2MIN
DY MAX MIN AVG DEP HDD CDD WTR SNW DPTH SPD SPD DIR MIN PSBL S-S WX SPD DR
================================================================================
1 55 38 47 2 18 0 0.00 0.0 M 11.0 25 280 M M 1 38 270
2 52 38 45 0 20 0 0.00 0.0 M 8.9 21 250 M M 5 27 260
3 48 33 41 -3 24 0 0.00 0.0 M 10.1 20 300 M M 2 27 300
4 47 32 40 -4 25 0 0.00 0.0 M 2.5 9 10 M M 2 11 350
5 48 34 41 -3 24 0 0.00 0.0 M 7.3 16 350 M M 0 21 350
6 50 30 40 -4 25 0 0.00 0.0 M 5.7 10 260 M M 0 13 250
7 55 35 45 2 20 0 0.00 0.0 M 4.6 13 260 M M 0 16 280
8 62 40 51 8 14 0 0.00 0.0 M 6.9 15 10 M M 0 20 10
9 65 44 55 13 10 0 0.00 0.0 M 8.7 17 280 M M 2 8 22 290
10 59 39 49 7 16 0 T 0.0 M 8.1 24 310 M M 5 32 300
11 54 36 45 3 20 0 0.00 0.0 M 6.3 12 120 M M 2 17 120
12 61 42 52 11 13 0 0.90 0.0 M 10.0 28 170 M M 8 12 37 170
13 57 35 46 5 19 0 0.29 0.0 M 9.9 36 300 M M 2 13 48 320
14 44 33 39 -2 26 0 0.02 0.0 M 9.3 20 250 M M 4 24 270
15 44 34 39 -1 26 0 0.03 0.0 M 11.9 21 280 M M 5 28 280
16 43 31 37 -3 28 0 0.00 0.0 M 12.1 23 260 M M 2 31 280
17 48 29 39 -1 26 0 0.00 0.0 M 7.3 18 200 M M 3 23 200
18 66 44 55 16 10 0 0.02 0.0 M 13.9 26 300 M M 4 1 33 300
19 44 29 37 -2 28 0 0.14 0.0 M 12.3 25 300 M M 6 1 36 300
20 42 26 34 -5 31 0 0.00 0.0 M 7.3 15 220 M M 0 20 230
21 51 35 43 5 22 0 0.13 0.0 M 11.5 18 230 M M 5 1 25 190
22 51 31 41 3 24 0 0.08 0.0 M 11.6 25 200 M M 6 1 35 200
23 36 24 30 -8 35 0 0.00 0.0 M 13.0 24 320 M M 0 33 320
24 39 23 31 -6 34 0 0.00 0.0 M 13.8 24 320 M M 0 35 310
25 47 29 38 1 27 0 T 0.0 M 9.0 15 270 M M 4 20 280
26 42 31 37 0 28 0 0.06 1.7 M 13.6 28 290 M M 10 1 36 300
27 32 24 28 -8 37 0 0.00 0.0 M 17.1 31 290 M M 2 1 45 310
28 31 23 27 -9 38 0 0.00 0.0 M 5.9 15 250 M M 7 18 260
29 35 25 30 -6 35 0 0.00 0.0 M 8.1 18 310 M M 6 23 310
30 36 21 29 -6 36 0 0.00 0.0 M 10.7 17 240 M M 4 23 230
================================================================================
SM 1444 968 739 0 1.67 1.7 288.4 M 97
================================================================================
AV 48.1 32.3 9.6 FASTST M M 3 MAX(MPH)
MISC ----> 36 300 48 320
================================================================================
NOTES:
# LAST OF SEVERAL OCCURRENCES
COLUMN 17 PEAK WIND IN M.P.H.
PRELIMINARY LOCAL CLIMATOLOGICAL DATA (WS FORM: F-6) , PAGE 2
STATION: WORCESTER MA
MONTH: NOVEMBER
YEAR: 2021
LATITUDE: 42 16 N
LONGITUDE: 71 52 W
[TEMPERATURE DATA] [PRECIPITATION DATA] SYMBOLS USED IN COLUMN 16
AVERAGE MONTHLY: 40.2 TOTAL FOR MONTH: 1.67 1 = FOG OR MIST
DPTR FM NORMAL: 0.0 DPTR FM NORMAL: -2.33 2 = FOG REDUCING VISIBILITY
HIGHEST: 66 ON 18 GRTST 24HR 0.90 ON 12-12 TO 1/4 MILE OR LESS
LOWEST: 21 ON 30 3 = THUNDER
SNOW, ICE PELLETS, HAIL 4 = ICE PELLETS
TOTAL MONTH: 1.7 INCHES 5 = HAIL
GRTST 24HR 1.7 ON 26-26 6 = FREEZING RAIN OR DRIZZLE
GRTST DEPTH: M ON M 7 = DUSTSTORM OR SANDSTORM:
VSBY 1/2 MILE OR LESS
8 = SMOKE OR HAZE
[NO. OF DAYS WITH] [WEATHER - DAYS WITH] 9 = BLOWING SNOW
X = TORNADO
MAX 32 OR BELOW: 2 0.01 INCH OR MORE: 9
MAX 90 OR ABOVE: 0 0.10 INCH OR MORE: 4
MIN 32 OR BELOW: 15 0.50 INCH OR MORE: 1
MIN 0 OR BELOW: 0 1.00 INCH OR MORE: 0
[HDD (BASE 65) ]
TOTAL THIS MO. 739 CLEAR (SCALE 0-3) 15
DPTR FM NORMAL -5 PTCLDY (SCALE 4-7) 14
TOTAL FM JUL 1 1117 CLOUDY (SCALE 8-10) 1
DPTR FM NORMAL -249
[CDD (BASE 65) ]
TOTAL THIS MO. 0
DPTR FM NORMAL 0 [PRESSURE DATA]
TOTAL FM JAN 1 653 HIGHEST SLP 30.56 ON 20
DPTR FM NORMAL 152 LOWEST SLP 29.40 ON 26
[REMARKS]
#FINAL-11-21#