000
CXUS52 KMLB 011600
CF6ORL
PRELIMINARY LOCAL CLIMATOLOGICAL DATA (WS FORM: F-6)
STATION: ORLANDO EXEC
MONTH: NOVEMBER
YEAR: 2023
LATITUDE: 28 32 N
LONGITUDE: 81 20 W
TEMPERATURE IN F: :PCPN: SNOW: WIND :SUNSHINE: SKY :PK WND
================================================================================
1 2 3 4 5 6A 6B 7 8 9 10 11 12 13 14 15 16 17 18
12Z AVG MX 2MIN
DY MAX MIN AVG DEP HDD CDD WTR SNW DPTH SPD SPD DIR MIN PSBL S-S WX SPD DR
================================================================================
1 70 56 63 -9 2 0 0.00 0.0 0 12.3 20 20 M M 5 28 40
2 79 54 67 -5 0 2 0.00 0.0 0 10.1 26 70 M M 2 34 70
3 79 60 70 -2 0 5 T 0.0 0 8.8 22 70 M M 4 27 70
4 80 60 70 -1 0 5 0.00 0.0 0 10.7 20 20 M M 5 26 20
5 82 60 71 0 0 6 0.00 0.0 0 7.5 16 350 M M 0 23 350
6 84 56 70 -1 0 5 0.00 0.0 0 5.4 13 30 M M 0 18 30
7 84 60 72 1 0 7 0.00 0.0 0 4.0 12 280 M M 1 14 280
8 85 61 73 3 0 8 0.00 0.0 0 2.5 13 70 M M 0 15 70
9 85 62 74 4 0 9 0.00 0.0 0 2.3 13 80 M M 1 17 60
10 87 66 77 7 0 12 0.00 0.0 0 4.8 15 70 M M 5 17 60
11 88 72 80 10 0 15 T 0.0 0 5.2 15 80 M M 8 12 19 80
12 78 69 74 4 0 9 0.00 0.0 0 7.8 15 30 M M 10 21 30
13 79 68 74 5 0 9 0.03 0.0 0 11.3 17 20 M M 10 18 24 20
14 78 67 73 4 0 8 0.05 0.0 0 12.5 23 70 M M 8 1 31 70
15 76 68 72 3 0 7 0.23 0.0 0 13.8 24 100 M M 9 1 36 100
16 72 68 70 1 0 5 4.39 0.0 0 9.4 20 60 M M 10 1 27 60
17 76 69 73 5 0 8 0.90 0.0 0 8.1 16 350 M M 10 1 23 340
18 80 67 74 6 0 9 0.00 0.0 0 7.6 16 10 M M 6 1 22 330
19 82 63 73 5 0 8 0.00 0.0 0 4.2 9 60 M M 0 13 10
20 84 64 74 6 0 9 0.00 0.0 0 4.4 15 70 M M 5 12 18 90
21 84 66 75 7 0 10 0.00 0.0 0 8.3 20 140 M M 2 1 26 130
22 81 65 73 5 0 8 0.01 0.0 0 10.8 22 230 M M 7 1 30 240
23 72 56 64 -3 1 0 0.00 0.0 0 6.2 13 340 M M 1 17 320
24 64 57 61 -6 4 0 T 0.0 0 5.2 10 360 M M 5 16 340
25 76 60 68 1 0 3 T 0.0 0 7.2 13 30 M M 7 17 10
26 77 65 71 4 0 6 0.07 0.0 0 6.5 18 260 M M 8 1 24 250
27 74 58 66 -1 0 1 T 0.0 0 9.0 22 300 M M 5 31 300
28 58 49 54 -13 11 0 0.00 0.0 0 6.3 13 340 M M 0 20 330
29 69 46 58 -8 7 0 0.00 0.0 0 6.3 12 20 M M 0 16 340
30 75 50 63 -3 2 0 T 0.0 0 6.9 16 120 M M 1 8 23 110
================================================================================
SM 2338 1842 27 174 5.68 0.0 225.4 M 135
================================================================================
AV 77.9 61.4 7.5 FASTST M M 5 MAX(MPH)
MISC ----> 26 70 36 100
================================================================================
NOTES:
# LAST OF SEVERAL OCCURRENCES
COLUMN 17 PEAK WIND IN M.P.H.
PRELIMINARY LOCAL CLIMATOLOGICAL DATA (WS FORM: F-6) , PAGE 2
STATION: ORLANDO EXEC
MONTH: NOVEMBER
YEAR: 2023
LATITUDE: 28 32 N
LONGITUDE: 81 20 W
[TEMPERATURE DATA] [PRECIPITATION DATA] SYMBOLS USED IN COLUMN 16
AVERAGE MONTHLY: 69.7 TOTAL FOR MONTH: 5.68 1 = FOG OR MIST
DPTR FM NORMAL: 0.7 DPTR FM NORMAL: 3.95 2 = FOG REDUCING VISIBILITY
HIGHEST: 88 ON 11 GRTST 24HR 5.06 ON 16-17 TO 1/4 MILE OR LESS
LOWEST: 46 ON 29 3 = THUNDER
SNOW, ICE PELLETS, HAIL 4 = ICE PELLETS
TOTAL MONTH: 0.0 INCH 5 = HAIL
GRTST 24HR 0.0 6 = FREEZING RAIN OR DRIZZLE
GRTST DEPTH: 0 7 = DUSTSTORM OR SANDSTORM:
VSBY 1/2 MILE OR LESS
8 = SMOKE OR HAZE
[NO. OF DAYS WITH] [WEATHER - DAYS WITH] 9 = BLOWING SNOW
X = TORNADO
MAX 32 OR BELOW: 0 0.01 INCH OR MORE: 7
MAX 90 OR ABOVE: 0 0.10 INCH OR MORE: 3
MIN 32 OR BELOW: 0 0.50 INCH OR MORE: 2
MIN 0 OR BELOW: 0 1.00 INCH OR MORE: 1
[HDD (BASE 65) ]
TOTAL THIS MO. 27 CLEAR (SCALE 0-3) 12
DPTR FM NORMAL -9 PTCLDY (SCALE 4-7) 12
TOTAL FM JUL 1 28 CLOUDY (SCALE 8-10) 6
DPTR FM NORMAL -8
[CDD (BASE 65) ]
TOTAL THIS MO. 174
DPTR FM NORMAL 20 [PRESSURE DATA]
TOTAL FM JAN 1 4220 HIGHEST SLP 30.28 ON 2
DPTR FM NORMAL 610 LOWEST SLP 29.73 ON 17
[REMARKS]
#FINAL-11-23#