000
CXAK59 PAFG 011859
CLMOTZ
CLIMATE REPORT
NATIONAL WEATHER SERVICE FAIRBANKS AK
959 AM AKST FRI MAR 01 2024
...................................
...THE KOTZEBUE AK CLIMATE SUMMARY FOR THE MONTH OF FEBRUARY 2024...
CLIMATE NORMAL PERIOD 1991 TO 2020
CLIMATE RECORD PERIOD 1920 TO 2024
WEATHER OBSERVED NORMAL DEPART LAST YEAR`S
VALUE DATE(S) VALUE FROM VALUE DATE(S)
NORMAL
................................................................
TEMPERATURE (F)
RECORD
HIGH 40 02/07/1989
02/11/1980
LOW -52 02/24/1968
02/22/1968
02/19/1964
HIGHEST 34 02/13 MM MM 31 02/23
LOWEST -30 02/03 MM MM -24 02/27
AVG. MAXIMUM 11.7 8.6 3.1 1.7
AVG. MINIMUM -0.6 -5.8 5.2 -11.0
MEAN 5.6 1.4 4.2 -4.7
DAYS MAX >= 90 0 0.0 0.0 0
DAYS MAX <= 32 28 26.7 1.3 28
DAYS MIN <= 32 29 27.9 1.1 28
DAYS MIN <= 0 12 17.7 -5.7 25
PRECIPITATION (INCHES)
RECORD
MAXIMUM 4.04 2009
MINIMUM 0.01
TOTALS 1.00 0.85 0.15 1.05
DAILY AVG. 0.03 NAN NAN 0.04
DAYS >= .01 15 9.8 5.2 9
DAYS >= .10 4 2.8 1.2 4
DAYS >= .50 0 0.2 -0.2 0
DAYS >= 1.00 0 0.0 0.0 0
GREATEST
24 HR. TOTAL 0.25 02/13 TO 02/13 0.47
DEGREE DAYS
HEATING TOTAL 1715 1781 -66 1944
SINCE 7/1 9619 10091 -472 MM
COOLING TOTAL 0 0 0 0
SINCE 1/1 0 0 0 MM
................................................................
WIND (MPH)
AVERAGE WIND SPEED 14.0
HIGHEST WIND SPEED/DIRECTION 37/090 DATE 02/07
HIGHEST GUST SPEED/DIRECTION 46/100 DATE 02/07
SKY COVER
AVERAGE SKY COVER 0.66
NUMBER OF DAYS FAIR 6
WEATHER CONDITIONS. NUMBER OF DAYS WITH
THUNDERSTORM 0 MIXED PRECIP 0
HEAVY RAIN 0 RAIN 0
LIGHT RAIN 0 FREEZING RAIN 0
LT FREEZING RAIN 0 HAIL 0
HEAVY SNOW 0 SNOW 3
LIGHT SNOW 22 SLEET 0
FOG 26 FOG W/VIS <= 1/4 MILE 0
HAZE 6
- INDICATES NEGATIVE NUMBERS.
R INDICATES RECORD WAS SET OR TIED.
MM INDICATES DATA IS MISSING.
T INDICATES TRACE AMOUNT.
$$