000
CXUS53 KARX 011000
CF6OVS
PRELIMINARY LOCAL CLIMATOLOGICAL DATA (WS FORM: F-6)
STATION: BOSCOBEL_(ASOS) WI
MONTH: NOVEMBER
YEAR: 2023
LATITUDE: 43 9 N
LONGITUDE: 90 41 W
TEMPERATURE IN F: :PCPN: SNOW: WIND :SUNSHINE: SKY :PK WND
================================================================================
1 2 3 4 5 6A 6B 7 8 9 10 11 12 13 14 15 16 17 18
12Z AVG MX 2MIN
DY MAX MIN AVG DEP HDD CDD WTR SNW DPTH SPD SPD DIR MIN PSBL S-S WX SPD DR
================================================================================
1 39 19 29 -15 36 0 0.00 0.0 0 3.7 14 210 M M 4 19 240
2 55 24 40 -3 25 0 0.00 0.0 0 2.3 12 240 M M 0 1 17 240
3 53 27 40 -3 25 0 T 0.0 0 1.3 9 230 M M 4 18 13 220
4 58 30 44 2 21 0 0.00 0.0 0 1.3 7 290 M M 1 18 11 260
5 61 27 44 2 21 0 T 0.0 0 4.1 18 180 M M 4 1 30 190
6 68 47 58 16 7 0 0.00 0.0 0 9.4 20 280 M M 4 34 270
7 54 32 43 2 22 0 T 0.0 0 4.9 14 120 M M 4 1 24 100
8 51 43 47 6 18 0 0.01 0.0 0 4.4 17 290 M M 8 1 33 280
9 55 34 45 5 20 0 0.00 0.0 0 7.1 20 280 M M 2 30 270
10 46 24 35 -5 30 0 0.00 0.0 0 5.3 14 310 M M 3 8 20 320
11 47 22 35 -4 30 0 0.00 0.0 0 1.6 12 210 M M 7 128 17 190
12 63 35 49 10 16 0 0.00 0.0 0 7.5 18 200 M M 2 30 220
13 61 26 44 6 21 0 0.00 0.0 0 4.3 13 300 M M 0 18 19 310
14 64 21 43 5 22 0 0.00 0.0 0 5.2 18 210 M M 0 31 210
15 67 32 50 12 15 0 0.00 0.0 0 2.2 10 210 M M 0 18 14 200
16 69 30 50 13 15 0 0.00 0.0 0 8.3 23 300 M M 3 1 36 210
17 53 23 38 1 27 0 T 0.0 0 4.8 18 340 M M 1 8 30 330
18 59 21 40 4 25 0 0.00 0.0 0 2.5 14 270 M M 0 8 21 270
19 58 24 41 5 24 0 0.00 0.0 0 2.3 8 50 M M 0 1 13 70
20 50 38 44 9 21 0 0.02 0.0 0 6.3 13 70 M M 8 23 40
21 51 37 44 9 21 0 0.03 0.0 0 6.8 12 360 M M 7 23 330
22 47 27 37 3 28 0 0.00 0.0 0 5.1 9 250 M M 1 M M
23 43 25 34 0 31 0 0.00 0.0 0 6.3 13 320 M M 0 21 10
24 33 18 26 -8 39 0 0.00 0.0 0 4.2 9 10 M M 0 8 M M
25 35 19 27 -6 38 0 T M 0 1.5 10 250 M M 8 1 14 270
26 32 25 29 -4 36 0 0.09 M M 5.2 15 310 M M 9 1 32 280
27 25 18 22 -10 43 0 T M M 9.5 15 270 M M 7 25 300
28 24 7 16 -16 49 0 0.00 0.0 M 5.8 10 220 M M 2 M M
29 46 17 32 0 33 0 0.00 0.0 M 4.5 9 220 M M 0 18 M M
30 48 18 33 2 32 0 0.00 0.0 0 2.6 9 290 M M 0 18 M M
================================================================================
SM 1515 790 791 0 0.15 0.0 140.3 M 89
================================================================================
AV 50.5 26.3 4.7 FASTST M M 3 MAX(MPH)
MISC ----> 23 300 36 210
================================================================================
NOTES:
# LAST OF SEVERAL OCCURRENCES
COLUMN 17 PEAK WIND IN M.P.H.
PRELIMINARY LOCAL CLIMATOLOGICAL DATA (WS FORM: F-6) , PAGE 2
STATION: BOSCOBEL_(ASOS) WI
MONTH: NOVEMBER
YEAR: 2023
LATITUDE: 43 9 N
LONGITUDE: 90 41 W
[TEMPERATURE DATA] [PRECIPITATION DATA] SYMBOLS USED IN COLUMN 16
AVERAGE MONTHLY: 38.4 TOTAL FOR MONTH: 0.15 1 = FOG OR MIST
DPTR FM NORMAL: 1.1 DPTR FM NORMAL: -1.72 2 = FOG REDUCING VISIBILITY
HIGHEST: 69 ON 16 GRTST 24HR 0.09 ON 25-26 TO 1/4 MILE OR LESS
LOWEST: 7 ON 28 3 = THUNDER
SNOW, ICE PELLETS, HAIL 4 = ICE PELLETS
TOTAL MONTH: 0.0 INCH 5 = HAIL
GRTST 24HR 0.0 6 = FREEZING RAIN OR DRIZZLE
GRTST DEPTH: 0 7 = DUSTSTORM OR SANDSTORM:
VSBY 1/2 MILE OR LESS
8 = SMOKE OR HAZE
[NO. OF DAYS WITH] [WEATHER - DAYS WITH] 9 = BLOWING SNOW
X = TORNADO
MAX 32 OR BELOW: 3 0.01 INCH OR MORE: 4
MAX 90 OR ABOVE: 0 0.10 INCH OR MORE: 0
MIN 32 OR BELOW: 24 0.50 INCH OR MORE: 0
MIN 0 OR BELOW: 0 1.00 INCH OR MORE: 0
[HDD (BASE 65) ]
TOTAL THIS MO. 791 CLEAR (SCALE 0-3) 17
DPTR FM NORMAL -39 PTCLDY (SCALE 4-7) 11
TOTAL FM JUL 1 1234 CLOUDY (SCALE 8-10) 2
DPTR FM NORMAL -204
[CDD (BASE 65) ]
TOTAL THIS MO. 0
DPTR FM NORMAL 0 [PRESSURE DATA]
TOTAL FM JAN 1 865 HIGHEST SLP 30.64 ON 24
DPTR FM NORMAL 127 LOWEST SLP 29.60 ON 6
[REMARKS]
#FINAL-11-23#