000
CXUS56 KLOX 011155
CF6OXR
PRELIMINARY LOCAL CLIMATOLOGICAL DATA (WS FORM: F-6)
STATION: OXNARD AIRPORT CA
MONTH: SEPTEMBER
YEAR: 2022
LATITUDE: 34 12 N
LONGITUDE: 119 12 W
TEMPERATURE IN F: :PCPN: SNOW: WIND :SUNSHINE: SKY :PK WND
================================================================================
1 2 3 4 5 6A 6B 7 8 9 10 11 12 13 14 15 16 17 18
12Z AVG MX 2MIN
DY MAX MIN AVG DEP HDD CDD WTR SNW DPTH SPD SPD DIR MIN PSBL S-S WX SPD DR
================================================================================
1 74 62 68 1 0 3 0.00 M M 7.1 13 270 M M 0 1 18 270
2 77 63 70 3 0 5 0.00 M M 7.1 14 280 M M 0 18 22 280
3 85 64 75 8 0 10 0.00 M M 5.1 16 270 M M 0 18 19 270
4 95 69 82 15 0 17 0.00 M M 7.4 16 280 M M 1 21 300
5 85 70 78 11 0 13 0.00 M M 4.6 12 210 M M 0 15 200
6 83 67 75 8 0 10 0.00 M M 5.2 12 270 M M 1 12 16 260
7 82 66 74 7 0 9 0.00 M M 6.6 18 280 M M 0 1 24 290
8 83 65 74 7 0 9 0.00 M M 5.5 16 280 M M 1 1 23 170
9 94 69 82 15 0 17 0.04 M M 6.1 15 280 M M 4 1 20 290
10 82 70 76 9 0 11 0.13 M M 7.6 16 160 M M 9 1 26 150
11 83 71 77 10 0 12 0.00 M M 5.5 17 280 M M 5 1 20 280
12 81 67 74 7 0 9 T M M 6.2 13 270 M M 3 17 250
13 76 65 71 4 0 6 0.00 M M 5.9 15 270 M M 2 1 20 270
14 76 60 68 1 0 3 0.00 M M 6.3 16 270 M M 0 23 260
15 75 59 67 0 0 2 0.00 M M 7.0 18 270 M M 1 23 260
16 75 59 67 0 0 2 0.00 M M 5.8 16 270 M M 0 21 230
17 74 59 67 0 0 2 0.00 M M 6.6 17 270 M M 3 23 260
18 73 61 67 0 0 2 0.00 M M 5.1 14 210 M M 3 19 210
19 76 58 67 0 0 2 T M M 7.5 14 230 M M 3 28 180
20 73 62 68 2 0 3 0.22 M M 8.5 18 280 M M 5 18 23 280
21 74 57 66 0 0 1 0.00 M M 8.3 20 280 M M 0 25 250
22 79 58 69 3 0 4 0.00 M M 6.9 15 280 M M 0 1 21 270
23 79 58 69 3 0 4 0.00 M M 4.3 13 270 M M 0 17 260
24 73 59 66 0 0 1 0.00 M M 8.2 20 270 M M 0 28 280
25 74 61 68 2 0 3 0.00 M M 8.9 21 270 M M 1 27 280
26 74 60 67 1 0 2 0.00 M M 7.7 18 270 M M 0 1 22 280
27 74 61 68 2 0 3 0.00 M M 5.8 16 290 M M 0 1 20 260
28 77 61 69 3 0 4 0.00 M M 4.5 14 280 M M 0 17 270
29 72 59 66 0 0 1 0.00 M M 5.1 14 270 M M 3 1 19 270
30 72 58 65 -1 0 0 0.00 M M 5.8 13 260 M M 7 1 19 290
================================================================================
SM 2350 1878 0 170 0.39 M 192.2 M 52
================================================================================
AV 78.3 62.6 6.4 FASTST M M 2 MAX(MPH)
MISC ----> 21 270 # 28 180
================================================================================
NOTES:
# LAST OF SEVERAL OCCURRENCES
COLUMN 17 PEAK WIND IN M.P.H.
PRELIMINARY LOCAL CLIMATOLOGICAL DATA (WS FORM: F-6) , PAGE 2
STATION: OXNARD AIRPORT CA
MONTH: SEPTEMBER
YEAR: 2022
LATITUDE: 34 12 N
LONGITUDE: 119 12 W
[TEMPERATURE DATA] [PRECIPITATION DATA] SYMBOLS USED IN COLUMN 16
AVERAGE MONTHLY: 70.5 TOTAL FOR MONTH: 0.39 1 = FOG OR MIST
DPTR FM NORMAL: 3.9 DPTR FM NORMAL: 0.31 2 = FOG REDUCING VISIBILITY
HIGHEST: 95 ON 4 GRTST 24HR 0.22 ON 19-20 TO 1/4 MILE OR LESS
LOWEST: 57 ON 21 3 = THUNDER
SNOW, ICE PELLETS, HAIL 4 = ICE PELLETS
TOTAL MONTH: M 5 = HAIL
GRTST 24HR M ON M 6 = FREEZING RAIN OR DRIZZLE
GRTST DEPTH: M ON M 7 = DUSTSTORM OR SANDSTORM:
VSBY 1/2 MILE OR LESS
8 = SMOKE OR HAZE
[NO. OF DAYS WITH] [WEATHER - DAYS WITH] 9 = BLOWING SNOW
X = TORNADO
MAX 32 OR BELOW: 0 0.01 INCH OR MORE: 3
MAX 90 OR ABOVE: 2 0.10 INCH OR MORE: 2
MIN 32 OR BELOW: 0 0.50 INCH OR MORE: 0
MIN 0 OR BELOW: 0 1.00 INCH OR MORE: 0
[HDD (BASE 65) ]
TOTAL THIS MO. 0 CLEAR (SCALE 0-3) 23
DPTR FM NORMAL -20 PTCLDY (SCALE 4-7) 6
TOTAL FM JUL 1 28 CLOUDY (SCALE 8-10) 1
DPTR FM NORMAL -28
[CDD (BASE 65) ]
TOTAL THIS MO. 170
DPTR FM NORMAL 102 [PRESSURE DATA]
TOTAL FM JAN 1 305 HIGHEST SLP 30.03 ON 24
DPTR FM NORMAL 57 LOWEST SLP 29.49 ON 9
[REMARKS]
#FINAL-09-22#