000
CXUS56 KLOX 011255
CF6OXR
PRELIMINARY LOCAL CLIMATOLOGICAL DATA (WS FORM: F-6)
STATION: OXNARD AIRPORT CA
MONTH: NOVEMBER
YEAR: 2021
LATITUDE: 34 12 N
LONGITUDE: 119 12 W
TEMPERATURE IN F: :PCPN: SNOW: WIND :SUNSHINE: SKY :PK WND
================================================================================
1 2 3 4 5 6A 6B 7 8 9 10 11 12 13 14 15 16 17 18
12Z AVG MX 2MIN
DY MAX MIN AVG DEP HDD CDD WTR SNW DPTH SPD SPD DIR MIN PSBL S-S WX SPD DR
================================================================================
1 63 53 58 -4 7 0 0.00 M M 4.1 15 290 M M 2 18 23 320
2 65 55 60 -2 5 0 0.00 M M 3.5 10 250 M M 7 18 13 240
3 63 54 59 -3 6 0 0.00 M M 4.1 12 280 M M 10 128 15 280
4 66 56 61 -1 4 0 0.00 M M 3.5 9 240 M M 6 12 17 230
5 63 54 59 -3 6 0 0.00 M M 3.5 12 280 M M 9 128 15 270
6 62 54 58 -4 7 0 0.00 M M 3.9 12 280 M M 8 18 16 270
7 63 51 57 -5 8 0 0.00 M M 3.2 9 280 M M 6 18 14 260
8 64 49 57 -4 8 0 0.00 M M 2.5 10 240 M M 3 18 15 240
9 63 51 57 -4 8 0 0.01 M M 4.0 13 260 M M 7 18 15 260
10 67 53 60 -1 5 0 0.00 M M M M M M M 3 128 M M
11 90 54 72 11 0 7 0.00 M M 6.5 17 80 M M 0 22 70
12 94 57 76 15 0 11 0.00 M M 7.1 20 300 M M 0 23 300
13 85 57 71 11 0 6 0.00 M M 4.9 12 40 M M 0 15 40
14 81 54 68 8 0 3 0.00 M M 4.5 8 280 M M 0 M M
15 70 53 62 2 3 0 0.00 M M 6.3 14 260 M M 4 1 16 290
16 63 54 59 -1 6 0 0.00 M M 3.0 10 250 M M 7 18 25 60
17 64 51 58 -2 7 0 0.00 M M 4.0 12 270 M M 5 18 15 270
18 62 48 55 -5 10 0 0.00 M M 3.7 13 270 M M 3 18 16 240
19 62 50 56 -3 9 0 0.00 M M 4.6 12 250 M M 7 18 15 290
20 62 49 56 -3 9 0 0.00 M M 3.8 12 280 M M 4 18 18 40
21 83 48 66 7 0 1 0.00 M M 15.2 29 60 M M 0 1 39 70
22 85 58 72 13 0 7 0.00 M M 9.4 20 70 M M 0 25 60
23 69 51 60 1 5 0 0.00 M M 4.2 13 160 M M 0 17 180
24 68 46 57 -2 8 0 0.00 M M 9.1 35 70 M M 0 41 80
25 77 54 66 8 0 1 0.00 M M 20.4 38 80 M M 0 48 60
26 74 46 60 2 5 0 0.00 M M 6.4 22 80 M M 0 30 80
27 71 48 60 2 5 0 0.00 M M 5.8 12 180 M M 0 8 16 40
28 66 46 56 -2 9 0 0.00 M M 4.1 14 280 M M 2 12 16 260
29 68 44 56 -2 9 0 0.00 M M 3.5 10 280 M M 3 12 M M
30 63 48 56 -2 9 0 0.00 M M 2.8 10 280 M M 6 128 13 280
================================================================================
SM 2096 1546 158 36 0.01 M 161.6 M 102
================================================================================
AV 69.9 51.5 5.6 FASTST M M 3 MAX(MPH)
MISC ----> 38 80 48 60
================================================================================
NOTES:
# LAST OF SEVERAL OCCURRENCES
COLUMN 17 PEAK WIND IN M.P.H.
PRELIMINARY LOCAL CLIMATOLOGICAL DATA (WS FORM: F-6) , PAGE 2
STATION: OXNARD AIRPORT CA
MONTH: NOVEMBER
YEAR: 2021
LATITUDE: 34 12 N
LONGITUDE: 119 12 W
[TEMPERATURE DATA] [PRECIPITATION DATA] SYMBOLS USED IN COLUMN 16
AVERAGE MONTHLY: 60.7 TOTAL FOR MONTH: 0.01 1 = FOG OR MIST
DPTR FM NORMAL: 0.6 DPTR FM NORMAL: -0.70 2 = FOG REDUCING VISIBILITY
HIGHEST: 94 ON 12 GRTST 24HR 0.01 ON 9- 9 TO 1/4 MILE OR LESS
LOWEST: 44 ON 29 3 = THUNDER
SNOW, ICE PELLETS, HAIL 4 = ICE PELLETS
TOTAL MONTH: M 5 = HAIL
GRTST 24HR M ON M 6 = FREEZING RAIN OR DRIZZLE
GRTST DEPTH: M ON M 7 = DUSTSTORM OR SANDSTORM:
VSBY 1/2 MILE OR LESS
8 = SMOKE OR HAZE
[NO. OF DAYS WITH] [WEATHER - DAYS WITH] 9 = BLOWING SNOW
X = TORNADO
MAX 32 OR BELOW: 0 0.01 INCH OR MORE: 1
MAX 90 OR ABOVE: 2 0.10 INCH OR MORE: 0
MIN 32 OR BELOW: 0 0.50 INCH OR MORE: 0
MIN 0 OR BELOW: 0 1.00 INCH OR MORE: 0
[HDD (BASE 65) ]
TOTAL THIS MO. 158 CLEAR (SCALE 0-3) 16
DPTR FM NORMAL -9 PTCLDY (SCALE 4-7) 12
TOTAL FM JUL 1 286 CLOUDY (SCALE 8-10) 2
DPTR FM NORMAL 4
[CDD (BASE 65) ]
TOTAL THIS MO. 36
DPTR FM NORMAL 18 [PRESSURE DATA]
TOTAL FM JAN 1 330 HIGHEST SLP 30.31 ON 25
DPTR FM NORMAL 13 LOWEST SLP 29.89 ON 23
[REMARKS]
#FINAL-11-21#