000
CXUS53 KDDC 011452
CF6P28
PRELIMINARY LOCAL CLIMATOLOGICAL DATA (WS FORM: F-6)
STATION: MEDICINE LODGE KS
MONTH: NOVEMBER
YEAR: 2022
LATITUDE: 37 17 N
LONGITUDE: 98 35 W
TEMPERATURE IN F: :PCPN: SNOW: WIND :SUNSHINE: SKY :PK WND
================================================================================
1 2 3 4 5 6A 6B 7 8 9 10 11 12 13 14 15 16 17 18
12Z AVG MX 2MIN
DY MAX MIN AVG DEP HDD CDD WTR SNW DPTH SPD SPD DIR MIN PSBL S-S WX SPD DR
================================================================================
1 79 46 63 11 2 0 0.00 0.0 0 8.9 23 160 M M 0 33 160
2 77 52 65 14 0 0 0.00 0.0 0 14.1 31 170 M M 0 44 190
3 75 57 66 15 0 1 0.01 0.0 0 14.6 28 180 M M 0 39 180
4 66 37 52 2 13 0 0.73 0.0 0 16.2 28 350 M M 0 41 350
5 60 32 46 -4 19 0 0.02 0.0 0 8.7 23 190 M M 0 33 210
6 65 37 51 1 14 0 0.00 0.0 0 10.1 21 30 M M 0 29 40
7 63 45 54 5 11 0 0.00 0.0 0 10.9 22 90 M M 0 33 80
8 73 57 65 16 0 0 0.08 0.0 0 9.8 17 170 M M 0 25 150
9 76 64 70 22 0 5 0.05 0.0 0 14.8 25 170 M M 0 38 170
10 69 40 55 7 10 0 0.00 0.0 0 16.8 28 350 M M 0 39 10
11 41 23 32 -16 33 0 0.00 0.0 0 13.9 29 10 M M 0 41 10
12 48 16 32 -15 33 0 0.00 0.0 0 4.2 10 310 M M 0 15 310
13 54 24 39 -8 26 0 0.00 0.0 0 12.2 26 160 M M 0 39 170
14 38 27 33 -13 32 0 0.03 0.1 0 8.9 17 360 M M 0 22 340
15 46 18 32 -14 33 0 0.00 0.0 T 4.6 14 350 M M 0 19 340
16 44 20 32 -13 33 0 0.00 0.0 0 5.8 16 340 M M 0 28 310
17 50 17 34 -11 31 0 0.00 0.0 0 10.1 26 10 M M 0 36 360
18 33 15 24 -20 41 0 0.00 0.0 0 7.9 17 10 M M 0 23 360
19 44 11 28 -16 37 0 0.00 0.0 0 5.8 18 340 M M 0 28 340
20 54 12 33 -11 32 0 0.00 0.0 0 7.0 18 180 M M 0 26 190
21 60 18 39 -4 26 0 0.00 0.0 0 2.5 10 170 M M 0 14 160
22 64 22 43 0 22 0 0.00 0.0 0 5.5 16 170 M M 0 22 180
23 60 34 47 5 18 0 0.00 0.0 0 7.6 17 170 M M 0 26 170
24 53 38 46 4 19 0 0.00 0.0 0 11.2 24 10 M M 0 33 10
25 57 31 44 2 21 0 0.00 0.0 0 6.1 16 360 M M 0 22 360
26 48 29 39 -2 26 0 0.15 0.0 0 4.6 13 330 M M 0 16 360
27 49 28 39 -2 26 0 0.02 0.0 0 10.7 24 350 M M 0 35 360
28 56 26 41 1 24 0 0.00 0.0 0 9.2 21 170 M M 0 29 180
29 50 23 37 -3 28 0 0.00 0.0 0 14.6 26 340 M M 0 37 350
30 44 15 30 -10 35 0 0.00 0.0 0 5.8 16 170 M M 0 21 170
================================================================================
SM 1696 914 645 6 1.09 0.1 283.1 M 0
================================================================================
AV 56.5 30.5 9.4 FASTST M M 0 MAX(MPH)
MISC ----> 31 170 44 190
================================================================================
NOTES:
# LAST OF SEVERAL OCCURRENCES
COLUMN 17 PEAK WIND IN M.P.H.
PRELIMINARY LOCAL CLIMATOLOGICAL DATA (WS FORM: F-6) , PAGE 2
STATION: MEDICINE LODGE KS
MONTH: NOVEMBER
YEAR: 2022
LATITUDE: 37 17 N
LONGITUDE: 98 35 W
[TEMPERATURE DATA] [PRECIPITATION DATA] SYMBOLS USED IN COLUMN 16
AVERAGE MONTHLY: 43.5 TOTAL FOR MONTH: 1.09 1 = FOG OR MIST
DPTR FM NORMAL: -2.1 DPTR FM NORMAL: -0.01 2 = FOG REDUCING VISIBILITY
HIGHEST: 79 ON 1 GRTST 24HR 0.74 ON 4- 5 TO 1/4 MILE OR LESS
LOWEST: 11 ON 19 3 = THUNDER
SNOW, ICE PELLETS, HAIL 4 = ICE PELLETS
TOTAL MONTH: 0.1 INCH 5 = HAIL
GRTST 24HR 0.1 ON 14-14 6 = FREEZING RAIN OR DRIZZLE
GRTST DEPTH: T ON 15 7 = DUSTSTORM OR SANDSTORM:
VSBY 1/2 MILE OR LESS
8 = SMOKE OR HAZE
[NO. OF DAYS WITH] [WEATHER - DAYS WITH] 9 = BLOWING SNOW
X = TORNADO
MAX 32 OR BELOW: 0 0.01 INCH OR MORE: 8
MAX 90 OR ABOVE: 0 0.10 INCH OR MORE: 2
MIN 32 OR BELOW: 19 0.50 INCH OR MORE: 1
MIN 0 OR BELOW: 0 1.00 INCH OR MORE: 0
[HDD (BASE 65) ]
TOTAL THIS MO. 645
DPTR FM NORMAL 62
TOTAL FM JUL 1 834
DPTR FM NORMAL -22
[CDD (BASE 65) ]
TOTAL THIS MO. 6
DPTR FM NORMAL 5 [PRESSURE DATA]
TOTAL FM JAN 1 2207 HIGHEST SLP 30.60 ON 18
DPTR FM NORMAL 386 LOWEST SLP 29.61 ON 5
[REMARKS]
#FINAL-11-22#